{"id":321,"date":"2022-04-25T12:29:01","date_gmt":"2022-04-25T10:29:01","guid":{"rendered":"https:\/\/site.educa.madrid.org\/ies.neruda.leganes\/?page_id=321"},"modified":"2025-09-14T12:11:36","modified_gmt":"2025-09-14T10:11:36","slug":"ampa","status":"publish","type":"page","link":"https:\/\/site.educa.madrid.org\/ies.neruda.leganes\/index.php\/familias\/ampa\/","title":{"rendered":"AMPA"},"content":{"rendered":"\n<h3 class=\"wp-block-heading has-text-align-center\"><strong>Tel\u00e9fono<\/strong>: 644682583<\/h3>\n\n\n\n<h3 class=\"wp-block-heading has-text-align-center\"><strong>Correo electr\u00f3nico<\/strong>: ampa.neruda.leganes@gmail.com<\/h3>\n\n\n\n<h1 class=\"wp-block-heading has-text-align-center\"><\/h1>\n\n\n\n<p>Leer m\u00e1s:&nbsp;<a href=\"https:\/\/www.iespabloneruda.com\/ampa\/?utm_source=copy&amp;utm_medium=paste&amp;utm_campaign=copypaste&amp;utm_content=https%3A%2F%2Fwww.iespabloneruda.com%2Fampa%2F\">https:\/\/www.iespabloneruda.com\/ampa\/<\/a><\/p>\n","protected":false},"excerpt":{"rendered":"<p>Tel\u00e9fono: 644682583 Correo electr\u00f3nico: ampa.neruda.leganes@gmail.com Leer m\u00e1s:&nbsp;https:\/\/www.iespabloneruda.com\/ampa\/<\/p>\n","protected":false},"author":2,"featured_media":0,"parent":292,"menu_order":0,"comment_status":"closed","ping_status":"closed","template":"","meta":{"footnotes":""},"folder":[],"class_list":["post-321","page","type-page","status-publish","hentry"],"rttpg_featured_image_url":null,"rttpg_author":{"display_name":"tic.ies.neruda.leganes","author_link":"https:\/\/site.educa.madrid.org\/ies.neruda.leganes\/index.php\/author\/cuenta_tic-ies-neruda-leganes\/"},"rttpg_comment":0,"rttpg_category":false,"rttpg_excerpt":"Tel\u00e9fono: 644682583 Correo electr\u00f3nico: ampa.neruda.leganes@gmail.com Leer m\u00e1s:&nbsp;https:\/\/www.iespabloneruda.com\/ampa\/","post_mailing_queue_ids":[],"_links":{"self":[{"href":"https:\/\/site.educa.madrid.org\/ies.neruda.leganes\/index.php\/wp-json\/wp\/v2\/pages\/321","targetHints":{"allow":["GET"]}}],"collection":[{"href":"https:\/\/site.educa.madrid.org\/ies.neruda.leganes\/index.php\/wp-json\/wp\/v2\/pages"}],"about":[{"href":"https:\/\/site.educa.madrid.org\/ies.neruda.leganes\/index.php\/wp-json\/wp\/v2\/types\/page"}],"author":[{"embeddable":true,"href":"https:\/\/site.educa.madrid.org\/ies.neruda.leganes\/index.php\/wp-json\/wp\/v2\/users\/2"}],"replies":[{"embeddable":true,"href":"https:\/\/site.educa.madrid.org\/ies.neruda.leganes\/index.php\/wp-json\/wp\/v2\/comments?post=321"}],"version-history":[{"count":5,"href":"https:\/\/site.educa.madrid.org\/ies.neruda.leganes\/index.php\/wp-json\/wp\/v2\/pages\/321\/revisions"}],"predecessor-version":[{"id":3946,"href":"https:\/\/site.educa.madrid.org\/ies.neruda.leganes\/index.php\/wp-json\/wp\/v2\/pages\/321\/revisions\/3946"}],"up":[{"embeddable":true,"href":"https:\/\/site.educa.madrid.org\/ies.neruda.leganes\/index.php\/wp-json\/wp\/v2\/pages\/292"}],"wp:attachment":[{"href":"https:\/\/site.educa.madrid.org\/ies.neruda.leganes\/index.php\/wp-json\/wp\/v2\/media?parent=321"}],"wp:term":[{"taxonomy":"folder","embeddable":true,"href":"https:\/\/site.educa.madrid.org\/ies.neruda.leganes\/index.php\/wp-json\/wp\/v2\/folder?post=321"}],"curies":[{"name":"wp","href":"https:\/\/api.w.org\/{rel}","templated":true}]}}