{"id":331,"date":"2022-04-25T12:36:18","date_gmt":"2022-04-25T10:36:18","guid":{"rendered":"https:\/\/site.educa.madrid.org\/ies.neruda.leganes\/?page_id=331"},"modified":"2022-05-03T13:54:53","modified_gmt":"2022-05-03T11:54:53","slug":"refuerza","status":"publish","type":"page","link":"https:\/\/site.educa.madrid.org\/ies.neruda.leganes\/index.php\/proyectos\/refuerza\/","title":{"rendered":"Refuerza"},"content":{"rendered":"\n<h4 class=\"wp-block-heading\">El Programa REFUERZA tiene como finalidad asentar el aprendizaje de los alumnos con problemas de t\u00e9cnicas, h\u00e1bitos y conocimientos acad\u00e9micos en la E.S.O.&nbsp;<\/h4>\n\n\n\n<h4 class=\"wp-block-heading\">Los profesores encargados de esta actividad son, en su mayor\u00eda, exalumnos del centro que terminaron sus estudios con esplendidos expedientes acad\u00e9micos.<\/h4>\n\n\n\n<h4 class=\"wp-block-heading\">Desde el mes de octubre se imparten los siguientes refuerzos:<\/h4>\n\n\n\n<figure class=\"wp-block-table\"><table><thead><tr><td>&nbsp;<\/td><td>&nbsp;<\/td><td>&nbsp;<\/td><td>&nbsp;<\/td><td>&nbsp;<\/td><\/tr><\/thead><tbody><tr><td>&nbsp;<\/td><td>Lunes<\/td><td>Martes<\/td><td>Mi\u00e9rcoles<\/td><td>Jueves<\/td><\/tr><tr><td>16.30-18.30<\/td><td>Matem\u00e1ticas 3\u00ba y 4\u00ba<br>CCSS 1\u00ba y 2\u00ba<\/td><td>Lengua 1\u00ba y 2\u00ba<br>Ingl\u00e9s 3\u00ba y 4\u00ba<\/td><td>F\u00edsica y Qu\u00edmica 3\u00ba y 4\u00ba<\/td><td>Matem\u00e1ticas 1\u00ba y 2\u00ba<br>Lengua 3\u00ba y 4\u00ba<br>Ingl\u00e9s 1\u00ba y 2\u00ba<\/td><\/tr><\/tbody><\/table><\/figure>\n\n\n\n<h4 class=\"wp-block-heading\"><strong>Los alumnos son propuestos por los profesores de la materia y las familias podr\u00e1n confirmar dicha solicitud<\/strong><\/h4>\n\n\n\n<p><\/p>\n","protected":false},"excerpt":{"rendered":"<p>El Programa REFUERZA tiene como finalidad asentar el aprendizaje de los alumnos con problemas de t\u00e9cnicas, h\u00e1bitos y conocimientos [&hellip;]<\/p>\n","protected":false},"author":2,"featured_media":0,"parent":229,"menu_order":0,"comment_status":"closed","ping_status":"closed","template":"","meta":{"footnotes":""},"folder":[],"class_list":["post-331","page","type-page","status-publish","hentry"],"rttpg_featured_image_url":null,"rttpg_author":{"display_name":"tic.ies.neruda.leganes","author_link":"https:\/\/site.educa.madrid.org\/ies.neruda.leganes\/index.php\/author\/cuenta_tic-ies-neruda-leganes\/"},"rttpg_comment":0,"rttpg_category":false,"rttpg_excerpt":"El Programa REFUERZA tiene como finalidad asentar el aprendizaje de los alumnos con problemas de t\u00e9cnicas, h\u00e1bitos y conocimientos [&hellip;]","post_mailing_queue_ids":[],"_links":{"self":[{"href":"https:\/\/site.educa.madrid.org\/ies.neruda.leganes\/index.php\/wp-json\/wp\/v2\/pages\/331","targetHints":{"allow":["GET"]}}],"collection":[{"href":"https:\/\/site.educa.madrid.org\/ies.neruda.leganes\/index.php\/wp-json\/wp\/v2\/pages"}],"about":[{"href":"https:\/\/site.educa.madrid.org\/ies.neruda.leganes\/index.php\/wp-json\/wp\/v2\/types\/page"}],"author":[{"embeddable":true,"href":"https:\/\/site.educa.madrid.org\/ies.neruda.leganes\/index.php\/wp-json\/wp\/v2\/users\/2"}],"replies":[{"embeddable":true,"href":"https:\/\/site.educa.madrid.org\/ies.neruda.leganes\/index.php\/wp-json\/wp\/v2\/comments?post=331"}],"version-history":[{"count":3,"href":"https:\/\/site.educa.madrid.org\/ies.neruda.leganes\/index.php\/wp-json\/wp\/v2\/pages\/331\/revisions"}],"predecessor-version":[{"id":466,"href":"https:\/\/site.educa.madrid.org\/ies.neruda.leganes\/index.php\/wp-json\/wp\/v2\/pages\/331\/revisions\/466"}],"up":[{"embeddable":true,"href":"https:\/\/site.educa.madrid.org\/ies.neruda.leganes\/index.php\/wp-json\/wp\/v2\/pages\/229"}],"wp:attachment":[{"href":"https:\/\/site.educa.madrid.org\/ies.neruda.leganes\/index.php\/wp-json\/wp\/v2\/media?parent=331"}],"wp:term":[{"taxonomy":"folder","embeddable":true,"href":"https:\/\/site.educa.madrid.org\/ies.neruda.leganes\/index.php\/wp-json\/wp\/v2\/folder?post=331"}],"curies":[{"name":"wp","href":"https:\/\/api.w.org\/{rel}","templated":true}]}}