{"id":1291,"date":"2020-11-26T17:29:45","date_gmt":"2020-11-26T17:29:45","guid":{"rendered":"https:\/\/site.educa.madrid.org\/ies.newton.madrid\/?page_id=1291"},"modified":"2025-01-28T11:37:20","modified_gmt":"2025-01-28T10:37:20","slug":"a-m-p-a","status":"publish","type":"page","link":"https:\/\/site.educa.madrid.org\/ies.newton.madrid\/index.php\/a-m-p-a\/","title":{"rendered":"A.M.P.A."},"content":{"rendered":"\n<p class=\"has-text-align-center\"><strong>AMPA I.E.S. ISAAC NEWTON &#8211; JUNTOS POR LA EDUCACI\u00d3N<\/strong><\/p>\n\n\n\n<div style=\"height:38px\" aria-hidden=\"true\" class=\"wp-block-spacer\"><\/div>\n\n\n\n<div data-wp-interactive=\"core\/file\" class=\"wp-block-file aligncenter\"><object data-wp-bind--hidden=\"!state.hasPdfPreview\" hidden class=\"wp-block-file__embed\" data=\"https:\/\/site.educa.madrid.org\/ies.newton.madrid\/\/wp-content\/uploads\/ies.newton.madrid\/2025\/01\/Folleto-Asociacion-de-Madres-y-Padres-AMPA-enero-2025-2.pdf\" type=\"application\/pdf\" style=\"width:100%;height:600px\" aria-label=\"Incrustado de Folleto-Asociacion-de-Madres-y-Padres-AMPA-enero-2025-2.\"><\/object><a id=\"wp-block-file--media-05c5c83d-ef5a-44e9-ae2b-a6561cacf1e3\" href=\"https:\/\/site.educa.madrid.org\/ies.newton.madrid\/\/wp-content\/uploads\/ies.newton.madrid\/2025\/01\/Folleto-Asociacion-de-Madres-y-Padres-AMPA-enero-2025-2.pdf\">Folleto-Asociacion-de-Madres-y-Padres-AMPA-enero-2025-2<\/a><a href=\"https:\/\/site.educa.madrid.org\/ies.newton.madrid\/\/wp-content\/uploads\/ies.newton.madrid\/2025\/01\/Folleto-Asociacion-de-Madres-y-Padres-AMPA-enero-2025-2.pdf\" class=\"wp-block-file__button wp-element-button\" download aria-describedby=\"wp-block-file--media-05c5c83d-ef5a-44e9-ae2b-a6561cacf1e3\">Descarga<\/a><\/div>\n\n\n\n<div style=\"height:39px\" aria-hidden=\"true\" class=\"wp-block-spacer\"><\/div>\n\n\n\n<p>La participaci\u00f3n de los padres en la educaci\u00f3n de nuestros hijos es un deber que forma parte de nuestras responsabilidades reconocido por Ley, y que supone adquirir un compromiso para conseguir una&nbsp;<strong>educaci\u00f3n p\u00fablica de calidad.<\/strong><\/p>\n\n\n\n<p>Con nuestra representaci\u00f3n en el Consejo Escolar y la actividad del AMPA promovemos:<\/p>\n\n\n\n<ul class=\"wp-block-list\">\n<li><strong>Colaboraci\u00f3n<\/strong>\u00a0en las actividades educativas del centro, potenciar las propuestas del Equipo Directivo, los profesores, estudiantes y padres.<\/li>\n\n\n\n<li><strong>El di\u00e1logo y colaboraci\u00f3n entre los miembros de la Comunidad Educativa<\/strong>, profesores, alumnos y padres.<\/li>\n\n\n\n<li><strong>Actividades y proyectos<\/strong>\u00a0dentro del IES a propuesta de los padres, alumnos o el centro.<\/li>\n\n\n\n<li><strong>Colaboramos con otras asociaciones,<\/strong>\u00a0como la Asociaci\u00f3n de estudiantes del centro, otras Ampas y asociaciones de vecinos de la zona.<\/li>\n\n\n\n<li><strong>Somos un centro de integraci\u00f3n y estamos comprometidos con ella<\/strong>\u00a0con la constituci\u00f3n de un grupo de padres-madres y\u00a0 alumn@s de integraci\u00f3n.<\/li>\n<\/ul>\n\n\n\n<p><strong>Como padre\/madre del IES Isaac Newton necesitamos tu participaci\u00f3n.<\/strong><\/p>\n\n\n\n<p>\u00a1<strong>Porque la educaci\u00f3n nos importa, te esperamos!<\/strong><\/p>\n\n\n\n<p><strong>\u00a1Es el futuro de nuestros hijos!<\/strong><\/p>\n\n\n\n<p><strong>Contacta con nosotros, necesitamos tus ideas y entusiasmo<\/strong><\/p>\n\n\n\n<ul class=\"wp-block-list\">\n<li>-Hazte socio y \u00fanete a nuestra AMPA a trav\u00e9s del siguiente enlace:\u00a0<span class=\"has-inline-color has-vivid-cyan-blue-color\"><strong><a href=\"https:\/\/bit.ly\/3fttioG\" target=\"_blank\" rel=\"noreferrer noopener\">https:\/\/bit.ly\/3fttioG<\/a>\u00a0<\/strong><\/span><\/li>\n<\/ul>\n\n\n\n<ul class=\"wp-block-list\">\n<li>Es necesario abonar una cuota anual de 18 \u20ac por familia en la cuenta\u00a0ES18 0182 9060 9002 0235 3541 (en el asunto indica los apellidos del alumno)\u00a0<\/li>\n<\/ul>\n\n\n\n<ul class=\"wp-block-list\">\n<li>Date de alta en\u00a0<strong>nuestro BLOG<\/strong>\u00a0y recibe la informaci\u00f3n en tu correo:<a href=\"http:\/\/ampaiesnewton.blogspot.com.es\/\" target=\"_blank\" rel=\"noreferrer noopener\"><strong><span class=\"has-inline-color has-vivid-cyan-blue-color\">ampaiesnewton.blogspot.com.es<\/span><\/strong><\/a><\/li>\n<\/ul>\n\n\n\n<ul class=\"wp-block-list\">\n<li>Por\u00a0<strong>e-mail<\/strong>\u00a0en:\u00a0<a href=\"mailto:ampaiesnewton@gmail.com\"><strong><span class=\"has-inline-color has-vivid-cyan-blue-color\">ampaiesnewton@gmail.com<\/span><\/strong><\/a><\/li>\n<\/ul>\n\n\n\n<div style=\"height:38px\" aria-hidden=\"true\" class=\"wp-block-spacer\"><\/div>\n\n\n\n<h4 class=\"wp-block-heading has-text-align-center has-vivid-cyan-blue-color has-text-color\"><a href=\"https:\/\/site.educa.madrid.org\/ies.newton.madrid\/\/wp-content\/uploads\/ies.newton.madrid\/2021\/06\/Carta-de-Bienvenida-e-inscripci\u00f3n-AMPA-1.pdf\" target=\"_blank\" rel=\"noreferrer noopener\"><span class=\"has-inline-color has-vivid-cyan-blue-color\">Carta de Bienvenida e inscripci\u00f3n<\/span><\/a><\/h4>\n\n\n\n<div style=\"height:25px\" aria-hidden=\"true\" class=\"wp-block-spacer\"><\/div>\n\n\n\n<p><strong>Nuestros Enlaces Sociales<\/strong><\/p>\n\n\n\n<ul class=\"wp-block-social-links is-layout-flex wp-block-social-links-is-layout-flex\">\n\n\n\n<li class=\"wp-social-link wp-social-link-instagram  wp-block-social-link\"><a href=\"https:\/\/instagram.com\/ampa_ies_newton?igshid=1ut3u514bl6gc\" class=\"wp-block-social-link-anchor\"><svg width=\"24\" height=\"24\" viewBox=\"0 0 24 24\" version=\"1.1\" xmlns=\"http:\/\/www.w3.org\/2000\/svg\" aria-hidden=\"true\" focusable=\"false\"><path d=\"M12,4.622c2.403,0,2.688,0.009,3.637,0.052c0.877,0.04,1.354,0.187,1.671,0.31c0.42,0.163,0.72,0.358,1.035,0.673 c0.315,0.315,0.51,0.615,0.673,1.035c0.123,0.317,0.27,0.794,0.31,1.671c0.043,0.949,0.052,1.234,0.052,3.637 s-0.009,2.688-0.052,3.637c-0.04,0.877-0.187,1.354-0.31,1.671c-0.163,0.42-0.358,0.72-0.673,1.035 c-0.315,0.315-0.615,0.51-1.035,0.673c-0.317,0.123-0.794,0.27-1.671,0.31c-0.949,0.043-1.233,0.052-3.637,0.052 s-2.688-0.009-3.637-0.052c-0.877-0.04-1.354-0.187-1.671-0.31c-0.42-0.163-0.72-0.358-1.035-0.673 c-0.315-0.315-0.51-0.615-0.673-1.035c-0.123-0.317-0.27-0.794-0.31-1.671C4.631,14.688,4.622,14.403,4.622,12 s0.009-2.688,0.052-3.637c0.04-0.877,0.187-1.354,0.31-1.671c0.163-0.42,0.358-0.72,0.673-1.035 c0.315-0.315,0.615-0.51,1.035-0.673c0.317-0.123,0.794-0.27,1.671-0.31C9.312,4.631,9.597,4.622,12,4.622 M12,3 C9.556,3,9.249,3.01,8.289,3.054C7.331,3.098,6.677,3.25,6.105,3.472C5.513,3.702,5.011,4.01,4.511,4.511 c-0.5,0.5-0.808,1.002-1.038,1.594C3.25,6.677,3.098,7.331,3.054,8.289C3.01,9.249,3,9.556,3,12c0,2.444,0.01,2.751,0.054,3.711 c0.044,0.958,0.196,1.612,0.418,2.185c0.23,0.592,0.538,1.094,1.038,1.594c0.5,0.5,1.002,0.808,1.594,1.038 c0.572,0.222,1.227,0.375,2.185,0.418C9.249,20.99,9.556,21,12,21s2.751-0.01,3.711-0.054c0.958-0.044,1.612-0.196,2.185-0.418 c0.592-0.23,1.094-0.538,1.594-1.038c0.5-0.5,0.808-1.002,1.038-1.594c0.222-0.572,0.375-1.227,0.418-2.185 C20.99,14.751,21,14.444,21,12s-0.01-2.751-0.054-3.711c-0.044-0.958-0.196-1.612-0.418-2.185c-0.23-0.592-0.538-1.094-1.038-1.594 c-0.5-0.5-1.002-0.808-1.594-1.038c-0.572-0.222-1.227-0.375-2.185-0.418C14.751,3.01,14.444,3,12,3L12,3z M12,7.378 c-2.552,0-4.622,2.069-4.622,4.622S9.448,16.622,12,16.622s4.622-2.069,4.622-4.622S14.552,7.378,12,7.378z M12,15 c-1.657,0-3-1.343-3-3s1.343-3,3-3s3,1.343,3,3S13.657,15,12,15z M16.804,6.116c-0.596,0-1.08,0.484-1.08,1.08 s0.484,1.08,1.08,1.08c0.596,0,1.08-0.484,1.08-1.08S17.401,6.116,16.804,6.116z\"><\/path><\/svg><span class=\"wp-block-social-link-label screen-reader-text\">Instagram<\/span><\/a><\/li>\n\n\n\n\n\n\n\n<li class=\"wp-social-link wp-social-link-twitter  wp-block-social-link\"><a href=\"https:\/\/twitter.com\/ampanewton\" class=\"wp-block-social-link-anchor\"><svg width=\"24\" height=\"24\" viewBox=\"0 0 24 24\" version=\"1.1\" xmlns=\"http:\/\/www.w3.org\/2000\/svg\" aria-hidden=\"true\" focusable=\"false\"><path d=\"M22.23,5.924c-0.736,0.326-1.527,0.547-2.357,0.646c0.847-0.508,1.498-1.312,1.804-2.27 c-0.793,0.47-1.671,0.812-2.606,0.996C18.324,4.498,17.257,4,16.077,4c-2.266,0-4.103,1.837-4.103,4.103 c0,0.322,0.036,0.635,0.106,0.935C8.67,8.867,5.647,7.234,3.623,4.751C3.27,5.357,3.067,6.062,3.067,6.814 c0,1.424,0.724,2.679,1.825,3.415c-0.673-0.021-1.305-0.206-1.859-0.513c0,0.017,0,0.034,0,0.052c0,1.988,1.414,3.647,3.292,4.023 c-0.344,0.094-0.707,0.144-1.081,0.144c-0.264,0-0.521-0.026-0.772-0.074c0.522,1.63,2.038,2.816,3.833,2.85 c-1.404,1.1-3.174,1.756-5.096,1.756c-0.331,0-0.658-0.019-0.979-0.057c1.816,1.164,3.973,1.843,6.29,1.843 c7.547,0,11.675-6.252,11.675-11.675c0-0.178-0.004-0.355-0.012-0.531C20.985,7.47,21.68,6.747,22.23,5.924z\"><\/path><\/svg><span class=\"wp-block-social-link-label screen-reader-text\">Twitter<\/span><\/a><\/li><\/ul>\n","protected":false},"excerpt":{"rendered":"<p>AMPA I.E.S. ISAAC NEWTON &#8211; JUNTOS POR LA EDUCACI\u00d3N La participaci\u00f3n de los padres en la educaci\u00f3n de nuestros hijos es un deber que forma parte de nuestras responsabilidades reconocido por Ley, y que supone adquirir un compromiso para conseguir una&nbsp;educaci\u00f3n p\u00fablica de calidad. Con nuestra representaci\u00f3n en el Consejo Escolar y la actividad del [&hellip;]<\/p>\n","protected":false},"author":2,"featured_media":0,"parent":0,"menu_order":0,"comment_status":"closed","ping_status":"closed","template":"","meta":{"footnotes":""},"folder":[],"class_list":["post-1291","page","type-page","status-publish","hentry"],"rttpg_featured_image_url":null,"rttpg_author":{"display_name":"tic.ies.newton.madrid","author_link":"https:\/\/site.educa.madrid.org\/ies.newton.madrid\/index.php\/author\/cuenta_tic-ies-newton-madrid\/"},"rttpg_comment":0,"rttpg_category":false,"rttpg_excerpt":"AMPA I.E.S. ISAAC NEWTON &#8211; JUNTOS POR LA EDUCACI\u00d3N La participaci\u00f3n de los padres en la educaci\u00f3n de nuestros hijos es un deber que forma parte de nuestras responsabilidades reconocido por Ley, y que supone adquirir un compromiso para conseguir una&nbsp;educaci\u00f3n p\u00fablica de calidad. Con nuestra representaci\u00f3n en el Consejo Escolar y la actividad del&hellip;","post_mailing_queue_ids":[],"_links":{"self":[{"href":"https:\/\/site.educa.madrid.org\/ies.newton.madrid\/index.php\/wp-json\/wp\/v2\/pages\/1291","targetHints":{"allow":["GET"]}}],"collection":[{"href":"https:\/\/site.educa.madrid.org\/ies.newton.madrid\/index.php\/wp-json\/wp\/v2\/pages"}],"about":[{"href":"https:\/\/site.educa.madrid.org\/ies.newton.madrid\/index.php\/wp-json\/wp\/v2\/types\/page"}],"author":[{"embeddable":true,"href":"https:\/\/site.educa.madrid.org\/ies.newton.madrid\/index.php\/wp-json\/wp\/v2\/users\/2"}],"replies":[{"embeddable":true,"href":"https:\/\/site.educa.madrid.org\/ies.newton.madrid\/index.php\/wp-json\/wp\/v2\/comments?post=1291"}],"version-history":[{"count":23,"href":"https:\/\/site.educa.madrid.org\/ies.newton.madrid\/index.php\/wp-json\/wp\/v2\/pages\/1291\/revisions"}],"predecessor-version":[{"id":4939,"href":"https:\/\/site.educa.madrid.org\/ies.newton.madrid\/index.php\/wp-json\/wp\/v2\/pages\/1291\/revisions\/4939"}],"wp:attachment":[{"href":"https:\/\/site.educa.madrid.org\/ies.newton.madrid\/index.php\/wp-json\/wp\/v2\/media?parent=1291"}],"wp:term":[{"taxonomy":"folder","embeddable":true,"href":"https:\/\/site.educa.madrid.org\/ies.newton.madrid\/index.php\/wp-json\/wp\/v2\/folder?post=1291"}],"curies":[{"name":"wp","href":"https:\/\/api.w.org\/{rel}","templated":true}]}}