{"id":372,"date":"2020-11-18T10:36:28","date_gmt":"2020-11-18T10:36:28","guid":{"rendered":"https:\/\/site.educa.madrid.org\/ies.newton.madrid\/?page_id=372"},"modified":"2024-07-02T15:06:49","modified_gmt":"2024-07-02T13:06:49","slug":"equipo-directivo","status":"publish","type":"page","link":"https:\/\/site.educa.madrid.org\/ies.newton.madrid\/index.php\/equipo-directivo\/","title":{"rendered":"Equipo Directivo"},"content":{"rendered":"\n<p class=\"has-vivid-cyan-blue-color has-text-color\"><strong>Equipo Directivo &nbsp; &nbsp; &nbsp;Curso: 2020\/2021<\/strong><\/p>\n\n\n\n<hr class=\"wp-block-separator has-css-opacity\"\/>\n\n\n\n<figure class=\"wp-block-table\"><table><tbody><tr><td>Directora<\/td><td>Isabel Gallego G.<\/td><\/tr><tr><td>Jefa de Estudios<\/td><td>Manuel Molinero Z.<\/td><\/tr><tr><td>Secretario<\/td><td>Jorge Hinojosa N.<\/td><\/tr><tr><td>Jefe de Estudios Adjunta<\/td><td>Marta Sep\u00falveda M.<\/td><\/tr><tr><td>Coordinadora Jefe de Biling\u00fcismo<\/td><td>Gema Fern\u00e1ndez D.<\/td><\/tr><\/tbody><\/table><\/figure>\n\n\n\n<hr class=\"wp-block-separator has-css-opacity\"\/>\n","protected":false},"excerpt":{"rendered":"<p>Equipo Directivo &nbsp; &nbsp; &nbsp;Curso: 2020\/2021 Directora Isabel Gallego G. Jefa de Estudios Manuel Molinero Z. Secretario Jorge Hinojosa N. Jefe de Estudios Adjunta Marta Sep\u00falveda M. Coordinadora Jefe de Biling\u00fcismo Gema Fern\u00e1ndez D.<\/p>\n","protected":false},"author":2,"featured_media":0,"parent":0,"menu_order":0,"comment_status":"closed","ping_status":"closed","template":"","meta":{"footnotes":""},"folder":[],"class_list":["post-372","page","type-page","status-publish","hentry"],"rttpg_featured_image_url":null,"rttpg_author":{"display_name":"tic.ies.newton.madrid","author_link":"https:\/\/site.educa.madrid.org\/ies.newton.madrid\/index.php\/author\/cuenta_tic-ies-newton-madrid\/"},"rttpg_comment":0,"rttpg_category":false,"rttpg_excerpt":"Equipo Directivo &nbsp; &nbsp; &nbsp;Curso: 2020\/2021 Directora Isabel Gallego G. Jefa de Estudios Manuel Molinero Z. Secretario Jorge Hinojosa N. Jefe de Estudios Adjunta Marta Sep\u00falveda M. Coordinadora Jefe de Biling\u00fcismo Gema Fern\u00e1ndez D.","post_mailing_queue_ids":[],"_links":{"self":[{"href":"https:\/\/site.educa.madrid.org\/ies.newton.madrid\/index.php\/wp-json\/wp\/v2\/pages\/372","targetHints":{"allow":["GET"]}}],"collection":[{"href":"https:\/\/site.educa.madrid.org\/ies.newton.madrid\/index.php\/wp-json\/wp\/v2\/pages"}],"about":[{"href":"https:\/\/site.educa.madrid.org\/ies.newton.madrid\/index.php\/wp-json\/wp\/v2\/types\/page"}],"author":[{"embeddable":true,"href":"https:\/\/site.educa.madrid.org\/ies.newton.madrid\/index.php\/wp-json\/wp\/v2\/users\/2"}],"replies":[{"embeddable":true,"href":"https:\/\/site.educa.madrid.org\/ies.newton.madrid\/index.php\/wp-json\/wp\/v2\/comments?post=372"}],"version-history":[{"count":7,"href":"https:\/\/site.educa.madrid.org\/ies.newton.madrid\/index.php\/wp-json\/wp\/v2\/pages\/372\/revisions"}],"predecessor-version":[{"id":4710,"href":"https:\/\/site.educa.madrid.org\/ies.newton.madrid\/index.php\/wp-json\/wp\/v2\/pages\/372\/revisions\/4710"}],"wp:attachment":[{"href":"https:\/\/site.educa.madrid.org\/ies.newton.madrid\/index.php\/wp-json\/wp\/v2\/media?parent=372"}],"wp:term":[{"taxonomy":"folder","embeddable":true,"href":"https:\/\/site.educa.madrid.org\/ies.newton.madrid\/index.php\/wp-json\/wp\/v2\/folder?post=372"}],"curies":[{"name":"wp","href":"https:\/\/api.w.org\/{rel}","templated":true}]}}