{"id":418,"date":"2020-11-18T11:23:05","date_gmt":"2020-11-18T11:23:05","guid":{"rendered":"https:\/\/site.educa.madrid.org\/ies.newton.madrid\/?page_id=418"},"modified":"2020-12-06T08:57:57","modified_gmt":"2020-12-06T08:57:57","slug":"servicios-terapeuticos","status":"publish","type":"page","link":"https:\/\/site.educa.madrid.org\/ies.newton.madrid\/index.php\/servicios-terapeuticos\/","title":{"rendered":"Servicios"},"content":{"rendered":"\n<div class=\"wp-block-cover has-background-dim-20 has-background-dim\" style=\"background-image:url(https:\/\/site.educa.madrid.org\/ies.newton.madrid\/\/wp-content\/uploads\/ies.newton.madrid\/2020\/11\/Fisio2_399_299_95.jpg);background-position:53% 56%;min-height:150px;aspect-ratio:unset;\"><div class=\"wp-block-cover__inner-container is-layout-flow wp-block-cover-is-layout-flow\">\n<p class=\"has-text-align-center has-large-font-size\">Enfermer\u00eda<\/p>\n<\/div><\/div>\n\n\n\n<div style=\"height:59px\" aria-hidden=\"true\" class=\"wp-block-spacer\"><\/div>\n\n\n\n<p>Como centro preferente de integraci\u00f3n mot\u00f3rica, contamos con los siguientes servicios:<\/p>\n\n\n\n<ul class=\"wp-block-list\"><li>Enfermer\u00eda<\/li><li>Fisioterapeuta<\/li><li>T\u00e9cnicos Educativos III<\/li><\/ul>\n\n\n\n<div style=\"height:20px\" aria-hidden=\"true\" class=\"wp-block-spacer\"><\/div>\n\n\n\n<p><strong>Servicio de rutas escolares<\/strong> para los alumnos procedentes de El Pardo y los alumnos con diversidad funcional motora.<\/p>\n\n\n\n<div style=\"height:20px\" aria-hidden=\"true\" class=\"wp-block-spacer\"><\/div>\n\n\n\n<p style=\"background-color:#e3f4fc;font-size:15px\" class=\"has-background has-text-align-left\"><strong>Servicio de cafeter\u00eda en la primera planta. \u00bb Servicio de desayunos y comidas en horario de apertura de centro \u00ab. \u00bb Tambi\u00e9n para llevar \u00ab<\/strong><\/p>\n\n\n\n<p><\/p>\n","protected":false},"excerpt":{"rendered":"<p>Como centro preferente de integraci\u00f3n mot\u00f3rica, contamos con los siguientes servicios: Enfermer\u00eda Fisioterapeuta T\u00e9cnicos Educativos III Servicio de rutas escolares para los alumnos procedentes de El Pardo y los alumnos con diversidad funcional motora. Servicio de cafeter\u00eda en la primera planta. \u00bb Servicio de desayunos y comidas en horario de apertura de centro \u00ab. \u00bb [&hellip;]<\/p>\n","protected":false},"author":2,"featured_media":0,"parent":0,"menu_order":0,"comment_status":"closed","ping_status":"closed","template":"","meta":{"footnotes":""},"folder":[],"class_list":["post-418","page","type-page","status-publish","hentry"],"rttpg_featured_image_url":null,"rttpg_author":{"display_name":"tic.ies.newton.madrid","author_link":"https:\/\/site.educa.madrid.org\/ies.newton.madrid\/index.php\/author\/cuenta_tic-ies-newton-madrid\/"},"rttpg_comment":0,"rttpg_category":false,"rttpg_excerpt":"Como centro preferente de integraci\u00f3n mot\u00f3rica, contamos con los siguientes servicios: Enfermer\u00eda Fisioterapeuta T\u00e9cnicos Educativos III Servicio de rutas escolares para los alumnos procedentes de El Pardo y los alumnos con diversidad funcional motora. Servicio de cafeter\u00eda en la primera planta. \u00bb Servicio de desayunos y comidas en horario de apertura de centro \u00ab. \u00bb&hellip;","post_mailing_queue_ids":[],"_links":{"self":[{"href":"https:\/\/site.educa.madrid.org\/ies.newton.madrid\/index.php\/wp-json\/wp\/v2\/pages\/418","targetHints":{"allow":["GET"]}}],"collection":[{"href":"https:\/\/site.educa.madrid.org\/ies.newton.madrid\/index.php\/wp-json\/wp\/v2\/pages"}],"about":[{"href":"https:\/\/site.educa.madrid.org\/ies.newton.madrid\/index.php\/wp-json\/wp\/v2\/types\/page"}],"author":[{"embeddable":true,"href":"https:\/\/site.educa.madrid.org\/ies.newton.madrid\/index.php\/wp-json\/wp\/v2\/users\/2"}],"replies":[{"embeddable":true,"href":"https:\/\/site.educa.madrid.org\/ies.newton.madrid\/index.php\/wp-json\/wp\/v2\/comments?post=418"}],"version-history":[{"count":10,"href":"https:\/\/site.educa.madrid.org\/ies.newton.madrid\/index.php\/wp-json\/wp\/v2\/pages\/418\/revisions"}],"predecessor-version":[{"id":1602,"href":"https:\/\/site.educa.madrid.org\/ies.newton.madrid\/index.php\/wp-json\/wp\/v2\/pages\/418\/revisions\/1602"}],"wp:attachment":[{"href":"https:\/\/site.educa.madrid.org\/ies.newton.madrid\/index.php\/wp-json\/wp\/v2\/media?parent=418"}],"wp:term":[{"taxonomy":"folder","embeddable":true,"href":"https:\/\/site.educa.madrid.org\/ies.newton.madrid\/index.php\/wp-json\/wp\/v2\/folder?post=418"}],"curies":[{"name":"wp","href":"https:\/\/api.w.org\/{rel}","templated":true}]}}