{"id":928,"date":"2020-11-22T10:42:05","date_gmt":"2020-11-22T10:42:05","guid":{"rendered":"https:\/\/site.educa.madrid.org\/ies.newton.madrid\/?page_id=928"},"modified":"2025-01-17T17:52:04","modified_gmt":"2025-01-17T16:52:04","slug":"horario-secretaria","status":"publish","type":"page","link":"https:\/\/site.educa.madrid.org\/ies.newton.madrid\/index.php\/horario-secretaria\/","title":{"rendered":"Horario Secretar\u00eda"},"content":{"rendered":"\n<div style=\"height:47px\" aria-hidden=\"true\" class=\"wp-block-spacer\"><\/div>\n\n\n\n<p class=\"has-text-align-center has-medium-font-size\"><strong>NO ES NECESARIA CITA PREVIA<\/strong><br><strong>Horario de atenci\u00f3n al p\u00fablico<br>Lunes a viernes de 9 a 14 h<br>Correo de contacto:<br>secretaria.ies.newton.madrid@educa.madrid.org<\/strong><\/p>\n\n\n\n<div class=\"wp-block-group\"><div class=\"wp-block-group__inner-container is-layout-flow wp-block-group-is-layout-flow\">\n<p><strong>Calle Joaqu\u00edn Lorenzo, n\u00ba 2, esquina a calle Isla Malaita.<\/strong><\/p>\n\n\n\n<p><strong>28035 Madrid.<\/strong><\/p>\n\n\n\n<p><strong>Tels.: 913 732 052; 913 866 587.<\/strong><\/p>\n\n\n\n<p><strong>e-mails:<\/strong><\/p>\n\n\n\n<p class=\"has-text-align-center\"><a href=\"mailto:ies.newton.madrid@educa.madrid.org\">ies.newton.madrid@educa.madrid.org<\/a><\/p>\n\n\n\n<p class=\"has-text-align-center\"><a href=\"mailto:secretaria.ies.newton.madrid@educa.madrid.org\">secretaria.ies.newton.madrid@educa.madrid.org<\/a><\/p>\n\n\n\n<p class=\"has-text-align-center\"><a href=\"mailto:jestudios.ies.newton.madrid@educa.madrid.org\">jestudios.ies.newton.madrid@educa.madrid.org<\/a><\/p>\n\n\n\n<p class=\"has-text-align-center\"><strong>Autobuses: 42, 127, 132 y 137.<\/strong><\/p>\n\n\n\n<p class=\"has-text-align-center\"><strong>Metro:&nbsp;<a href=\"http:\/\/www.metromadrid.es\/\">l\u00ednea 7. Estaci\u00f3n Antonio Machado<\/a><\/strong><\/p>\n<\/div><\/div>\n","protected":false},"excerpt":{"rendered":"<p>NO ES NECESARIA CITA PREVIAHorario de atenci\u00f3n al p\u00fablicoLunes a viernes de 9 a 14 hCorreo de contacto:secretaria.ies.newton.madrid@educa.madrid.org Calle Joaqu\u00edn Lorenzo, n\u00ba 2, esquina a calle Isla Malaita. 28035 Madrid. Tels.: 913 732 052; 913 866 587. e-mails: ies.newton.madrid@educa.madrid.org secretaria.ies.newton.madrid@educa.madrid.org jestudios.ies.newton.madrid@educa.madrid.org Autobuses: 42, 127, 132 y 137. Metro:&nbsp;l\u00ednea 7. Estaci\u00f3n Antonio Machado<\/p>\n","protected":false},"author":2,"featured_media":0,"parent":0,"menu_order":0,"comment_status":"closed","ping_status":"closed","template":"","meta":{"footnotes":""},"folder":[],"class_list":["post-928","page","type-page","status-publish","hentry"],"rttpg_featured_image_url":null,"rttpg_author":{"display_name":"tic.ies.newton.madrid","author_link":"https:\/\/site.educa.madrid.org\/ies.newton.madrid\/index.php\/author\/cuenta_tic-ies-newton-madrid\/"},"rttpg_comment":0,"rttpg_category":false,"rttpg_excerpt":"NO ES NECESARIA CITA PREVIAHorario de atenci\u00f3n al p\u00fablicoLunes a viernes de 9 a 14 hCorreo de contacto:secretaria.ies.newton.madrid@educa.madrid.org Calle Joaqu\u00edn Lorenzo, n\u00ba 2, esquina a calle Isla Malaita. 28035 Madrid. Tels.: 913 732 052; 913 866 587. e-mails: ies.newton.madrid@educa.madrid.org secretaria.ies.newton.madrid@educa.madrid.org jestudios.ies.newton.madrid@educa.madrid.org Autobuses: 42, 127, 132 y 137. Metro:&nbsp;l\u00ednea 7. Estaci\u00f3n Antonio Machado","post_mailing_queue_ids":[],"_links":{"self":[{"href":"https:\/\/site.educa.madrid.org\/ies.newton.madrid\/index.php\/wp-json\/wp\/v2\/pages\/928","targetHints":{"allow":["GET"]}}],"collection":[{"href":"https:\/\/site.educa.madrid.org\/ies.newton.madrid\/index.php\/wp-json\/wp\/v2\/pages"}],"about":[{"href":"https:\/\/site.educa.madrid.org\/ies.newton.madrid\/index.php\/wp-json\/wp\/v2\/types\/page"}],"author":[{"embeddable":true,"href":"https:\/\/site.educa.madrid.org\/ies.newton.madrid\/index.php\/wp-json\/wp\/v2\/users\/2"}],"replies":[{"embeddable":true,"href":"https:\/\/site.educa.madrid.org\/ies.newton.madrid\/index.php\/wp-json\/wp\/v2\/comments?post=928"}],"version-history":[{"count":5,"href":"https:\/\/site.educa.madrid.org\/ies.newton.madrid\/index.php\/wp-json\/wp\/v2\/pages\/928\/revisions"}],"predecessor-version":[{"id":4926,"href":"https:\/\/site.educa.madrid.org\/ies.newton.madrid\/index.php\/wp-json\/wp\/v2\/pages\/928\/revisions\/4926"}],"wp:attachment":[{"href":"https:\/\/site.educa.madrid.org\/ies.newton.madrid\/index.php\/wp-json\/wp\/v2\/media?parent=928"}],"wp:term":[{"taxonomy":"folder","embeddable":true,"href":"https:\/\/site.educa.madrid.org\/ies.newton.madrid\/index.php\/wp-json\/wp\/v2\/folder?post=928"}],"curies":[{"name":"wp","href":"https:\/\/api.w.org\/{rel}","templated":true}]}}