{"id":1228,"date":"2025-05-10T20:19:58","date_gmt":"2025-05-10T18:19:58","guid":{"rendered":"https:\/\/site.educa.madrid.org\/ies.principefelipe.madrid\/?page_id=1228"},"modified":"2025-09-04T19:02:30","modified_gmt":"2025-09-04T17:02:30","slug":"accede-3","status":"publish","type":"page","link":"https:\/\/site.educa.madrid.org\/ies.principefelipe.madrid\/index.php\/accede-3\/","title":{"rendered":"ACCEDE"},"content":{"rendered":"<div id=\"pl-gb1228-6a033273c3558\"  class=\"panel-layout panel-layout\" ><div id=\"pg-gb1228-6a033273c3558-0\"  class=\"panel-grid panel-no-style\"  data-style=\"{&quot;background_image_attachment&quot;:false,&quot;background_display&quot;:&quot;tile&quot;,&quot;background_image_size&quot;:&quot;full&quot;,&quot;background_image_opacity&quot;:&quot;100&quot;,&quot;border_thickness&quot;:&quot;1px&quot;,&quot;full_height&quot;:&quot;&quot;,&quot;cell_alignment&quot;:&quot;flex-start&quot;,&quot;link_overlay_new_window&quot;:&quot;&quot;}\" ><div id=\"pgc-gb1228-6a033273c3558-0-0\"  class=\"panel-grid-cell\"  data-weight=\"1\" ><div id=\"panel-gb1228-6a033273c3558-0-0-0\" class=\"so-panel widget widget_sow-image panel-first-child panel-last-child\" data-index=\"0\" data-style=\"{&quot;background_image_attachment&quot;:false,&quot;background_display&quot;:&quot;tile&quot;,&quot;background_image_size&quot;:&quot;full&quot;,&quot;background_image_opacity&quot;:&quot;100&quot;,&quot;border_thickness&quot;:&quot;1px&quot;,&quot;link_overlay_new_window&quot;:&quot;&quot;}\" ><div\n\t\t\t\n\t\t\tclass=\"so-widget-sow-image so-widget-sow-image-default-8b5b6f678277\"\n\t\t\t\n\t\t>\n\n<div class=\"sow-image-container\">\n\t\t<img alt=\"\" \t\tclass=\"so-widget-image\"\/>\n\t<\/div>\n\n<\/div><\/div><\/div><\/div><\/div>\n\n<div id=\"pl-gb1228-6a033273c39b5\"  class=\"panel-layout panel-layout\" ><div id=\"pg-gb1228-6a033273c39b5-0\"  class=\"panel-grid panel-no-style\"  data-style=\"{&quot;background_image_attachment&quot;:false,&quot;background_display&quot;:&quot;tile&quot;,&quot;background_image_size&quot;:&quot;full&quot;,&quot;background_image_opacity&quot;:&quot;100&quot;,&quot;border_thickness&quot;:&quot;1px&quot;,&quot;full_height&quot;:&quot;&quot;,&quot;cell_alignment&quot;:&quot;flex-start&quot;,&quot;link_overlay_new_window&quot;:&quot;&quot;}\" ><div id=\"pgc-gb1228-6a033273c39b5-0-0\"  class=\"panel-grid-cell\"  data-weight=\"1\" ><div id=\"panel-gb1228-6a033273c39b5-0-0-0\" class=\"so-panel widget widget_sow-image panel-first-child panel-last-child\" data-index=\"0\" data-style=\"{&quot;background_image_attachment&quot;:false,&quot;background_display&quot;:&quot;tile&quot;,&quot;background_image_size&quot;:&quot;full&quot;,&quot;background_image_opacity&quot;:&quot;100&quot;,&quot;border_thickness&quot;:&quot;1px&quot;,&quot;link_overlay_new_window&quot;:&quot;&quot;}\" ><div\n\t\t\t\n\t\t\tclass=\"so-widget-sow-image so-widget-sow-image-default-8b5b6f678277\"\n\t\t\t\n\t\t>\n\n<div class=\"sow-image-container\">\n\t\t<img loading=\"lazy\" decoding=\"async\" src=\"https:\/\/site.educa.madrid.org\/ies.principefelipe.madrid\/\/wp-content\/uploads\/ies.principefelipe.madrid\/2025\/05\/12.png\" width=\"1463\" height=\"188\" srcset=\"https:\/\/site.educa.madrid.org\/ies.principefelipe.madrid\/\/wp-content\/uploads\/ies.principefelipe.madrid\/2025\/05\/12.png 1463w, https:\/\/site.educa.madrid.org\/ies.principefelipe.madrid\/\/wp-content\/uploads\/ies.principefelipe.madrid\/2025\/05\/12-300x39.png 300w, https:\/\/site.educa.madrid.org\/ies.principefelipe.madrid\/\/wp-content\/uploads\/ies.principefelipe.madrid\/2025\/05\/12-1024x132.png 1024w, https:\/\/site.educa.madrid.org\/ies.principefelipe.madrid\/\/wp-content\/uploads\/ies.principefelipe.madrid\/2025\/05\/12-768x99.png 768w\" sizes=\"auto, (max-width: 1463px) 100vw, 1463px\" alt=\"\" \t\tclass=\"so-widget-image\"\/>\n\t<\/div>\n\n<\/div><\/div><\/div><\/div><\/div>\n\n\n<figure class=\"wp-block-image size-full is-resized\"><img loading=\"lazy\" decoding=\"async\" width=\"800\" height=\"433\" src=\"https:\/\/site.educa.madrid.org\/ies.principefelipe.madrid\/\/wp-content\/uploads\/ies.principefelipe.madrid\/2025\/05\/accede.png\" alt=\"\" class=\"wp-image-822\" style=\"width:279px;height:auto\" srcset=\"https:\/\/site.educa.madrid.org\/ies.principefelipe.madrid\/\/wp-content\/uploads\/ies.principefelipe.madrid\/2025\/05\/accede.png 800w, https:\/\/site.educa.madrid.org\/ies.principefelipe.madrid\/\/wp-content\/uploads\/ies.principefelipe.madrid\/2025\/05\/accede-300x162.png 300w, https:\/\/site.educa.madrid.org\/ies.principefelipe.madrid\/\/wp-content\/uploads\/ies.principefelipe.madrid\/2025\/05\/accede-768x416.png 768w\" sizes=\"auto, (max-width: 800px) 100vw, 800px\" \/><\/figure>\n\n\n\n<p>El&nbsp;<strong>Programa Accede&nbsp;<\/strong>es sistema de pr\u00e9stamo para facilitar los libros de texto y material curricular a los alumnos de Educaci\u00f3n Primaria, Educaci\u00f3n Secundaria Obligatoria y Formaci\u00f3n Profesional B\u00e1sica, que cursen sus estudios en los centros docentes sostenidos con fondos p\u00fablicos en la Comunidad de Madrid, incluyendo los alumnos escolarizados en centros sostenidos con fondos p\u00fablicos de educaci\u00f3n especial. <\/p>\n\n\n\n<p><a href=\"https:\/\/www.comunidad.madrid\/servicios\/educacion\/programa-accede\"><strong>Informaci\u00f3n sobre el programa ACCEDE de la Comunidad de Madrid<\/strong><\/a><\/p>\n\n\n<div id=\"pl-gb1228-6a033273c662e\"  class=\"panel-layout panel-layout\" ><div id=\"pg-gb1228-6a033273c662e-0\"  class=\"panel-grid panel-no-style\" ><div id=\"pgc-gb1228-6a033273c662e-0-0\"  class=\"panel-grid-cell\"  data-weight=\"1\" ><div id=\"panel-gb1228-6a033273c662e-0-0-0\" class=\"so-panel widget widget_sow-accordion panel-first-child panel-last-child\" data-index=\"0\" data-style=\"{&quot;background_image_attachment&quot;:false,&quot;background_display&quot;:&quot;tile&quot;,&quot;background_image_size&quot;:&quot;full&quot;,&quot;background_image_opacity&quot;:&quot;100&quot;,&quot;border_thickness&quot;:&quot;1px&quot;,&quot;link_overlay_new_window&quot;:&quot;&quot;}\" ><div\n\t\t\t\n\t\t\tclass=\"so-widget-sow-accordion so-widget-sow-accordion-default-d9295f5bfa93\"\n\t\t\t data-max-open-panels=\"0\" data-initial-scroll-panel=\"0\"\n\t\t><div>\n\t<div class=\"sow-accordion\">\n\t\t\t<div class=\"sow-accordion-panel\"\n\t\t\t data-anchor=\"programa-accede-de-pr%c3%a9stamo-de-libros\">\n\t\t\t\t<div class=\"sow-accordion-panel-header-container\" role=\"heading\" aria-level=\"2\">\n\t\t\t\t\t<div class=\"sow-accordion-panel-header\" tabindex=\"0\" role=\"button\" id=\"accordion-label-programa-accede-de-pr%c3%a9stamo-de-libros\" aria-controls=\"accordion-content-programa-accede-de-pr%c3%a9stamo-de-libros\" aria-expanded=\"false\">\n\t\t\t\t\t\t<div class=\"sow-accordion-title sow-accordion-title-icon-left\">\n\t\t\t\t\t\t\t\t\t\t\t\t\t\tPROGRAMA ACCEDE DE PR\u00c9STAMO DE LIBROS\t\t\t\t\t\t\t\t\t\t\t\t\t<\/div>\n\t\t\t\t\t\t<div class=\"sow-accordion-open-close-button\">\n\t\t\t\t\t\t\t<div class=\"sow-accordion-open-button\">\n\t\t\t\t\t\t\t\t<span class=\"sow-icon-ionicons\" data-sow-icon=\"&#xf218;\"\n\t\t \n\t\taria-hidden=\"true\"><\/span>\t\t\t\t\t\t\t<\/div>\n\t\t\t\t\t\t\t<div class=\"sow-accordion-close-button\">\n\t\t\t\t\t\t\t\t<span class=\"sow-icon-ionicons\" data-sow-icon=\"&#xf209;\"\n\t\t \n\t\taria-hidden=\"true\"><\/span>\t\t\t\t\t\t\t<\/div>\n\t\t\t\t\t\t<\/div>\n\t\t\t\t\t<\/div>\n\t\t\t\t<\/div>\n\n\t\t\t<div\n\t\t\t\tclass=\"sow-accordion-panel-content\"\n\t\t\t\trole=\"region\"\n\t\t\t\taria-labelledby=\"accordion-label-programa-accede-de-pr%c3%a9stamo-de-libros\"\n\t\t\t\tid=\"accordion-content-programa-accede-de-pr%c3%a9stamo-de-libros\"\n\t\t\t\tstyle=\"display: none;\"\t\t\t>\n\t\t\t\t<div class=\"sow-accordion-panel-border\">\n\t\t\t\t\t<p>El programa <strong>ACCEDE<\/strong> es un programa de pr\u00e9stamos de libros que garantiza la gratuidad de los libros de texto en la Educaci\u00f3n Secundaria Obligatoria desarrollado por la Comunidad de Madrid.<\/p>\n<p><a href=\"https:\/\/www.comunidad.madrid\/servicios\/educacion\/programa-accede\" target=\"_blank\" rel=\"noopener\"><strong>ENLACE A LA INFORMACI\u00d3N SOBRE ACCEDE DE LA COMUNIDAD DE MADRID<\/strong><\/a><\/p>\n<h2><\/h2>\n<h2>\n<span style=\"color: #b81616;\">NUEVAS ADHESIONES-ALTA<\/span><\/h2>\n<p>Rellenar la solicitud de adhesi\u00f3n al programa ACCEDE (Anexo I), y enviarla al correo <strong>diana.casas@educa.madrid.org<\/strong> indicando en asunto: <strong>NUEVA ADHESI\u00d3N ACCEDE curso 25\/26 - Nombre y apellidos alumno \u2013 curso<\/strong><\/p>\n<p>El alumno que se adhiera por primera vez al Programa ACCEDE deber\u00e1 entregar todos sus libros (Donaci\u00f3n) del curso anterior en buen estado en la fecha establecida por el centro.<\/p>\n<p><strong>Los alumnos del IES Pr\u00edncipe Felipe que ya son beneficiarios del programa ACCEDE NO tienen que presentar nuevamente solicitud de adhesi\u00f3n.<\/strong><\/p>\n<h5><\/h5>\n<h2><span style=\"color: #ffffff;\"><span style=\"color: #b81616;\">ALUMNOS DE OTROS CENTROS QUE YA EST\u00c1N EN EL PROGRAMA<\/span><\/span><\/h2>\n<p>Los alumnos de otros centros que ya est\u00e1n en el programa ACCEDE deber\u00e1n escribir un correo a <strong>diana.casas@educa.madrid.org<\/strong> con <strong>ASUNTO: ALTA en IES - NOMBRE APELLIDOS CURSO<\/strong> del alumno o alumna y enviar copia de de los siguientes documentos:<\/p>\n<p>- <strong>ANEXO I-Adhesi\u00f3n<\/strong><br \/>\n- <strong>Informe a otros centros ACCEDE<\/strong> (Certificado de entrega de libros que les entregar\u00e1 su centro anterior.)<br \/>\n- Fecha l\u00edmite para el env\u00edo de ambos documentos: <span style=\"color: #b81616;\"><strong>5 DE JULIO<\/strong><\/span><\/p>\n\t\t\t\t<\/div>\n\t\t\t<\/div>\n\t\t<\/div>\n\t\t\t<div class=\"sow-accordion-panel\"\n\t\t\t data-anchor=\"norma-de-uso-y-conservaci%c3%b3n\">\n\t\t\t\t<div class=\"sow-accordion-panel-header-container\" role=\"heading\" aria-level=\"2\">\n\t\t\t\t\t<div class=\"sow-accordion-panel-header\" tabindex=\"0\" role=\"button\" id=\"accordion-label-norma-de-uso-y-conservaci%c3%b3n\" aria-controls=\"accordion-content-norma-de-uso-y-conservaci%c3%b3n\" aria-expanded=\"false\">\n\t\t\t\t\t\t<div class=\"sow-accordion-title sow-accordion-title-icon-left\">\n\t\t\t\t\t\t\t\t\t\t\t\t\t\tNORMA DE USO Y CONSERVACI\u00d3N\t\t\t\t\t\t\t\t\t\t\t\t\t<\/div>\n\t\t\t\t\t\t<div class=\"sow-accordion-open-close-button\">\n\t\t\t\t\t\t\t<div class=\"sow-accordion-open-button\">\n\t\t\t\t\t\t\t\t<span class=\"sow-icon-ionicons\" data-sow-icon=\"&#xf218;\"\n\t\t \n\t\taria-hidden=\"true\"><\/span>\t\t\t\t\t\t\t<\/div>\n\t\t\t\t\t\t\t<div class=\"sow-accordion-close-button\">\n\t\t\t\t\t\t\t\t<span class=\"sow-icon-ionicons\" data-sow-icon=\"&#xf209;\"\n\t\t \n\t\taria-hidden=\"true\"><\/span>\t\t\t\t\t\t\t<\/div>\n\t\t\t\t\t\t<\/div>\n\t\t\t\t\t<\/div>\n\t\t\t\t<\/div>\n\n\t\t\t<div\n\t\t\t\tclass=\"sow-accordion-panel-content\"\n\t\t\t\trole=\"region\"\n\t\t\t\taria-labelledby=\"accordion-label-norma-de-uso-y-conservaci%c3%b3n\"\n\t\t\t\tid=\"accordion-content-norma-de-uso-y-conservaci%c3%b3n\"\n\t\t\t\tstyle=\"display: none;\"\t\t\t>\n\t\t\t\t<div class=\"sow-accordion-panel-border\">\n\t\t\t\t\t<ul>\n<li>Antes de su utilizaci\u00f3n, los libros se deben forrar con pl\u00e1stico transparente no adhesivo. Si utilizas celo, el celo s\u00f3lo tocar\u00e1 el pl\u00e1stico, no la portada o contraportada. Antes de forrarlos, es conveniente reforzar las esquinas de portada y contraportada con papel para evitar su deterioro. Si el libro es nuevo, es muy importante hacer este refuerzo.<\/li>\n<li>Identificar cada libro. Tu nombre debe verse claro, encima del forro y no en cualquier sitio y recuerda retirar esa identificaci\u00f3n cuando devuelvas los libros.<\/li>\n<li>No se puede escribir en los libros, ni siquiera con l\u00e1piz.<\/li>\n<li>No mojarlo, ni mancharlo, ni doblarlo.<\/li>\n<li>Al llevarlos en la mochila procura que vayan en bloque, separados de cuadernos, estuches, bol\u00edgrafos, tijeras, comida.y\/o bebida.<\/li>\n<li>Guardarlos tras su uso y no dejarlos abiertos sobre la mesa.<\/li>\n<li>No dejarlos ni olvidarlos en las cajoneras o en cualquier lugar del instituto.<\/li>\n<li>En caso de que una de las hojas se rasgue, no utilizar cinta adhesiva y s\u00ed un pegamento para encuadernaci\u00f3n. No se admitir\u00e1 la devoluci\u00f3n de libros con hojas arrancadas.<\/li>\n<li>Evitar introducir objetos dentro del libro y doblar las p\u00e1ginas, si hay necesidad de marcar: utilizar un trozo de papel o un marcap\u00e1ginas.<\/li>\n<li>Evitar cualquier otra circunstancia que pudiera deteriorar el buen estado de los libros.<\/li>\n<li>Devolver todos los libros prestados en el plazo que se establezca cada curso escolar en el programa ACCEDE.<\/li>\n<\/ul>\n<p><strong>SANCIONES<\/strong><br \/>\nLa p\u00e9rdida negligente o la destrucci\u00f3n deliberada del material prestado por parte del alumno, dar\u00e1 lugar a la adopci\u00f3n de las medidas pertinentes para exigir responsabilidades de acuerdo con lo establecido en el Decreto 32\/2019 de 9 de abril, por el que se establece el marco regulador de la convivencia en los centros docentes de la Comunidad de Madrid, quedando en todo caso, obligado el alumno a la reposici\u00f3n de dicho material. El incumplimiento puede acarrear la inhabilitaci\u00f3n para recibir nuevos materiales en pr\u00e9stamo.<\/p>\n\t\t\t\t<\/div>\n\t\t\t<\/div>\n\t\t<\/div>\n\t\t\t<div class=\"sow-accordion-panel\"\n\t\t\t data-anchor=\"fechas-para-recoger-los-libros-del-programa-accede-curso-25-26\">\n\t\t\t\t<div class=\"sow-accordion-panel-header-container\" role=\"heading\" aria-level=\"2\">\n\t\t\t\t\t<div class=\"sow-accordion-panel-header\" tabindex=\"0\" role=\"button\" id=\"accordion-label-fechas-para-recoger-los-libros-del-programa-accede-curso-25-26\" aria-controls=\"accordion-content-fechas-para-recoger-los-libros-del-programa-accede-curso-25-26\" aria-expanded=\"false\">\n\t\t\t\t\t\t<div class=\"sow-accordion-title sow-accordion-title-icon-left\">\n\t\t\t\t\t\t\t\t\t\t\t\t\t\tFECHAS PARA RECOGER LOS LIBROS DEL PROGRAMA ACCEDE CURSO 25-26\t\t\t\t\t\t\t\t\t\t\t\t\t<\/div>\n\t\t\t\t\t\t<div class=\"sow-accordion-open-close-button\">\n\t\t\t\t\t\t\t<div class=\"sow-accordion-open-button\">\n\t\t\t\t\t\t\t\t<span class=\"sow-icon-ionicons\" data-sow-icon=\"&#xf218;\"\n\t\t \n\t\taria-hidden=\"true\"><\/span>\t\t\t\t\t\t\t<\/div>\n\t\t\t\t\t\t\t<div class=\"sow-accordion-close-button\">\n\t\t\t\t\t\t\t\t<span class=\"sow-icon-ionicons\" data-sow-icon=\"&#xf209;\"\n\t\t \n\t\taria-hidden=\"true\"><\/span>\t\t\t\t\t\t\t<\/div>\n\t\t\t\t\t\t<\/div>\n\t\t\t\t\t<\/div>\n\t\t\t\t<\/div>\n\n\t\t\t<div\n\t\t\t\tclass=\"sow-accordion-panel-content\"\n\t\t\t\trole=\"region\"\n\t\t\t\taria-labelledby=\"accordion-label-fechas-para-recoger-los-libros-del-programa-accede-curso-25-26\"\n\t\t\t\tid=\"accordion-content-fechas-para-recoger-los-libros-del-programa-accede-curso-25-26\"\n\t\t\t\tstyle=\"display: none;\"\t\t\t>\n\t\t\t\t<div class=\"sow-accordion-panel-border\">\n\t\t\t\t\t<p><img loading=\"lazy\" decoding=\"async\" class=\"aligncenter wp-image-3960 size-full\" src=\"https:\/\/site.educa.madrid.org\/ies.principefelipe.madrid\/\/wp-content\/uploads\/ies.principefelipe.madrid\/2025\/09\/accede-recogida.jpg\" alt=\"\" width=\"1056\" height=\"1168\" srcset=\"https:\/\/site.educa.madrid.org\/ies.principefelipe.madrid\/\/wp-content\/uploads\/ies.principefelipe.madrid\/2025\/09\/accede-recogida.jpg 1056w, https:\/\/site.educa.madrid.org\/ies.principefelipe.madrid\/\/wp-content\/uploads\/ies.principefelipe.madrid\/2025\/09\/accede-recogida-271x300.jpg 271w, https:\/\/site.educa.madrid.org\/ies.principefelipe.madrid\/\/wp-content\/uploads\/ies.principefelipe.madrid\/2025\/09\/accede-recogida-926x1024.jpg 926w, https:\/\/site.educa.madrid.org\/ies.principefelipe.madrid\/\/wp-content\/uploads\/ies.principefelipe.madrid\/2025\/09\/accede-recogida-768x849.jpg 768w\" sizes=\"auto, (max-width: 1056px) 100vw, 1056px\" \/><\/p>\n\t\t\t\t<\/div>\n\t\t\t<\/div>\n\t\t<\/div>\n\t\t\t<div class=\"sow-accordion-panel\"\n\t\t\t data-anchor=\"anexo-i-adhesi%c3%b3n-al-programa\">\n\t\t\t\t<div class=\"sow-accordion-panel-header-container\" role=\"heading\" aria-level=\"2\">\n\t\t\t\t\t<div class=\"sow-accordion-panel-header\" tabindex=\"0\" role=\"button\" id=\"accordion-label-anexo-i-adhesi%c3%b3n-al-programa\" aria-controls=\"accordion-content-anexo-i-adhesi%c3%b3n-al-programa\" aria-expanded=\"false\">\n\t\t\t\t\t\t<div class=\"sow-accordion-title sow-accordion-title-icon-left\">\n\t\t\t\t\t\t\t\t\t\t\t\t\t\tANEXO I - ADHESI\u00d3N AL PROGRAMA\t\t\t\t\t\t\t\t\t\t\t\t\t<\/div>\n\t\t\t\t\t\t<div class=\"sow-accordion-open-close-button\">\n\t\t\t\t\t\t\t<div class=\"sow-accordion-open-button\">\n\t\t\t\t\t\t\t\t<span class=\"sow-icon-ionicons\" data-sow-icon=\"&#xf218;\"\n\t\t \n\t\taria-hidden=\"true\"><\/span>\t\t\t\t\t\t\t<\/div>\n\t\t\t\t\t\t\t<div class=\"sow-accordion-close-button\">\n\t\t\t\t\t\t\t\t<span class=\"sow-icon-ionicons\" data-sow-icon=\"&#xf209;\"\n\t\t \n\t\taria-hidden=\"true\"><\/span>\t\t\t\t\t\t\t<\/div>\n\t\t\t\t\t\t<\/div>\n\t\t\t\t\t<\/div>\n\t\t\t\t<\/div>\n\n\t\t\t<div\n\t\t\t\tclass=\"sow-accordion-panel-content\"\n\t\t\t\trole=\"region\"\n\t\t\t\taria-labelledby=\"accordion-label-anexo-i-adhesi%c3%b3n-al-programa\"\n\t\t\t\tid=\"accordion-content-anexo-i-adhesi%c3%b3n-al-programa\"\n\t\t\t\tstyle=\"display: none;\"\t\t\t>\n\t\t\t\t<div class=\"sow-accordion-panel-border\">\n\t\t\t\t\t<p><a href=\"https:\/\/site.educa.madrid.org\/ies.principefelipe.madrid\/\/wp-content\/uploads\/ies.principefelipe.madrid\/2025\/06\/Anexo-I-Adhesion-ACCEDE-.pdf\" target=\"_blank\" rel=\"noopener\">ANEXO I<\/a><\/p>\n\t\t\t\t<\/div>\n\t\t\t<\/div>\n\t\t<\/div>\n\t\t<\/div>\n<\/div>\n<\/div><\/div><\/div><\/div><\/div>\n\n\n<p><\/p>\n\n\n\n<p><\/p>\n\n\n\n<p><\/p>\n\n\n<style type='text\/css' media='all'>#rt-tpg-container-3660588277 .rt-holder .rt-woo-info .price{color:#a01f24;}body .rt-tpg-container .rt-tpg-isotope-buttons .selected,\n\t\t\t\t\t#rt-tpg-container-3660588277 .layout12 .rt-holder:hover .rt-detail,\n\t\t\t\t\t#rt-tpg-container-3660588277 .isotope8 .rt-holder:hover .rt-detail,\n\t\t\t\t\t#rt-tpg-container-3660588277 .carousel8 .rt-holder:hover .rt-detail,\n\t\t\t\t\t#rt-tpg-container-3660588277 .layout13 .rt-holder .overlay .post-info,\n\t\t\t\t\t#rt-tpg-container-3660588277 .isotope9 .rt-holder .overlay .post-info,\n\t\t\t\t\t#rt-tpg-container-3660588277.rt-tpg-container .layout4 .rt-holder .rt-detail,\n\t\t\t\t\t.rt-modal-3660588277 .md-content,\n\t\t\t\t\t.rt-modal-3660588277 .md-content > .rt-md-content-holder .rt-md-content,\n\t\t\t\t\t.rt-popup-wrap-3660588277.rt-popup-wrap .rt-popup-navigation-wrap,\n\t\t\t\t\t#rt-tpg-container-3660588277 .carousel9 .rt-holder .overlay .post-info{background-color:#a01f24;}#rt-tpg-container-3660588277 .layout5 .rt-holder .overlay, #rt-tpg-container-3660588277 .isotope2 .rt-holder .overlay, #rt-tpg-container-3660588277 .carousel2 .rt-holder .overlay,#rt-tpg-container-3660588277 .layout15 .rt-holder h3, #rt-tpg-container-3660588277 .isotope11 .rt-holder h3, #rt-tpg-container-3660588277 .carousel11 .rt-holder h3, #rt-tpg-container-3660588277 .layout16 .rt-holder h3,\n\t\t\t\t\t#rt-tpg-container-3660588277 .isotope12 .rt-holder h3, #rt-tpg-container-3660588277 .carousel12 .rt-holder h3 {background-color:rgba(160,31,36,0.8);}#rt-tpg-container-3660588277 .read-more a{border-radius:px;}#rt-tpg-container-3660588277 .rt-img-holder img.rt-img-responsive,#rt-tpg-container-3660588277 .rt-img-holder,\n\t\t\t\t\t#rt-tpg-container-3660588277 .rt-post-overlay .post-img,\n\t\t\t\t\t#rt-tpg-container-3660588277 .post-sm .post-img,\n\t\t\t\t\t#rt-tpg-container-3660588277 .rt-post-grid .post-img,\n\t\t\t\t\t#rt-tpg-container-3660588277 .post-img img {border-radius:px;}<\/style><div class='rt-container-fluid rt-tpg-container tpg-shortcode-main-wrapper ' id='rt-tpg-container-3660588277'   data-layout='layout1' data-grid-style='even' data-desktop-col='3'  data-tab-col='2'  data-mobile-col='1' data-sc-id='2676'><div data-title='Loading ...' class='rt-row rt-content-loader   layout1 tpg-even '><p>No post found<\/p><\/div><\/div>\n","protected":false},"excerpt":{"rendered":"<p>El&nbsp;Programa Accede&nbsp;es sistema de pr\u00e9stamo para facilitar los libros de texto y material curricular a los alumnos de Educaci\u00f3n Primaria, Educaci\u00f3n Secundaria Obligatoria y Formaci\u00f3n Profesional B\u00e1sica, que cursen sus estudios en los centros docentes sostenidos con fondos p\u00fablicos en la Comunidad de Madrid, incluyendo los alumnos escolarizados en centros sostenidos con fondos p\u00fablicos de [&hellip;]<\/p>\n","protected":false},"author":2,"featured_media":0,"parent":0,"menu_order":0,"comment_status":"closed","ping_status":"closed","template":"","meta":{"footnotes":""},"folder":[],"class_list":["post-1228","page","type-page","status-publish","hentry"],"rttpg_featured_image_url":null,"rttpg_author":{"display_name":"tic.ies.principefelipe.madrid","author_link":"https:\/\/site.educa.madrid.org\/ies.principefelipe.madrid\/index.php\/author\/cuenta_tic-ies-principefelipe-madrid\/"},"rttpg_comment":0,"rttpg_category":false,"rttpg_excerpt":"El&nbsp;Programa Accede&nbsp;es sistema de pr\u00e9stamo para facilitar los libros de texto y material curricular a los alumnos de Educaci\u00f3n Primaria, Educaci\u00f3n Secundaria Obligatoria y Formaci\u00f3n Profesional B\u00e1sica, que cursen sus estudios en los centros docentes sostenidos con fondos p\u00fablicos en la Comunidad de Madrid, incluyendo los alumnos escolarizados en centros sostenidos con fondos p\u00fablicos de&hellip;","post_mailing_queue_ids":[],"_links":{"self":[{"href":"https:\/\/site.educa.madrid.org\/ies.principefelipe.madrid\/index.php\/wp-json\/wp\/v2\/pages\/1228","targetHints":{"allow":["GET"]}}],"collection":[{"href":"https:\/\/site.educa.madrid.org\/ies.principefelipe.madrid\/index.php\/wp-json\/wp\/v2\/pages"}],"about":[{"href":"https:\/\/site.educa.madrid.org\/ies.principefelipe.madrid\/index.php\/wp-json\/wp\/v2\/types\/page"}],"author":[{"embeddable":true,"href":"https:\/\/site.educa.madrid.org\/ies.principefelipe.madrid\/index.php\/wp-json\/wp\/v2\/users\/2"}],"replies":[{"embeddable":true,"href":"https:\/\/site.educa.madrid.org\/ies.principefelipe.madrid\/index.php\/wp-json\/wp\/v2\/comments?post=1228"}],"version-history":[{"count":20,"href":"https:\/\/site.educa.madrid.org\/ies.principefelipe.madrid\/index.php\/wp-json\/wp\/v2\/pages\/1228\/revisions"}],"predecessor-version":[{"id":3961,"href":"https:\/\/site.educa.madrid.org\/ies.principefelipe.madrid\/index.php\/wp-json\/wp\/v2\/pages\/1228\/revisions\/3961"}],"wp:attachment":[{"href":"https:\/\/site.educa.madrid.org\/ies.principefelipe.madrid\/index.php\/wp-json\/wp\/v2\/media?parent=1228"}],"wp:term":[{"taxonomy":"folder","embeddable":true,"href":"https:\/\/site.educa.madrid.org\/ies.principefelipe.madrid\/index.php\/wp-json\/wp\/v2\/folder?post=1228"}],"curies":[{"name":"wp","href":"https:\/\/api.w.org\/{rel}","templated":true}]}}