{"id":1669,"date":"2025-05-14T15:11:04","date_gmt":"2025-05-14T13:11:04","guid":{"rendered":"https:\/\/site.educa.madrid.org\/ies.principefelipe.madrid\/?page_id=1669"},"modified":"2025-05-17T16:43:14","modified_gmt":"2025-05-17T14:43:14","slug":"grado-superior-distancia","status":"publish","type":"page","link":"https:\/\/site.educa.madrid.org\/ies.principefelipe.madrid\/index.php\/grado-superior-distancia\/","title":{"rendered":"Grado Superior Virtual"},"content":{"rendered":"\n<figure class=\"wp-block-image size-large\"><img loading=\"lazy\" decoding=\"async\" width=\"1024\" height=\"261\" src=\"https:\/\/site.educa.madrid.org\/ies.principefelipe.madrid\/\/wp-content\/uploads\/ies.principefelipe.madrid\/2025\/05\/fp-gs-dis-1024x261.png\" alt=\"\" class=\"wp-image-2039\" srcset=\"https:\/\/site.educa.madrid.org\/ies.principefelipe.madrid\/\/wp-content\/uploads\/ies.principefelipe.madrid\/2025\/05\/fp-gs-dis-1024x261.png 1024w, https:\/\/site.educa.madrid.org\/ies.principefelipe.madrid\/\/wp-content\/uploads\/ies.principefelipe.madrid\/2025\/05\/fp-gs-dis-300x76.png 300w, https:\/\/site.educa.madrid.org\/ies.principefelipe.madrid\/\/wp-content\/uploads\/ies.principefelipe.madrid\/2025\/05\/fp-gs-dis-768x195.png 768w, https:\/\/site.educa.madrid.org\/ies.principefelipe.madrid\/\/wp-content\/uploads\/ies.principefelipe.madrid\/2025\/05\/fp-gs-dis-1536x391.png 1536w, https:\/\/site.educa.madrid.org\/ies.principefelipe.madrid\/\/wp-content\/uploads\/ies.principefelipe.madrid\/2025\/05\/fp-gs-dis.png 1902w\" sizes=\"auto, (max-width: 1024px) 100vw, 1024px\" \/><\/figure>\n\n\n\n<h2 class=\"wp-block-heading\">\u00bfQu\u00e9 puedes estudiar en nuestro centro?<\/h2>\n\n\n\n<figure class=\"wp-block-image size-large\"><img loading=\"lazy\" decoding=\"async\" width=\"1024\" height=\"261\" src=\"https:\/\/site.educa.madrid.org\/ies.principefelipe.madrid\/\/wp-content\/uploads\/ies.principefelipe.madrid\/2025\/05\/fp-gs-dis-2-1024x261.png\" alt=\"\" class=\"wp-image-2041\" srcset=\"https:\/\/site.educa.madrid.org\/ies.principefelipe.madrid\/\/wp-content\/uploads\/ies.principefelipe.madrid\/2025\/05\/fp-gs-dis-2-1024x261.png 1024w, https:\/\/site.educa.madrid.org\/ies.principefelipe.madrid\/\/wp-content\/uploads\/ies.principefelipe.madrid\/2025\/05\/fp-gs-dis-2-300x76.png 300w, https:\/\/site.educa.madrid.org\/ies.principefelipe.madrid\/\/wp-content\/uploads\/ies.principefelipe.madrid\/2025\/05\/fp-gs-dis-2-768x195.png 768w, https:\/\/site.educa.madrid.org\/ies.principefelipe.madrid\/\/wp-content\/uploads\/ies.principefelipe.madrid\/2025\/05\/fp-gs-dis-2-1536x391.png 1536w, https:\/\/site.educa.madrid.org\/ies.principefelipe.madrid\/\/wp-content\/uploads\/ies.principefelipe.madrid\/2025\/05\/fp-gs-dis-2.png 1902w\" sizes=\"auto, (max-width: 1024px) 100vw, 1024px\" \/><\/figure>\n\n\n\n<div class=\"wp-block-columns is-layout-flex wp-container-core-columns-is-layout-28f84493 wp-block-columns-is-layout-flex\">\n<div class=\"wp-block-column is-layout-flow wp-block-column-is-layout-flow\">\n<figure class=\"wp-block-image aligncenter size-thumbnail\"><a href=\"https:\/\/site.educa.madrid.org\/ies.principefelipe.madrid\/index.php\/formacion-profesional\/\"><img loading=\"lazy\" decoding=\"async\" width=\"150\" height=\"150\" src=\"https:\/\/site.educa.madrid.org\/ies.principefelipe.madrid\/\/wp-content\/uploads\/ies.principefelipe.madrid\/2025\/05\/1-9-150x150.png\" alt=\"\" class=\"wp-image-1946\" srcset=\"https:\/\/site.educa.madrid.org\/ies.principefelipe.madrid\/\/wp-content\/uploads\/ies.principefelipe.madrid\/2025\/05\/1-9-150x150.png 150w, https:\/\/site.educa.madrid.org\/ies.principefelipe.madrid\/\/wp-content\/uploads\/ies.principefelipe.madrid\/2025\/05\/1-9-300x300.png 300w, https:\/\/site.educa.madrid.org\/ies.principefelipe.madrid\/\/wp-content\/uploads\/ies.principefelipe.madrid\/2025\/05\/1-9-1024x1024.png 1024w, https:\/\/site.educa.madrid.org\/ies.principefelipe.madrid\/\/wp-content\/uploads\/ies.principefelipe.madrid\/2025\/05\/1-9-768x768.png 768w, https:\/\/site.educa.madrid.org\/ies.principefelipe.madrid\/\/wp-content\/uploads\/ies.principefelipe.madrid\/2025\/05\/1-9-500x500.png 500w, https:\/\/site.educa.madrid.org\/ies.principefelipe.madrid\/\/wp-content\/uploads\/ies.principefelipe.madrid\/2025\/05\/1-9-400x400.png 400w, https:\/\/site.educa.madrid.org\/ies.principefelipe.madrid\/\/wp-content\/uploads\/ies.principefelipe.madrid\/2025\/05\/1-9-100x100.png 100w, https:\/\/site.educa.madrid.org\/ies.principefelipe.madrid\/\/wp-content\/uploads\/ies.principefelipe.madrid\/2025\/05\/1-9-375x375.png 375w, https:\/\/site.educa.madrid.org\/ies.principefelipe.madrid\/\/wp-content\/uploads\/ies.principefelipe.madrid\/2025\/05\/1-9.png 1080w\" sizes=\"auto, (max-width: 150px) 100vw, 150px\" \/><\/a><\/figure>\n<\/div>\n\n\n\n<div class=\"wp-block-column is-layout-flow wp-block-column-is-layout-flow\">\n<figure class=\"wp-block-image aligncenter size-thumbnail\"><img loading=\"lazy\" decoding=\"async\" width=\"150\" height=\"150\" src=\"https:\/\/site.educa.madrid.org\/ies.principefelipe.madrid\/\/wp-content\/uploads\/ies.principefelipe.madrid\/2025\/05\/3-8-150x150.png\" alt=\"\" class=\"wp-image-1945\" srcset=\"https:\/\/site.educa.madrid.org\/ies.principefelipe.madrid\/\/wp-content\/uploads\/ies.principefelipe.madrid\/2025\/05\/3-8-150x150.png 150w, https:\/\/site.educa.madrid.org\/ies.principefelipe.madrid\/\/wp-content\/uploads\/ies.principefelipe.madrid\/2025\/05\/3-8-300x300.png 300w, https:\/\/site.educa.madrid.org\/ies.principefelipe.madrid\/\/wp-content\/uploads\/ies.principefelipe.madrid\/2025\/05\/3-8-1024x1024.png 1024w, https:\/\/site.educa.madrid.org\/ies.principefelipe.madrid\/\/wp-content\/uploads\/ies.principefelipe.madrid\/2025\/05\/3-8-768x768.png 768w, https:\/\/site.educa.madrid.org\/ies.principefelipe.madrid\/\/wp-content\/uploads\/ies.principefelipe.madrid\/2025\/05\/3-8-500x500.png 500w, https:\/\/site.educa.madrid.org\/ies.principefelipe.madrid\/\/wp-content\/uploads\/ies.principefelipe.madrid\/2025\/05\/3-8-400x400.png 400w, https:\/\/site.educa.madrid.org\/ies.principefelipe.madrid\/\/wp-content\/uploads\/ies.principefelipe.madrid\/2025\/05\/3-8-100x100.png 100w, https:\/\/site.educa.madrid.org\/ies.principefelipe.madrid\/\/wp-content\/uploads\/ies.principefelipe.madrid\/2025\/05\/3-8-375x375.png 375w, https:\/\/site.educa.madrid.org\/ies.principefelipe.madrid\/\/wp-content\/uploads\/ies.principefelipe.madrid\/2025\/05\/3-8.png 1080w\" sizes=\"auto, (max-width: 150px) 100vw, 150px\" \/><\/figure>\n<\/div>\n\n\n\n<div class=\"wp-block-column is-layout-flow wp-block-column-is-layout-flow\">\n<figure class=\"wp-block-image aligncenter size-thumbnail\"><a href=\"https:\/\/site.educa.madrid.org\/ies.principefelipe.madrid\/index.php\/grado-superior-distancia-admision\/\"><img loading=\"lazy\" decoding=\"async\" width=\"150\" height=\"150\" src=\"https:\/\/site.educa.madrid.org\/ies.principefelipe.madrid\/\/wp-content\/uploads\/ies.principefelipe.madrid\/2025\/05\/2-9-150x150.png\" alt=\"\" class=\"wp-image-1944\" srcset=\"https:\/\/site.educa.madrid.org\/ies.principefelipe.madrid\/\/wp-content\/uploads\/ies.principefelipe.madrid\/2025\/05\/2-9-150x150.png 150w, https:\/\/site.educa.madrid.org\/ies.principefelipe.madrid\/\/wp-content\/uploads\/ies.principefelipe.madrid\/2025\/05\/2-9-300x300.png 300w, https:\/\/site.educa.madrid.org\/ies.principefelipe.madrid\/\/wp-content\/uploads\/ies.principefelipe.madrid\/2025\/05\/2-9-1024x1024.png 1024w, https:\/\/site.educa.madrid.org\/ies.principefelipe.madrid\/\/wp-content\/uploads\/ies.principefelipe.madrid\/2025\/05\/2-9-768x768.png 768w, https:\/\/site.educa.madrid.org\/ies.principefelipe.madrid\/\/wp-content\/uploads\/ies.principefelipe.madrid\/2025\/05\/2-9-500x500.png 500w, https:\/\/site.educa.madrid.org\/ies.principefelipe.madrid\/\/wp-content\/uploads\/ies.principefelipe.madrid\/2025\/05\/2-9-400x400.png 400w, https:\/\/site.educa.madrid.org\/ies.principefelipe.madrid\/\/wp-content\/uploads\/ies.principefelipe.madrid\/2025\/05\/2-9-100x100.png 100w, https:\/\/site.educa.madrid.org\/ies.principefelipe.madrid\/\/wp-content\/uploads\/ies.principefelipe.madrid\/2025\/05\/2-9-375x375.png 375w, https:\/\/site.educa.madrid.org\/ies.principefelipe.madrid\/\/wp-content\/uploads\/ies.principefelipe.madrid\/2025\/05\/2-9.png 1080w\" sizes=\"auto, (max-width: 150px) 100vw, 150px\" \/><\/a><\/figure>\n<\/div>\n<\/div>\n\n\n\n<h2 class=\"wp-block-heading\">Preguntas Frecuentes<\/h2>\n\n\n\n<h3 class=\"wp-block-heading\" id=\"title_1\">\u00bfCu\u00e1ndo es la Matr\u00edcula?<\/h3>\n\n\n\n<p>Normalmente en septiembre, como puede cambiar es importante consultar a finales de Junio en esta misma p\u00e1gina<\/p>\n\n\n\n<h3 class=\"wp-block-heading\" id=\"title_2\">\u00bfCu\u00e1les son los criterios de admisi\u00f3n?<\/h3>\n\n\n\n<p>Aunque hay que consultar las instrucciones anuales normalmente la prioridad es:<\/p>\n\n\n\n<p id=\"viewer-f4xxr1253316\">Grupo 1 experiencia en el sector.<\/p>\n\n\n\n<p id=\"viewer-48uhd1253317\">Grupo 2: experiencia en otros sectores<\/p>\n\n\n\n<p id=\"viewer-tb0y31253318\">Grupo 3: sin experiencia<\/p>\n\n\n\n<p>\u200bNormalmente los 2 primeros grupos tiene plaza.<\/p>\n\n\n\n<h3 class=\"wp-block-heading\" id=\"title_3\">\u00bfEs obligatoria la Asistencia?<\/h3>\n\n\n\n<p>No es obligatoria aunque hay tutor\u00edas presenciales aproximadamente cada 2 o 3 semanas por m\u00f3dulo y es muy recomendable asistir. Tambi\u00e9n hay sesiones virtuales.<\/p>\n\n\n\n<h3 class=\"wp-block-heading\" id=\"title_4\">\u00bfCu\u00e1nto cuesta?<\/h3>\n\n\n\n<p>Se deben consultar cada a\u00f1o los precios p\u00fablicos.<\/p>\n\n\n\n<p id=\"viewer-wc4441253342\">Los candidatos que se matriculen en este r\u00e9gimen de ense\u00f1anzas en los ciclos formativos de grado superior abonar\u00e1n por cada m\u00f3dulo profesional en el que se matriculen, el precio p\u00fablico establecido en la ORDEN 2615\/2017, de 13 de julio, por la que se dictan normas para la aplicaci\u00f3n de los precios p\u00fablicos correspondientes a la matriculaci\u00f3n por m\u00f3dulo profesional de grado superior en r\u00e9gimen a distancia.<\/p>\n\n\n\n<p id=\"viewer-1ci9x1253343\">Actualmente el precio es de 60 euros por m\u00f3dulo cuando se cursa por primera vez y 120 euros en caso de repetici\u00f3n<\/p>\n\n\n\n<h3 class=\"wp-block-heading\" id=\"title_5\">\u00bfCu\u00e1ndo son los Ex\u00e1menes?<\/h3>\n\n\n\n<p>En junio<\/p>\n\n\n\n<p>A principios de mes la convocatoria ordinaria y a finales la extraordinaria.<\/p>\n\n\n\n<h3 class=\"wp-block-heading\" id=\"title_6\">\u00bfHay que hacer trabajos?<\/h3>\n\n\n\n<p>Depende de cada m\u00f3dulo. Siempre habr\u00e1 por cada m\u00f3dulo una prueba presencial obligatoria<\/p>\n\n\n\n<h3 class=\"wp-block-heading\" id=\"title_7\">\u00bfD\u00f3nde esta el temario, tengo que comprar libros? \u00ab<\/h3>\n\n\n\n<p>La matr\u00edcula permite el acceso a una plataforma online donde est\u00e1 toda la informaci\u00f3n. Ocasionalmente alg\u00fan profesor puede pedir libros de lectura<\/p>\n\n\n\n<h3 class=\"wp-block-heading\" id=\"title_8\">\u00bfCu\u00e1nto dura el ciclo?<\/h3>\n\n\n\n<p id=\"viewer-qlug81253381\">El Ciclo tiene una duraci\u00f3n de 2000 horas. En la modalidad virtual, debido a la flexibilidad que permite, la duraci\u00f3n es variable en funci\u00f3n de las opciones que tome el alumno y de las plazas disponibles ese curso.<\/p>\n\n\n\n<p id=\"viewer-cuiey1253382\">\u200bLa duraci\u00f3n m\u00ednima ser\u00eda de 2 cursos acad\u00e9micos.  <\/p>\n\n\n\n<h2 class=\"wp-block-heading\">\u00bfHay pr\u00e1cticas?<\/h2>\n\n\n\n<p>En la modalidad virtual deben hacerse igualmente 500 horas de formaci\u00f3n en empresa. Estas Fase es <strong>PRESENCIAL <\/strong>y debe realizarse en la Comunidad de Madrid<\/p>\n\n\n\n<p><\/p>\n","protected":false},"excerpt":{"rendered":"<p>\u00bfQu\u00e9 puedes estudiar en nuestro centro? Preguntas Frecuentes \u00bfCu\u00e1ndo es la Matr\u00edcula? Normalmente en septiembre, como puede cambiar es importante consultar a finales de Junio en esta misma p\u00e1gina \u00bfCu\u00e1les son los criterios de admisi\u00f3n? Aunque hay que consultar las instrucciones anuales normalmente la prioridad es: Grupo 1 experiencia en el sector. Grupo 2: experiencia [&hellip;]<\/p>\n","protected":false},"author":2,"featured_media":0,"parent":0,"menu_order":0,"comment_status":"closed","ping_status":"closed","template":"","meta":{"footnotes":""},"folder":[],"class_list":["post-1669","page","type-page","status-publish","hentry"],"rttpg_featured_image_url":null,"rttpg_author":{"display_name":"tic.ies.principefelipe.madrid","author_link":"https:\/\/site.educa.madrid.org\/ies.principefelipe.madrid\/index.php\/author\/cuenta_tic-ies-principefelipe-madrid\/"},"rttpg_comment":0,"rttpg_category":false,"rttpg_excerpt":"\u00bfQu\u00e9 puedes estudiar en nuestro centro? Preguntas Frecuentes \u00bfCu\u00e1ndo es la Matr\u00edcula? Normalmente en septiembre, como puede cambiar es importante consultar a finales de Junio en esta misma p\u00e1gina \u00bfCu\u00e1les son los criterios de admisi\u00f3n? Aunque hay que consultar las instrucciones anuales normalmente la prioridad es: Grupo 1 experiencia en el sector. Grupo 2: experiencia&hellip;","post_mailing_queue_ids":[],"_links":{"self":[{"href":"https:\/\/site.educa.madrid.org\/ies.principefelipe.madrid\/index.php\/wp-json\/wp\/v2\/pages\/1669","targetHints":{"allow":["GET"]}}],"collection":[{"href":"https:\/\/site.educa.madrid.org\/ies.principefelipe.madrid\/index.php\/wp-json\/wp\/v2\/pages"}],"about":[{"href":"https:\/\/site.educa.madrid.org\/ies.principefelipe.madrid\/index.php\/wp-json\/wp\/v2\/types\/page"}],"author":[{"embeddable":true,"href":"https:\/\/site.educa.madrid.org\/ies.principefelipe.madrid\/index.php\/wp-json\/wp\/v2\/users\/2"}],"replies":[{"embeddable":true,"href":"https:\/\/site.educa.madrid.org\/ies.principefelipe.madrid\/index.php\/wp-json\/wp\/v2\/comments?post=1669"}],"version-history":[{"count":5,"href":"https:\/\/site.educa.madrid.org\/ies.principefelipe.madrid\/index.php\/wp-json\/wp\/v2\/pages\/1669\/revisions"}],"predecessor-version":[{"id":2042,"href":"https:\/\/site.educa.madrid.org\/ies.principefelipe.madrid\/index.php\/wp-json\/wp\/v2\/pages\/1669\/revisions\/2042"}],"wp:attachment":[{"href":"https:\/\/site.educa.madrid.org\/ies.principefelipe.madrid\/index.php\/wp-json\/wp\/v2\/media?parent=1669"}],"wp:term":[{"taxonomy":"folder","embeddable":true,"href":"https:\/\/site.educa.madrid.org\/ies.principefelipe.madrid\/index.php\/wp-json\/wp\/v2\/folder?post=1669"}],"curies":[{"name":"wp","href":"https:\/\/api.w.org\/{rel}","templated":true}]}}