{"id":286,"date":"2022-05-10T18:08:10","date_gmt":"2022-05-10T16:08:10","guid":{"rendered":"https:\/\/site.educa.madrid.org\/ies.rodriguezdevalcarcel.madrid\/?page_id=286"},"modified":"2025-12-11T22:03:15","modified_gmt":"2025-12-11T21:03:15","slug":"planes-y-documentos","status":"publish","type":"page","link":"https:\/\/site.educa.madrid.org\/ies.rodriguezdevalcarcel.madrid\/index.php\/planes-y-documentos\/","title":{"rendered":"Planes y documentos"},"content":{"rendered":"\n<p>Aqu\u00ed puedes consultar los principales documentos que marcan nuestra filosof\u00eda de trabajo, nuestros planes de formaci\u00f3n y mejora y una gu\u00eda espec\u00edfica para nuestro alumnado.<\/p>\n\n\n\n<p><a href=\"https:\/\/site.educa.madrid.org\/ies.rodriguezdevalcarcel.madrid\/\/wp-content\/uploads\/ies.rodriguezdevalcarcel.madrid\/2024\/11\/Proyecto-Educativo-IES-CMR-VALCARCEL.pdf\" target=\"_blank\" rel=\"noreferrer noopener\">Proyecto Educativo<\/a><\/p>\n\n\n\n<p><a href=\"https:\/\/site.educa.madrid.org\/ies.rodriguezdevalcarcel.madrid\/\/wp-content\/uploads\/ies.rodriguezdevalcarcel.madrid\/2025\/12\/PLAN-DE-CONVIVENCIA-IFP-CMR-VALCARCEL_diciembre-2025.pdf\" target=\"_blank\" rel=\"noreferrer noopener\">Plan de Convivencia<\/a><\/p>\n\n\n\n<p><a href=\"https:\/\/site.educa.madrid.org\/ies.rodriguezdevalcarcel.madrid\/\/wp-content\/uploads\/ies.rodriguezdevalcarcel.madrid\/2025\/10\/Plan-Digital-de-Centro-2025-26.pdf\" target=\"_blank\" rel=\"noreferrer noopener\">Plan Digital de Centro<\/a><\/p>\n\n\n\n<p><a href=\"https:\/\/site.educa.madrid.org\/ies.rodriguezdevalcarcel.madrid\/\/wp-content\/uploads\/ies.rodriguezdevalcarcel.madrid\/2025\/10\/PGA-IFP-CMR-Valcarcel-2025-26.pdf\" target=\"_blank\" rel=\"noreferrer noopener\">Programaci\u00f3n General Anual<\/a><\/p>\n\n\n\n<p><a rel=\"noreferrer noopener\" href=\"https:\/\/site.educa.madrid.org\/ies.rodriguezdevalcarcel.madrid\/\/wp-content\/uploads\/ies.rodriguezdevalcarcel.madrid\/2025\/10\/Plan-Incluyo-2025-26.pdf\" target=\"_blank\">Plan Incluyo<\/a><\/p>\n\n\n\n<p><a href=\"https:\/\/site.educa.madrid.org\/ies.rodriguezdevalcarcel.madrid\/\/wp-content\/uploads\/ies.rodriguezdevalcarcel.madrid\/2025\/10\/Plan-de-Accion-Tutorial-2025-26.pdf\" target=\"_blank\" rel=\"noreferrer noopener\">Plan de Acci\u00f3n Tutorial<\/a><\/p>\n\n\n\n<p><a href=\"https:\/\/site.educa.madrid.org\/ies.rodriguezdevalcarcel.madrid\/\/wp-content\/uploads\/ies.rodriguezdevalcarcel.madrid\/2025\/10\/Guia-alumnado_IFP-CMR-Valcarcel-2025-26.pdf\" target=\"_blank\" rel=\"noreferrer noopener\">Gu\u00eda del Alumnado<\/a> <\/p>\n\n\n\n<p><a href=\"https:\/\/site.educa.madrid.org\/ies.rodriguezdevalcarcel.madrid\/\/wp-content\/uploads\/ies.rodriguezdevalcarcel.madrid\/2025\/10\/Calendario-escolar_25-26.pdf\" target=\"_blank\" rel=\"noreferrer noopener\">Calendiario Escolar 2025-2026<\/a><\/p>\n\n\n\n<p><a rel=\"noreferrer noopener\" href=\"https:\/\/site.educa.madrid.org\/ies.rodriguezdevalcarcel.madrid\/\/wp-content\/uploads\/ies.rodriguezdevalcarcel.madrid\/2025\/10\/Plan-de-Orientacion-Academico-y-Profesional-2025-26.pdf\" target=\"_blank\">Plan de Orientaci\u00f3n Acad\u00e9mico y Profesional<\/a><\/p>\n\n\n\n<p><a href=\"https:\/\/site.educa.madrid.org\/ies.rodriguezdevalcarcel.madrid\/\/wp-content\/uploads\/ies.rodriguezdevalcarcel.madrid\/2023\/04\/POLITICA-AMBIENTAL_IFP-CRM-VALCARCEL_revisado.pdf\" target=\"_blank\" rel=\"noreferrer noopener\">Pol\u00edtica Ambiental<\/a><\/p>\n\n\n\n<p><a href=\"https:\/\/site.educa.madrid.org\/ies.rodriguezdevalcarcel.madrid\/\/wp-content\/uploads\/ies.rodriguezdevalcarcel.madrid\/2025\/03\/PLAN-DE-IGUALDAD-IFP-CMR-VALCARCEL.pdf\" target=\"_blank\" rel=\"noreferrer noopener\">Plan de igualdad IFP CMR Valc\u00e1rcel<\/a><\/p>\n","protected":false},"excerpt":{"rendered":"<p>Aqu\u00ed puedes consultar los principales documentos que marcan nuestra filosof\u00eda de trabajo, nuestros planes de formaci\u00f3n y mejora y una gu\u00eda espec\u00edfica [&hellip;]<\/p>\n","protected":false},"author":2,"featured_media":0,"parent":0,"menu_order":0,"comment_status":"closed","ping_status":"closed","template":"","meta":{"footnotes":""},"class_list":["post-286","page","type-page","status-publish","hentry"],"rttpg_featured_image_url":null,"rttpg_author":{"display_name":"tic.ies.rodriguezdevalcarcel.madrid","author_link":"https:\/\/site.educa.madrid.org\/ies.rodriguezdevalcarcel.madrid\/index.php\/author\/cuenta_tic-ies-rodriguezdevalcarcel-madrid\/"},"rttpg_comment":0,"rttpg_category":null,"rttpg_excerpt":"Aqu\u00ed puedes consultar los principales documentos que marcan nuestra filosof\u00eda de trabajo, nuestros planes de formaci\u00f3n y mejora y una gu\u00eda espec\u00edfica [&hellip;]","post_mailing_queue_ids":[],"_links":{"self":[{"href":"https:\/\/site.educa.madrid.org\/ies.rodriguezdevalcarcel.madrid\/index.php\/wp-json\/wp\/v2\/pages\/286","targetHints":{"allow":["GET"]}}],"collection":[{"href":"https:\/\/site.educa.madrid.org\/ies.rodriguezdevalcarcel.madrid\/index.php\/wp-json\/wp\/v2\/pages"}],"about":[{"href":"https:\/\/site.educa.madrid.org\/ies.rodriguezdevalcarcel.madrid\/index.php\/wp-json\/wp\/v2\/types\/page"}],"author":[{"embeddable":true,"href":"https:\/\/site.educa.madrid.org\/ies.rodriguezdevalcarcel.madrid\/index.php\/wp-json\/wp\/v2\/users\/2"}],"replies":[{"embeddable":true,"href":"https:\/\/site.educa.madrid.org\/ies.rodriguezdevalcarcel.madrid\/index.php\/wp-json\/wp\/v2\/comments?post=286"}],"version-history":[{"count":21,"href":"https:\/\/site.educa.madrid.org\/ies.rodriguezdevalcarcel.madrid\/index.php\/wp-json\/wp\/v2\/pages\/286\/revisions"}],"predecessor-version":[{"id":3656,"href":"https:\/\/site.educa.madrid.org\/ies.rodriguezdevalcarcel.madrid\/index.php\/wp-json\/wp\/v2\/pages\/286\/revisions\/3656"}],"wp:attachment":[{"href":"https:\/\/site.educa.madrid.org\/ies.rodriguezdevalcarcel.madrid\/index.php\/wp-json\/wp\/v2\/media?parent=286"}],"curies":[{"name":"wp","href":"https:\/\/api.w.org\/{rel}","templated":true}]}}