{"id":290,"date":"2022-05-10T18:08:50","date_gmt":"2022-05-10T16:08:50","guid":{"rendered":"https:\/\/site.educa.madrid.org\/ies.rodriguezdevalcarcel.madrid\/?page_id=290"},"modified":"2022-06-22T21:26:36","modified_gmt":"2022-06-22T19:26:36","slug":"fol","status":"publish","type":"page","link":"https:\/\/site.educa.madrid.org\/ies.rodriguezdevalcarcel.madrid\/index.php\/fol\/","title":{"rendered":"FOL"},"content":{"rendered":"\n<p>El Departamento de Formaci\u00f3n y Orientaci\u00f3n Laboral es un departamento did\u00e1ctico que imparte m\u00f3dulos transversales. Actualmente imparte dos m\u00f3dulos, el m\u00f3dulo de Formaci\u00f3n y Orientaci\u00f3n Laboral y el m\u00f3dulo de Empresa e Iniciativa Emprendedora, ambos presentes en el curr\u00edculo de todos los Ciclos Formativos de la LOE.<\/p>\n\n\n\n<p>Adem\u00e1s de la labor docente el departamento trabaja directamente en el fomento del <strong>esp\u00edritu emprendedor <\/strong>como v\u00eda de inserci\u00f3n en el mercado de trabajo y en el fomento de la cultura de la <strong>Prevenci\u00f3n de Riesgos Laborales<\/strong>, asumiendo tareas relacionadas con la prevenci\u00f3n en el centro y realizando actividades diversas relacionadas con la salud laboral. En esta l\u00ednea, se organizan jornadas t\u00e9cnicas de prevenci\u00f3n y de emprendimiento todos los a\u00f1os.<\/p>\n\n\n\n<p>Dentro del departamento se realizan labores de asesor\u00eda (tanto laboral como de emprendimiento) y de informaci\u00f3n y orientaci\u00f3n profesional, con todos aquellos alumnos y exalumnos del centro que tienen est\u00e1 necesidad. Tambi\u00e9n gestiona aquellas <strong>ofertas de empleo<\/strong> que llegan al centro de empresas del sector y las canaliza hacia los alumnos y exalumnos que cumplan los requisitos marcados en dichas ofertas.<\/p>\n\n\n\n<p>Contacto: <a href=\"mailto:depfol.ies.rodriguezdevalcarcel.madrid@educa.madrid.org\">depfol.ies.rodriguezdevalcarcel.madrid@educa.madrid.org<\/a><\/p>\n","protected":false},"excerpt":{"rendered":"<p>El Departamento de Formaci\u00f3n y Orientaci\u00f3n Laboral es un departamento did\u00e1ctico que imparte m\u00f3dulos transversales. Actualmente imparte dos m\u00f3dulos, el m\u00f3dulo de [&hellip;]<\/p>\n","protected":false},"author":2,"featured_media":0,"parent":0,"menu_order":0,"comment_status":"closed","ping_status":"closed","template":"","meta":{"footnotes":""},"class_list":["post-290","page","type-page","status-publish","hentry"],"rttpg_featured_image_url":null,"rttpg_author":{"display_name":"tic.ies.rodriguezdevalcarcel.madrid","author_link":"https:\/\/site.educa.madrid.org\/ies.rodriguezdevalcarcel.madrid\/index.php\/author\/cuenta_tic-ies-rodriguezdevalcarcel-madrid\/"},"rttpg_comment":0,"rttpg_category":null,"rttpg_excerpt":"El Departamento de Formaci\u00f3n y Orientaci\u00f3n Laboral es un departamento did\u00e1ctico que imparte m\u00f3dulos transversales. Actualmente imparte dos m\u00f3dulos, el m\u00f3dulo de [&hellip;]","post_mailing_queue_ids":[],"_links":{"self":[{"href":"https:\/\/site.educa.madrid.org\/ies.rodriguezdevalcarcel.madrid\/index.php\/wp-json\/wp\/v2\/pages\/290","targetHints":{"allow":["GET"]}}],"collection":[{"href":"https:\/\/site.educa.madrid.org\/ies.rodriguezdevalcarcel.madrid\/index.php\/wp-json\/wp\/v2\/pages"}],"about":[{"href":"https:\/\/site.educa.madrid.org\/ies.rodriguezdevalcarcel.madrid\/index.php\/wp-json\/wp\/v2\/types\/page"}],"author":[{"embeddable":true,"href":"https:\/\/site.educa.madrid.org\/ies.rodriguezdevalcarcel.madrid\/index.php\/wp-json\/wp\/v2\/users\/2"}],"replies":[{"embeddable":true,"href":"https:\/\/site.educa.madrid.org\/ies.rodriguezdevalcarcel.madrid\/index.php\/wp-json\/wp\/v2\/comments?post=290"}],"version-history":[{"count":7,"href":"https:\/\/site.educa.madrid.org\/ies.rodriguezdevalcarcel.madrid\/index.php\/wp-json\/wp\/v2\/pages\/290\/revisions"}],"predecessor-version":[{"id":1228,"href":"https:\/\/site.educa.madrid.org\/ies.rodriguezdevalcarcel.madrid\/index.php\/wp-json\/wp\/v2\/pages\/290\/revisions\/1228"}],"wp:attachment":[{"href":"https:\/\/site.educa.madrid.org\/ies.rodriguezdevalcarcel.madrid\/index.php\/wp-json\/wp\/v2\/media?parent=290"}],"curies":[{"name":"wp","href":"https:\/\/api.w.org\/{rel}","templated":true}]}}