{"id":330,"date":"2022-05-10T18:19:50","date_gmt":"2022-05-10T16:19:50","guid":{"rendered":"https:\/\/site.educa.madrid.org\/ies.rodriguezdevalcarcel.madrid\/?page_id=330"},"modified":"2022-06-16T20:56:07","modified_gmt":"2022-06-16T18:56:07","slug":"cortometrajes","status":"publish","type":"page","link":"https:\/\/site.educa.madrid.org\/ies.rodriguezdevalcarcel.madrid\/index.php\/cortometrajes\/","title":{"rendered":"Cortometrajes"},"content":{"rendered":"\n<p>El alumnado de primero de nuestros los ciclos formativos participa en todo el proceso de creaci\u00f3n de cortometrajes. Desde la escritura de los guiones a la postproducci\u00f3n de sonido.Producen, planifican, iluminan, graban, dirigen y montan cortometrajes. Trabajan en equipo de acuerdo a los roles profesionales de cada ciclo, siguiendo flujos y pautas de trabajo reales. Los cortometrajes se exponen a final de curso en nuestra Gala de los Cortos, en la que adem\u00e1s se premian tanto las categor\u00edas t\u00e9cnicas, como el mejor Corto.<\/p>\n\n\n\n<p><a href=\"https:\/\/www.youtube.com\/watch?v=3InMGfALd1U&amp;list=PL158TaBgj0pUZzFbTIb5YvEoQx2C64wcd\" target=\"_blank\" rel=\"noreferrer noopener\" class=\"youtube\">Canal de Youtube de cortometrajes<\/a><\/p>\n","protected":false},"excerpt":{"rendered":"<p>El alumnado de primero de nuestros los ciclos formativos participa en todo el proceso de creaci\u00f3n de cortometrajes. Desde la escritura de [&hellip;]<\/p>\n","protected":false},"author":2,"featured_media":0,"parent":0,"menu_order":0,"comment_status":"closed","ping_status":"closed","template":"","meta":{"footnotes":""},"class_list":["post-330","page","type-page","status-publish","hentry"],"rttpg_featured_image_url":null,"rttpg_author":{"display_name":"tic.ies.rodriguezdevalcarcel.madrid","author_link":"https:\/\/site.educa.madrid.org\/ies.rodriguezdevalcarcel.madrid\/index.php\/author\/cuenta_tic-ies-rodriguezdevalcarcel-madrid\/"},"rttpg_comment":0,"rttpg_category":null,"rttpg_excerpt":"El alumnado de primero de nuestros los ciclos formativos participa en todo el proceso de creaci\u00f3n de cortometrajes. Desde la escritura de [&hellip;]","post_mailing_queue_ids":[],"_links":{"self":[{"href":"https:\/\/site.educa.madrid.org\/ies.rodriguezdevalcarcel.madrid\/index.php\/wp-json\/wp\/v2\/pages\/330","targetHints":{"allow":["GET"]}}],"collection":[{"href":"https:\/\/site.educa.madrid.org\/ies.rodriguezdevalcarcel.madrid\/index.php\/wp-json\/wp\/v2\/pages"}],"about":[{"href":"https:\/\/site.educa.madrid.org\/ies.rodriguezdevalcarcel.madrid\/index.php\/wp-json\/wp\/v2\/types\/page"}],"author":[{"embeddable":true,"href":"https:\/\/site.educa.madrid.org\/ies.rodriguezdevalcarcel.madrid\/index.php\/wp-json\/wp\/v2\/users\/2"}],"replies":[{"embeddable":true,"href":"https:\/\/site.educa.madrid.org\/ies.rodriguezdevalcarcel.madrid\/index.php\/wp-json\/wp\/v2\/comments?post=330"}],"version-history":[{"count":2,"href":"https:\/\/site.educa.madrid.org\/ies.rodriguezdevalcarcel.madrid\/index.php\/wp-json\/wp\/v2\/pages\/330\/revisions"}],"predecessor-version":[{"id":1083,"href":"https:\/\/site.educa.madrid.org\/ies.rodriguezdevalcarcel.madrid\/index.php\/wp-json\/wp\/v2\/pages\/330\/revisions\/1083"}],"wp:attachment":[{"href":"https:\/\/site.educa.madrid.org\/ies.rodriguezdevalcarcel.madrid\/index.php\/wp-json\/wp\/v2\/media?parent=330"}],"curies":[{"name":"wp","href":"https:\/\/api.w.org\/{rel}","templated":true}]}}