{"id":2291,"date":"2025-02-19T12:34:05","date_gmt":"2025-02-19T11:34:05","guid":{"rendered":"https:\/\/site.educa.madrid.org\/ies.rosachacel.madrid\/?page_id=2291"},"modified":"2025-02-19T12:34:05","modified_gmt":"2025-02-19T11:34:05","slug":"protocolo-de-denuncia-de-riesgo-sospecha-o-evidencia-de-consumo-de-drogas","status":"publish","type":"page","link":"https:\/\/site.educa.madrid.org\/ies.rosachacel.madrid\/index.php\/protocolo-de-denuncia-de-riesgo-sospecha-o-evidencia-de-consumo-de-drogas\/","title":{"rendered":"Protocolo de denuncia de riesgo, sospecha, o evidencia de consumo de drogas"},"content":{"rendered":"<p>El consumo de drogas es un grave problema con repercusiones, tanto en la persona que las consume, como en el conjunto de la sociedad.<\/p>\n<p>En el marco del protocolo de actuaci\u00f3n ante una situaci\u00f3n de posible riesgo, sospecha, o evidencia de consumo de drogas, se puede enviar una denuncia por correo electr\u00f3nico al correo:<br \/>\nbuzonfueradrogas@educa.madrid.org<\/p>\n<p>Tambi\u00e9n se puede usar el buz\u00f3n an\u00f3nimo:<br \/>\n<a href=\"https:\/\/buzonanonimo.educa.madrid.org\/\">https:\/\/buzonanonimo.educa.madrid.org\/<\/a><\/p>\n<p><img loading=\"lazy\" decoding=\"async\" class=\"alignnone size-medium wp-image-2289\" src=\"https:\/\/site.educa.madrid.org\/ies.rosachacel.madrid\/\/wp-content\/uploads\/ies.rosachacel.madrid\/2025\/02\/buzonDrogas-239x300.png\" alt=\"\" width=\"239\" height=\"300\" srcset=\"https:\/\/site.educa.madrid.org\/ies.rosachacel.madrid\/\/wp-content\/uploads\/ies.rosachacel.madrid\/2025\/02\/buzonDrogas-239x300.png 239w, https:\/\/site.educa.madrid.org\/ies.rosachacel.madrid\/\/wp-content\/uploads\/ies.rosachacel.madrid\/2025\/02\/buzonDrogas.png 533w\" sizes=\"auto, (max-width: 239px) 100vw, 239px\" \/><\/p>\n","protected":false},"excerpt":{"rendered":"<p>El consumo de drogas es un grave problema con repercusiones, tanto en la persona que las consume, como en el conjunto de la sociedad. En el marco del protocolo de actuaci\u00f3n ante una situaci\u00f3n de posible riesgo, sospecha, o evidencia de consumo de drogas, se puede enviar una denuncia por correo electr\u00f3nico al correo: buzonfueradrogas@educa.madrid.org<\/p><\/div>\n<div class=\"blog-btn\"><a href=\"https:\/\/site.educa.madrid.org\/ies.rosachacel.madrid\/index.php\/protocolo-de-denuncia-de-riesgo-sospecha-o-evidencia-de-consumo-de-drogas\/\" class=\"home-blog-btn\">Leer m\u00e1s<\/a><\/p>\n","protected":false},"author":2,"featured_media":0,"parent":0,"menu_order":0,"comment_status":"closed","ping_status":"closed","template":"","meta":{"footnotes":""},"folder":[],"class_list":["post-2291","page","type-page","status-publish","hentry"],"rttpg_featured_image_url":null,"rttpg_author":{"display_name":"tic.ies.rosachacel.madrid","author_link":"https:\/\/site.educa.madrid.org\/ies.rosachacel.madrid\/index.php\/author\/cuenta_tic-ies-rosachacel-madrid\/"},"rttpg_comment":0,"rttpg_category":false,"rttpg_excerpt":"El consumo de drogas es un grave problema con repercusiones, tanto en la persona que las consume, como en el conjunto de la sociedad. En el marco del protocolo de actuaci\u00f3n ante una situaci\u00f3n de posible riesgo, sospecha, o evidencia de consumo de drogas, se puede enviar una denuncia por correo electr\u00f3nico al correo: buzonfueradrogas@educa.madrid.orgLeer&hellip;","post_mailing_queue_ids":[],"_links":{"self":[{"href":"https:\/\/site.educa.madrid.org\/ies.rosachacel.madrid\/index.php\/wp-json\/wp\/v2\/pages\/2291","targetHints":{"allow":["GET"]}}],"collection":[{"href":"https:\/\/site.educa.madrid.org\/ies.rosachacel.madrid\/index.php\/wp-json\/wp\/v2\/pages"}],"about":[{"href":"https:\/\/site.educa.madrid.org\/ies.rosachacel.madrid\/index.php\/wp-json\/wp\/v2\/types\/page"}],"author":[{"embeddable":true,"href":"https:\/\/site.educa.madrid.org\/ies.rosachacel.madrid\/index.php\/wp-json\/wp\/v2\/users\/2"}],"replies":[{"embeddable":true,"href":"https:\/\/site.educa.madrid.org\/ies.rosachacel.madrid\/index.php\/wp-json\/wp\/v2\/comments?post=2291"}],"version-history":[{"count":1,"href":"https:\/\/site.educa.madrid.org\/ies.rosachacel.madrid\/index.php\/wp-json\/wp\/v2\/pages\/2291\/revisions"}],"predecessor-version":[{"id":2293,"href":"https:\/\/site.educa.madrid.org\/ies.rosachacel.madrid\/index.php\/wp-json\/wp\/v2\/pages\/2291\/revisions\/2293"}],"wp:attachment":[{"href":"https:\/\/site.educa.madrid.org\/ies.rosachacel.madrid\/index.php\/wp-json\/wp\/v2\/media?parent=2291"}],"wp:term":[{"taxonomy":"folder","embeddable":true,"href":"https:\/\/site.educa.madrid.org\/ies.rosachacel.madrid\/index.php\/wp-json\/wp\/v2\/folder?post=2291"}],"curies":[{"name":"wp","href":"https:\/\/api.w.org\/{rel}","templated":true}]}}