{"id":1183,"date":"2023-07-20T09:52:53","date_gmt":"2023-07-20T07:52:53","guid":{"rendered":"https:\/\/site.educa.madrid.org\/ies.salvadorallende.fuenlabrada\/?page_id=1183"},"modified":"2024-07-30T16:02:27","modified_gmt":"2024-07-30T14:02:27","slug":"fp-distancia-introduccion","status":"publish","type":"page","link":"https:\/\/site.educa.madrid.org\/ies.salvadorallende.fuenlabrada\/index.php\/fp-distancia-introduccion\/","title":{"rendered":"T\u00e9cnico Superior en Pr\u00f3tesis dentales modalidad virtual"},"content":{"rendered":"\n<p><\/p>\n\n\n<div\n\t\t\t\n\t\t\tclass=\"so-widget-sow-accordion so-widget-sow-accordion-default-65b7e56ac4bb\"\n\t\t\t data-max-open-panels=\"0\" data-initial-scroll-panel=\"0\"\n\t\t><div>\n\t<div class=\"sow-accordion\">\n\t\t\t<div class=\"sow-accordion-panel\"\n\t\t\t data-anchor=\"introducci%c3%b3n\">\n\t\t\t\t<div class=\"sow-accordion-panel-header-container\" role=\"heading\" aria-level=\"2\">\n\t\t\t\t\t<div class=\"sow-accordion-panel-header\" tabindex=\"0\" role=\"button\" id=\"accordion-label-introducci%c3%b3n\" aria-controls=\"accordion-content-introducci%c3%b3n\" aria-expanded=\"false\">\n\t\t\t\t\t\t<div class=\"sow-accordion-title sow-accordion-title-icon-left\">\n\t\t\t\t\t\t\t\t\t\t\t\t\t\tIntroducci\u00f3n\t\t\t\t\t\t\t\t\t\t\t\t\t<\/div>\n\t\t\t\t\t\t<div class=\"sow-accordion-open-close-button\">\n\t\t\t\t\t\t\t<div class=\"sow-accordion-open-button\">\n\t\t\t\t\t\t\t\t<span class=\"sow-icon-fontawesome sow-fas\" data-sow-icon=\"&#x2b;\"\n\t\t \n\t\taria-hidden=\"true\"><\/span>\t\t\t\t\t\t\t<\/div>\n\t\t\t\t\t\t\t<div class=\"sow-accordion-close-button\">\n\t\t\t\t\t\t\t\t<span class=\"sow-icon-fontawesome sow-fas\" data-sow-icon=\"&#xf068;\"\n\t\t \n\t\taria-hidden=\"true\"><\/span>\t\t\t\t\t\t\t<\/div>\n\t\t\t\t\t\t<\/div>\n\t\t\t\t\t<\/div>\n\t\t\t\t<\/div>\n\n\t\t\t<div\n\t\t\t\tclass=\"sow-accordion-panel-content\"\n\t\t\t\trole=\"region\"\n\t\t\t\taria-labelledby=\"accordion-label-introducci%c3%b3n\"\n\t\t\t\tid=\"accordion-content-introducci%c3%b3n\"\n\t\t\t\tstyle=\"display: none;\"\t\t\t>\n\t\t\t\t<div class=\"sow-accordion-panel-border\">\n\t\t\t\t\t<p>La Formaci\u00f3n Profesional ha sufrido una gran evoluci\u00f3n en los \u00faltimos a\u00f1os, siendo muy demandada por los estudiantes. Gracias al car\u00e1cter eminentemente pr\u00e1ctico de sus estudios y su proximidad con el mercado laboral hace que la FP sea una gran opci\u00f3n para formar profesionales altamente demandados.<\/p>\n<p>En la Formaci\u00f3n Profesional Virtual el estudiante elige como formarse, puesto que se dota de la flexibilidad y accesibilidad de los contenidos para que el alumno\/a organice sus estudios seg\u00fan su disponibilidad y tiempo, siempre acompa\u00f1ado por un tutor\/a que gu\u00eda en el proceso de aprendizaje con tutor\u00edas individuales y colectivas de car\u00e1cter voluntario.<\/p>\n<p>Para aprovechar esta modalidad es importante tener en cuenta que:<\/p>\n<ul>\n<li>Se necesita organizaci\u00f3n y autonom\u00eda en el estudio de los contenidos por parte de los estudiantes.<\/li>\n<li>Se realiza una tutorizaci\u00f3n en l\u00ednea a trav\u00e9s de la plataforma de Moodle de Educamadrid (Aula Virtual). No se trata de un curso online en que se imparten clases de forma telem\u00e1tica sino que el alumno\/a trabaja de forma aut\u00f3noma seg\u00fan su disponibilidad.<\/li>\n<li>La Fase de formaci\u00f3n en empresas es presencial y se realizar\u00e1 una vez superados un porcentaje de m\u00f3dulos formativos.<\/li>\n<\/ul>\n<p>Las personas que obtienen el t\u00edtulo de T\u00e9cnico Superior en Pr\u00f3tesis dentales ejercen su actividad en el sector sanitario, tanto en empresas privadas como en instituciones asistenciales, realizando labores como fabricantes de productos sanitarios dentales a medida en laboratorios de pr\u00f3tesis dental y en empresas de la industria dental, como f\u00e1bricas proveedoras de materiales y maquinaria o en dep\u00f3sitos dentales. Adem\u00e1s, pueden participar en actividades de formaci\u00f3n espec\u00edficas de empresas que comercializan ciertos productos dentales. Tambi\u00e9n pueden desarrollar su actividad en el campo de la investigaci\u00f3n tecnol\u00f3gica dentro del empresas del sector dental impartiendo cursos b\u00e1sicos o avanzados sobre nuevos materiales y t\u00e9cnicas. Aun as\u00ed, los puestos laborales m\u00e1s relevantes son:<\/p>\n<ul>\n<li>T\u00e9cnico superior en pr\u00f3tesis dentales.<\/li>\n<li>T\u00e9cnico especialista en pr\u00f3tesis dentales.<\/li>\n<li>Responsable t\u00e9cnico de un laboratorio de pr\u00f3tesis dental.<\/li>\n<li>Comercial en la industria dental o dep\u00f3sitos dentales.<\/li>\n<li>Responsable t\u00e9cnico en departamentos de investigaci\u00f3n y desarrollo de productos en la industria dental.<\/li>\n<\/ul>\n<p>Con la Formaci\u00f3n Profesional Virtual se permite la mejora la cualificaci\u00f3n profesional de las personas adultas y se permite la adquisici\u00f3n de las competencias profesionales requeridas para el ejercicio de determinadas profesiones. Adem\u00e1s, se permite a los estudiantes seguir sus estudios sin los requisitos de espacio, asistencia y tiempo.<\/p>\n<p>La FP Virtual proporciona:<\/p>\n<ul>\n<li>La posibilidad de compatibilizar el estudio y la formaci\u00f3n con la actividad laboral u otras circunstancias particulares de los estudiantes.<\/li>\n<li>El acceso a la formaci\u00f3n complementaria para personas que superen un proceso de evaluaci\u00f3n y acreditaci\u00f3n de competencias profesionales a trav\u00e9s de la experiencia laboral, con la finalidad de obtener una titulaci\u00f3n reglada.<\/li>\n<li>La ampliaci\u00f3n de la oferta formativa, facilitando el acceso a todos los ciudadanos en condiciones de igualdad a trav\u00e9s de una metodolog\u00eda flexible, basada en el autoaprendizaje y el uso de las tecnolog\u00edas de la informaci\u00f3n y la comunicaci\u00f3n.<\/li>\n<\/ul>\n<p>Puedes obtener m\u00e1s informaci\u00f3n sobre el CFGS en Pr\u00f3tesis dentales en el siguiente enlace:<\/p>\n<p><a href=\"https:\/\/www.todofp.es\/que-estudiar\/loe\/sanidad\/protesis-dentales.html\">m\u00e1s informaci\u00f3n<\/a><\/p>\n\t\t\t\t<\/div>\n\t\t\t<\/div>\n\t\t<\/div>\n\t\t\t<div class=\"sow-accordion-panel\"\n\t\t\t data-anchor=\"organizaci%c3%b3n-y-funcionamiento\">\n\t\t\t\t<div class=\"sow-accordion-panel-header-container\" role=\"heading\" aria-level=\"2\">\n\t\t\t\t\t<div class=\"sow-accordion-panel-header\" tabindex=\"0\" role=\"button\" id=\"accordion-label-organizaci%c3%b3n-y-funcionamiento\" aria-controls=\"accordion-content-organizaci%c3%b3n-y-funcionamiento\" aria-expanded=\"false\">\n\t\t\t\t\t\t<div class=\"sow-accordion-title sow-accordion-title-icon-left\">\n\t\t\t\t\t\t\t\t\t\t\t\t\t\tOrganizaci\u00f3n y funcionamiento\t\t\t\t\t\t\t\t\t\t\t\t\t<\/div>\n\t\t\t\t\t\t<div class=\"sow-accordion-open-close-button\">\n\t\t\t\t\t\t\t<div class=\"sow-accordion-open-button\">\n\t\t\t\t\t\t\t\t<span class=\"sow-icon-fontawesome sow-fas\" data-sow-icon=\"&#x2b;\"\n\t\t \n\t\taria-hidden=\"true\"><\/span>\t\t\t\t\t\t\t<\/div>\n\t\t\t\t\t\t\t<div class=\"sow-accordion-close-button\">\n\t\t\t\t\t\t\t\t<span class=\"sow-icon-fontawesome sow-fas\" data-sow-icon=\"&#xf068;\"\n\t\t \n\t\taria-hidden=\"true\"><\/span>\t\t\t\t\t\t\t<\/div>\n\t\t\t\t\t\t<\/div>\n\t\t\t\t\t<\/div>\n\t\t\t\t<\/div>\n\n\t\t\t<div\n\t\t\t\tclass=\"sow-accordion-panel-content\"\n\t\t\t\trole=\"region\"\n\t\t\t\taria-labelledby=\"accordion-label-organizaci%c3%b3n-y-funcionamiento\"\n\t\t\t\tid=\"accordion-content-organizaci%c3%b3n-y-funcionamiento\"\n\t\t\t\tstyle=\"display: none;\"\t\t\t>\n\t\t\t\t<div class=\"sow-accordion-panel-border\">\n\t\t\t\t\t<p>El estudio del CFGS en Pr\u00f3tesis Dentales en la modalidad virtual\u00a0 es una gran oportunidad para los estudiantes que, por sus caracter\u00edsticas y circunstancias personales, necesitan conciliar la vida laboral y\/o personal con los estudios.<\/p>\n<p>Para el estudio en la FP virtual es necesaria la plataforma de Educamadrid para el acceso a los contenidos y a las comunicaciones con el tutor\/a. Para ello, los responsables del IES Salvador Allende le proporcionar\u00e1n unas credenciales para tener acceso al Aula Virtual y el correo electr\u00f3nico. A trav\u00e9s de estos mecanismos, se proporciona toda la informaci\u00f3n con respecto a las convalidaciones, contenidos, horarios, tutor\u00edas, tareas, fecha de ex\u00e1menes, etc.<\/p>\n<p>Al inicio de curso se realizar\u00e1 una reuni\u00f3n inicial presencial en el IES Salvador Allende a la que se recomienda asistir. En ella se repasar\u00e1n los aspectos b\u00e1sicos con respecto a la normativa del ciclo formativo y consejos \u00fatiles para cursar de forma correcta y \u00f3ptima los m\u00f3dulos profesiones.<\/p>\n<p>El CFGS en Pr\u00f3tesis dentales tiene un gran componente pr\u00e1ctico que se desarrolla en el laboratorio de pr\u00f3tesis dentales del IES Salvador Allende por lo que se recomienda asistir al mayor n\u00famero posible de tutor\u00edas colectivas propuestas por los docentes. Aun as\u00ed, el alumno tiene la posibilidad de cursar el ciclo formativo sin la asistencia presencial al centro educativo, tan solo para la realizaci\u00f3n de los ex\u00e1menes finales que obligatoriamente se realizan de forma presencial.<\/p>\n<p>Las tutor\u00edas colectivas presenciales tienen un car\u00e1cter voluntario, aunque desde el equipo docente se recomienda su realizaci\u00f3n para afianzar los conocimientos y adquirir las habilidades y destrezas necesarias para el desempe\u00f1o de la futura actividad laboral. Estas tutor\u00edas ser\u00e1n comunicadas al alumnado con la suficiente antelaci\u00f3n para que puedan organizar su tiempo y asistir a ellas con el material correspondiente.<\/p>\n<p>Se recomienda asistir a los m\u00f3dulos profesionales que tienen gran carga pr\u00e1ctica como son: \u201cAparatos de ortodoncia y f\u00e9rulas oclusales\u201d, \u201cPr\u00f3tesis Completas\u201d, \u201cPr\u00f3tesis parciales y removibles met\u00e1licas, de resina y mixta\u201d, \u201cRestauraciones y recubrimientos est\u00e9ticos\u201d, \u201cRestauraciones y estructuras met\u00e1licas en pr\u00f3tesis fija\u201d y \u201cPr\u00f3tesis sobre implantes\u201d.<\/p>\n\t\t\t\t<\/div>\n\t\t\t<\/div>\n\t\t<\/div>\n\t\t\t<div class=\"sow-accordion-panel\"\n\t\t\t data-anchor=\"preguntas-frecuentes\">\n\t\t\t\t<div class=\"sow-accordion-panel-header-container\" role=\"heading\" aria-level=\"2\">\n\t\t\t\t\t<div class=\"sow-accordion-panel-header\" tabindex=\"0\" role=\"button\" id=\"accordion-label-preguntas-frecuentes\" aria-controls=\"accordion-content-preguntas-frecuentes\" aria-expanded=\"false\">\n\t\t\t\t\t\t<div class=\"sow-accordion-title sow-accordion-title-icon-left\">\n\t\t\t\t\t\t\t\t\t\t\t\t\t\tPreguntas frecuentes\t\t\t\t\t\t\t\t\t\t\t\t\t<\/div>\n\t\t\t\t\t\t<div class=\"sow-accordion-open-close-button\">\n\t\t\t\t\t\t\t<div class=\"sow-accordion-open-button\">\n\t\t\t\t\t\t\t\t<span class=\"sow-icon-fontawesome sow-fas\" data-sow-icon=\"&#x2b;\"\n\t\t \n\t\taria-hidden=\"true\"><\/span>\t\t\t\t\t\t\t<\/div>\n\t\t\t\t\t\t\t<div class=\"sow-accordion-close-button\">\n\t\t\t\t\t\t\t\t<span class=\"sow-icon-fontawesome sow-fas\" data-sow-icon=\"&#xf068;\"\n\t\t \n\t\taria-hidden=\"true\"><\/span>\t\t\t\t\t\t\t<\/div>\n\t\t\t\t\t\t<\/div>\n\t\t\t\t\t<\/div>\n\t\t\t\t<\/div>\n\n\t\t\t<div\n\t\t\t\tclass=\"sow-accordion-panel-content\"\n\t\t\t\trole=\"region\"\n\t\t\t\taria-labelledby=\"accordion-label-preguntas-frecuentes\"\n\t\t\t\tid=\"accordion-content-preguntas-frecuentes\"\n\t\t\t\tstyle=\"display: none;\"\t\t\t>\n\t\t\t\t<div class=\"sow-accordion-panel-border\">\n\t\t\t\t\t<ol>\n<li>\u00bfMe puedo matricular en el CFGS en Pr\u00f3tesis Dentales a distancia?<\/li>\n<\/ol>\n<p>S\u00ed, si usted mayor de 18 a\u00f1os o cumple los a\u00f1os en el curso acad\u00e9mico en que se vaya matricular y tiene el t\u00edtulo de Bachillerato o equivalente.<\/p>\n<ol start=\"2\">\n<li>\u00bfCu\u00e1ndo se abre el periodo de matriculaci\u00f3n?<\/li>\n<\/ol>\n<p>Existe un plazo \u00fanico de admisi\u00f3n dependiente de la Comunidad de Madrid que est\u00e1 pendiente de publicaci\u00f3n para el curso 2023-2024. Puede visitar el siguiente <a href=\"https:\/\/www.comunidad.madrid\/servicios\/educacion\/admision-formacion-profesional\">enlace<\/a> para visualizar el periodo de matriculaci\u00f3n y el formulario de solicitud para ello.<\/p>\n<ol start=\"3\">\n<li>\u00bfLas tutor\u00edas son presenciales?<\/li>\n<\/ol>\n<p>Existen tutor\u00edas presenciales y no presenciales. Las tutor\u00edas no presenciales se realizan seg\u00fan las necesidades de los estudiantes. Existen diferentes modalidades para realizar estas tutor\u00edas: Aula Virtual, telef\u00f3nicamente, chat, foros, videollamadas o presenciales. Las tutor\u00edas presenciales est\u00e1n dedicadas a la realizaci\u00f3n de diferentes pr\u00e1cticas. Dada las caracter\u00edsticas del ciclo formativo estas tutor\u00edas resultan fundamentales para adquirir las destrezas necesarias para superarlo.<\/p>\n<ol start=\"4\">\n<li>\u00bfEs obligatorio asistir a las tutor\u00edas?<\/li>\n<\/ol>\n<p>No, todas las actividades son voluntarias, si bien resultan muy \u00fatiles en el proceso de aprendizaje.<\/p>\n<p>\u00a0<\/p>\n<ol start=\"5\">\n<li>\u00bfDe cu\u00e1ntos m\u00f3dulos me puedo matricular?<\/li>\n<\/ol>\n<p>Seg\u00fan la Orden\u00a0 3413\/2022, de 15 de noviembre, los alumnos \u201cse matricular\u00e1n, como m\u00e1ximo de un n\u00famero de m\u00f3dulos profesionales cuya duraci\u00f3n no exceda del 60% de las horas totales de duraci\u00f3n de las ense\u00f1anzas\u201d, lo que indica que no se puede matricular de todos los m\u00f3dulos del ciclo en un solo curso.<\/p>\n<ol start=\"6\">\n<li>\u00bfCu\u00e1l es el precio del m\u00f3dulo?<\/li>\n<\/ol>\n<p>Cada m\u00f3dulo tiene un precio de 60\u20ac. Si se suspende o renuncia a la convocatoria, el precio se duplica en el siguiente periodo de matriculaci\u00f3n (120\u20ac).<\/p>\n<ol start=\"7\">\n<li>\u00bfC\u00f3mo se estudia en la modalidad a distancia?<\/li>\n<\/ol>\n<p>A trav\u00e9s del Aula Virtual de Educamadrid que est\u00e1 disponible en la p\u00e1gina web del IES Salvador Allende. En esta plataforma se facilitan los contenidos te\u00f3ricos en formato digital para su visualizaci\u00f3n. Los docentes propondr\u00e1n actividades y tareas voluntarias con el objetivo de alcanzar las competencias profesionales de cada m\u00f3dulo. En la modalidad a distancia no existen clases como tal (no es una modalidad online) sino que el alumno\/a estudia de forma aut\u00f3noma y el tutor guiar\u00e1 y acompa\u00f1ar\u00e1 a los estudiantes, resolviendo sus dudas en todo momento.<\/p>\n<ol start=\"8\">\n<li>\u00bfCu\u00e1l es el horario de las tutor\u00edas?<\/li>\n<\/ol>\n<p>Las tutor\u00edas individuales y colectivas est\u00e1n programadas para satisfacer las necesidades de los estudiantes, por lo que se desarrollan tanto en horario diurno como vespertino, dependiendo de la disponibilidad del profesorado.<\/p>\n<ol start=\"9\">\n<li>\u00bfQu\u00e9 instrumental necesito para cursar \u2018Pr\u00f3tesis Dentales A Distancia\u2019?<\/li>\n<\/ol>\n<p>Cada profesor indicar\u00e1 al inicio de curso el material que el alumno\/a debe adquirir para la realizaci\u00f3n de las actividades pr\u00e1cticas que se realizan de forma presencial y voluntaria en el IES Salvador Allende. Se trata de instrumental de laboratorio como lecr\u00f3n, cera, taz\u00f3n, paleta, alicates, articulador, bata, etc.<\/p>\n<ol start=\"10\">\n<li>\u00bfEs necesario un ordenador y conexi\u00f3n a internet?<\/li>\n<\/ol>\n<p>Con un dispositivo electr\u00f3nico con conexi\u00f3n a internet (ordenador, <em>tablet<\/em>, m\u00f3vil) es suficiente para poder visualizar los contenidos de la plataforma de Moodle, realizar las actividades formativas y seguir el curso.<\/p>\n<ol start=\"11\">\n<li>\u00bfC\u00f3mo me comunico con el tutor\/a?<\/li>\n<\/ol>\n<p>La comunicaci\u00f3n con el tutor\/a asignado a un determinado m\u00f3dulo profesional se realiza a trav\u00e9s de los mecanismos que nos proporciona la Comunidad de Madrid y que se recogen en la plataforma de Educamadrid. Es por eso que al inicio de curso se facilita a los estudiantes unas credenciales que dan acceso a al correo electr\u00f3nico y al Aula Virtual de Educamadrid. Tambi\u00e9n es posible que el intercambio de comunicaci\u00f3n sea por v\u00eda telef\u00f3nica o por videollamada, sin olvidar las tutor\u00edas colectivas presenciales.<\/p>\n<ol start=\"12\">\n<li>\u00bfCu\u00e1ndo comienza el curso?<\/li>\n<\/ol>\n<p>Est\u00e1 previsto que el pr\u00f3ximo curso 2023\/2024 se inicie a lo largo del mes de octubre. Una vez matriculado se anunciar\u00e1 el d\u00eda de comienzo del curso y el horario de las tutor\u00edas individuales y colectivas.<\/p>\n<ol start=\"13\">\n<li>\u00bfQu\u00e9 carga horaria tiene que cada m\u00f3dulo profesional?<\/li>\n<\/ol>\n<p>En todos los m\u00f3dulos y Unidades de Trabajo existe una gu\u00eda del alumno en la que se recomienda un tiempo de dedicaci\u00f3n y los aspectos m\u00e1s importantes para obtener los resultados de aprendizaje de todos los contenidos. Seg\u00fan la legislaci\u00f3n, en la modalidad a distancia las horas relativas a tutor\u00edas son un 80% de las horas totales de la modalidad presencial. En la siguiente tabla se muestran la distribuci\u00f3n horaria de los diferentes m\u00f3dulos:<\/p>\n<table width=\"666\">\n<tbody>\n<tr>\n<td width=\"312\">\n<p><strong>M\u00f3dulo<\/strong><\/p>\n<\/td>\n<td width=\"95\">\n<p><strong>Horas totales<\/strong><\/p>\n<\/td>\n<td width=\"136\">\n<p><strong>Tutorias individuales\/semana<\/strong><\/p>\n<\/td>\n<td width=\"123\">\n<p><strong>Tutorias colectivas\/semana<\/strong><\/p>\n<\/td>\n<\/tr>\n<tr>\n<td width=\"312\">\n<p>01 Aparatos de ortodoncia y f\u00e9rulas oclusales<\/p>\n<\/td>\n<td width=\"95\">\n<p>265<\/p>\n<\/td>\n<td width=\"136\">\n<p>3<\/p>\n<\/td>\n<td width=\"123\">\n<p>3<\/p>\n<\/td>\n<\/tr>\n<tr>\n<td width=\"312\">\n<p>02 Dise\u00f1o funcional de pr\u00f3tesis<\/p>\n<\/td>\n<td width=\"95\">\n<p>135<\/p>\n<\/td>\n<td width=\"136\">\n<p>2<\/p>\n<\/td>\n<td width=\"123\">\n<p>1<\/p>\n<\/td>\n<\/tr>\n<tr>\n<td width=\"312\">\n<p>03 Formaci\u00f3n y orientaci\u00f3n laboral<\/p>\n<\/td>\n<td width=\"95\">\n<p>90<\/p>\n<\/td>\n<td width=\"136\">\n<p>1<\/p>\n<\/td>\n<td width=\"123\">\n<p>1<\/p>\n<\/td>\n<\/tr>\n<tr>\n<td width=\"312\">\n<p>04 Laboratorio de pr\u00f3tesis dentales<\/p>\n<\/td>\n<td width=\"95\">\n<p>100<\/p>\n<\/td>\n<td width=\"136\">\n<p>1<\/p>\n<\/td>\n<td width=\"123\">\n<p>1<\/p>\n<\/td>\n<\/tr>\n<tr>\n<td width=\"312\">\n<p>05 Pr\u00f3tesis completas<\/p>\n<\/td>\n<td width=\"95\">\n<p>205<\/p>\n<\/td>\n<td width=\"136\">\n<p>3<\/p>\n<\/td>\n<td width=\"123\">\n<p>2<\/p>\n<\/td>\n<\/tr>\n<tr>\n<td width=\"312\">\n<p>06 Pr\u00f3tesis parciales removibles met\u00e1licas, de resina y mixta<\/p>\n<\/td>\n<td width=\"95\">\n<p>205<\/p>\n<\/td>\n<td width=\"136\">\n<p>3<\/p>\n<\/td>\n<td width=\"123\">\n<p>2<\/p>\n<\/td>\n<\/tr>\n<tr>\n<td width=\"312\">\n<p>07 Empresa e iniciativa emprendedora<\/p>\n<\/td>\n<td width=\"95\">\n<p>65<\/p>\n<\/td>\n<td width=\"136\">\n<p>1<\/p>\n<\/td>\n<td width=\"123\">\n<p>1<\/p>\n<\/td>\n<\/tr>\n<tr>\n<td width=\"312\">\n<p>08 Ingl\u00e9s t\u00e9cnico para grado superior<\/p>\n<\/td>\n<td width=\"95\">\n<p>40<\/p>\n<\/td>\n<td width=\"136\">\u00a0<\/td>\n<td width=\"123\">\n<p>1<\/p>\n<\/td>\n<\/tr>\n<tr>\n<td width=\"312\">\n<p>09 Pr\u00f3tesis sobre implantes<\/p>\n<\/td>\n<td width=\"95\">\n<p>135<\/p>\n<\/td>\n<td width=\"136\">\n<p>2<\/p>\n<\/td>\n<td width=\"123\">\n<p>1<\/p>\n<\/td>\n<\/tr>\n<tr>\n<td width=\"312\">\n<p>10 Restauraciones y estructuras met\u00e1licas en pr\u00f3tesis fija<\/p>\n<\/td>\n<td width=\"95\">\n<p>180<\/p>\n<\/td>\n<td width=\"136\">\n<p>2<\/p>\n<\/td>\n<td width=\"123\">\n<p>2<\/p>\n<\/td>\n<\/tr>\n<tr>\n<td width=\"312\">\n<p>11 Restauraciones y recubrimientos est\u00e9ticos<\/p>\n<\/td>\n<td width=\"95\">\n<p>180<\/p>\n<\/td>\n<td width=\"136\">\n<p>2<\/p>\n<\/td>\n<td width=\"123\">\n<p>2<\/p>\n<\/td>\n<\/tr>\n<tr>\n<td width=\"312\">\n<p>12 Proyecto de pr\u00f3tesis dentales<\/p>\n<\/td>\n<td width=\"95\">\n<p>30<\/p>\n<\/td>\n<td width=\"136\">\u00a0<\/td>\n<td width=\"123\">\u00a0<\/td>\n<\/tr>\n<tr>\n<td width=\"312\">\n<p>13 Formaci\u00f3n en centros de trabajo<\/p>\n<\/td>\n<td width=\"95\">\n<p>370<\/p>\n<\/td>\n<td width=\"136\">\n<p>\u00a0<\/p>\n<\/td>\n<td width=\"123\">\n<p>\u00a0<\/p>\n<\/td>\n<\/tr>\n<tr>\n<td width=\"312\">\u00a0<\/td>\n<td width=\"95\">\u00a0<\/td>\n<td width=\"136\">\u00a0<\/td>\n<td width=\"123\">\u00a0<\/td>\n<\/tr>\n<tr>\n<td width=\"312\">\n<p>TOTAL<\/p>\n<\/td>\n<td width=\"95\">\n<p>2000<\/p>\n<\/td>\n<td width=\"136\">\n<p>20<\/p>\n<\/td>\n<td width=\"123\">\n<p>17<\/p>\n<\/td>\n<\/tr>\n<\/tbody>\n<\/table>\n<p>\u00a0<\/p>\n<ol start=\"14\">\n<li>\u00bfPuedo matricularme de m\u00f3dulos pertenecientes al segundo curso sin haber comenzado el primer curso?<\/li>\n<\/ol>\n<p>En la modalidad \u2018a distancia\u2019 no hay m\u00f3dulos de primer o segundo curso, se pueden matricular de forma independiente, pero el equipo docente no aconseja esto, puesto que en m\u00f3dulos que se cursan en 2\u00ba de forma presencial se debe de tener adquiridos ciertos conocimientos que se trabajan a lo largo de los m\u00f3dulos de primero. Sin embargo, es importante seguir un orden similar al establecido en la modalidad presencial si no se tienen conocimientos previos. Nuestra recomendaci\u00f3n ser\u00eda cursar durante el primer a\u00f1o:<\/p>\n<ul>\n<li>Dise\u00f1o funcional de pr\u00f3tesis<\/li>\n<li>Laboratorio de pr\u00f3tesis dentales<\/li>\n<li>Formaci\u00f3n y orientaci\u00f3n laboral<\/li>\n<li>Pr\u00f3tesis completas<\/li>\n<\/ul>\n<p>Conviene ser realista y calcular el tiempo del que se dispone a la hora que decidir los m\u00f3dulos en los que se van a matricular.<\/p>\n<ol start=\"15\">\n<li>\u00bfSe pueden convalidar las FCT?<\/li>\n<\/ol>\n<p>S\u00ed. Puedes solicitarlo en el momento de matricularte de este m\u00f3dulo. La exenci\u00f3n de las FCT se puede realizar de forma total o parcial dependiendo de la documentaci\u00f3n entregada. Desde Secretar\u00eda le comunicar\u00e1n los documentos y tr\u00e1mites a seguir.<\/p>\n<ol start=\"16\">\n<li>\u00bfSe puede anular la matr\u00edcula?<\/li>\n<\/ol>\n<p>S\u00ed. Es posible realizar la anulaci\u00f3n de matr\u00edcula a lo largo del primer mes de estar matriculado. Puede solicitarlo en la Secretar\u00eda del IES Salvador Allende. Es importante recordar que no se realiza la\u00a0 devoluci\u00f3n de precios p\u00fablicos.<\/p>\n<ol start=\"17\">\n<li>\u00bfSe puede renunciar a la convocatoria ordinaria o extraordinaria?<\/li>\n<\/ol>\n<p>S\u00ed, pero con causa justificada y siempre un mes antes de la realizaci\u00f3n de la evaluaci\u00f3n. Las causas deben estar documentadas y no pueden ser motivos por los que han sido baremados, como puede ser el caso de desempe\u00f1o de puestos de trabajo.<\/p>\n<ol start=\"18\">\n<li>\u00bfQu\u00e9 diferencia existe entre anulaci\u00f3n de matr\u00edcula y renuncia de convocatoria?<\/li>\n<\/ol>\n<p>Al anular la matr\u00edcula se anulan todos los m\u00f3dulos en lo que el alumno\/a se hab\u00eda matriculado, por el contrario, si se renuncia a la convocatoria, se realiza de uno o varios m\u00f3dulos. En ambos casos la convocatoria no corre. Hay que tener en cuenta que, aunque el estudiante no se presente al examen, el abono del m\u00f3dulo cursado no se devuelve.<\/p>\n<ol start=\"19\">\n<li>\u00bfCu\u00e1ndo me voy a examinar?<\/li>\n<\/ol>\n<p>Habr\u00e1 dos convocatorias de examen, una en periodo ordinario y otra en periodo extraordinario, ambas durante el mes de junio.<\/p>\n<ol start=\"20\">\n<li>\u00bfEn qu\u00e9 consiste el examen?<\/li>\n<\/ol>\n<p>El profesor de cada m\u00f3dulo indicar\u00e1 el procedimiento de examen. En cualquier caso, deben superarse los mismos resultados de aprendizaje que en la modalidad presencial.<\/p>\n<p>\u00a0<\/p>\n\t\t\t\t<\/div>\n\t\t\t<\/div>\n\t\t<\/div>\n\t\t<\/div>\n<\/div>\n<\/div>\n\n\n<p><\/p>\n","protected":false},"excerpt":{"rendered":"","protected":false},"author":2,"featured_media":0,"parent":0,"menu_order":0,"comment_status":"closed","ping_status":"closed","template":"","meta":{"footnotes":""},"folder":[],"class_list":["post-1183","page","type-page","status-publish","hentry"],"rttpg_featured_image_url":null,"rttpg_author":{"display_name":"tic.ies.salvadorallende.fuenlabrada","author_link":"https:\/\/site.educa.madrid.org\/ies.salvadorallende.fuenlabrada\/index.php\/author\/cuenta_tic-ies-salvadorallende-fuenlabrada\/"},"rttpg_comment":0,"rttpg_category":false,"rttpg_excerpt":null,"post_mailing_queue_ids":[],"_links":{"self":[{"href":"https:\/\/site.educa.madrid.org\/ies.salvadorallende.fuenlabrada\/index.php\/wp-json\/wp\/v2\/pages\/1183","targetHints":{"allow":["GET"]}}],"collection":[{"href":"https:\/\/site.educa.madrid.org\/ies.salvadorallende.fuenlabrada\/index.php\/wp-json\/wp\/v2\/pages"}],"about":[{"href":"https:\/\/site.educa.madrid.org\/ies.salvadorallende.fuenlabrada\/index.php\/wp-json\/wp\/v2\/types\/page"}],"author":[{"embeddable":true,"href":"https:\/\/site.educa.madrid.org\/ies.salvadorallende.fuenlabrada\/index.php\/wp-json\/wp\/v2\/users\/2"}],"replies":[{"embeddable":true,"href":"https:\/\/site.educa.madrid.org\/ies.salvadorallende.fuenlabrada\/index.php\/wp-json\/wp\/v2\/comments?post=1183"}],"version-history":[{"count":7,"href":"https:\/\/site.educa.madrid.org\/ies.salvadorallende.fuenlabrada\/index.php\/wp-json\/wp\/v2\/pages\/1183\/revisions"}],"predecessor-version":[{"id":3945,"href":"https:\/\/site.educa.madrid.org\/ies.salvadorallende.fuenlabrada\/index.php\/wp-json\/wp\/v2\/pages\/1183\/revisions\/3945"}],"wp:attachment":[{"href":"https:\/\/site.educa.madrid.org\/ies.salvadorallende.fuenlabrada\/index.php\/wp-json\/wp\/v2\/media?parent=1183"}],"wp:term":[{"taxonomy":"folder","embeddable":true,"href":"https:\/\/site.educa.madrid.org\/ies.salvadorallende.fuenlabrada\/index.php\/wp-json\/wp\/v2\/folder?post=1183"}],"curies":[{"name":"wp","href":"https:\/\/api.w.org\/{rel}","templated":true}]}}