{"id":1412,"date":"2024-01-23T21:15:36","date_gmt":"2024-01-23T20:15:36","guid":{"rendered":"https:\/\/site.educa.madrid.org\/ies.salvadorallende.fuenlabrada\/?page_id=1412"},"modified":"2025-10-17T19:22:49","modified_gmt":"2025-10-17T17:22:49","slug":"departamento-orientacion","status":"publish","type":"page","link":"https:\/\/site.educa.madrid.org\/ies.salvadorallende.fuenlabrada\/index.php\/departamento-orientacion\/","title":{"rendered":"Departamento Orientaci\u00f3n"},"content":{"rendered":"\n<figure class=\"wp-block-image size-large\"><img loading=\"lazy\" decoding=\"async\" width=\"1024\" height=\"256\" src=\"https:\/\/site.educa.madrid.org\/ies.salvadorallende.fuenlabrada\/\/wp-content\/uploads\/ies.salvadorallende.fuenlabrada\/2024\/03\/orientacion-1024x256.png\" alt=\"\" class=\"wp-image-2957\" srcset=\"https:\/\/site.educa.madrid.org\/ies.salvadorallende.fuenlabrada\/\/wp-content\/uploads\/ies.salvadorallende.fuenlabrada\/2024\/03\/orientacion-1024x256.png 1024w, https:\/\/site.educa.madrid.org\/ies.salvadorallende.fuenlabrada\/\/wp-content\/uploads\/ies.salvadorallende.fuenlabrada\/2024\/03\/orientacion-300x75.png 300w, https:\/\/site.educa.madrid.org\/ies.salvadorallende.fuenlabrada\/\/wp-content\/uploads\/ies.salvadorallende.fuenlabrada\/2024\/03\/orientacion-768x192.png 768w, https:\/\/site.educa.madrid.org\/ies.salvadorallende.fuenlabrada\/\/wp-content\/uploads\/ies.salvadorallende.fuenlabrada\/2024\/03\/orientacion-1536x384.png 1536w, https:\/\/site.educa.madrid.org\/ies.salvadorallende.fuenlabrada\/\/wp-content\/uploads\/ies.salvadorallende.fuenlabrada\/2024\/03\/orientacion.png 1920w\" sizes=\"auto, (max-width: 1024px) 100vw, 1024px\" \/><\/figure>\n\n\n\n<p class=\"has-text-align-center has-medium-font-size\"><strong><a href=\"https:\/\/site.educa.madrid.org\/ies.salvadorallende.fuenlabrada\/index.php\/aulas-tgd\/\">Centro preferente TEA<\/a><\/strong><\/p>\n\n\n\n<p class=\"has-text-align-center has-medium-font-size\"><strong><a href=\"https:\/\/site.educa.madrid.org\/ies.salvadorallende.fuenlabrada\/index.php\/programa-compensatoria\/\">Compensatoria<\/a><\/strong><\/p>\n\n\n\n<p class=\"has-text-align-center has-medium-font-size\"><strong><a href=\"https:\/\/site.educa.madrid.org\/ies.salvadorallende.fuenlabrada\/index.php\/ciclo-formativo-de-grado-basico\/\">Ciclos Formativo de Grado B\u00e1sico<\/a><\/strong><\/p>\n\n\n\n<p class=\"has-text-align-center has-medium-font-size\"><strong><a href=\"https:\/\/site.educa.madrid.org\/ies.salvadorallende.fuenlabrada\/index.php\/programa-de-diversificacion-curricular\/\">Programa de Diversificaci\u00f3n<\/a><\/strong><\/p>\n\n\n\n<p class=\"has-text-align-center has-medium-font-size\"><strong><a href=\"https:\/\/site.educa.madrid.org\/ies.salvadorallende.fuenlabrada\/index.php\/acnees\/\">ACNEES<\/a><\/strong><\/p>\n\n\n\n<p class=\"has-text-align-center has-medium-font-size\"><a href=\"https:\/\/www.elorienta.com\/allende\/\"><strong>Blog de orientaci\u00f3n<\/strong><\/a><\/p>\n\n\n\n<p class=\"has-text-align-center has-medium-font-size\"><a href=\"https:\/\/elorienta.com\/movil\/\/?yafxb=98200\"><strong>Orienta online<\/strong><\/a><\/p>\n\n\n\n<div style=\"height:100px\" aria-hidden=\"true\" class=\"wp-block-spacer\"><\/div>\n\n\n\n<p class=\"has-text-align-center\" style=\"font-size:24px\"><strong>Profesores del departamento<\/strong><\/p>\n\n\n\n<ul class=\"wp-block-list\">\n<li class=\"has-medium-font-size\"><strong>Javier Gomez Cordeiro<\/strong> (PT)\n<ul class=\"wp-block-list\">\n<li class=\"has-medium-font-size\">jgomezcordeiro@educa.madrid.org<\/li>\n<\/ul>\n<\/li>\n\n\n\n<li class=\"has-medium-font-size\"><strong>Lidia Reche Pino<\/strong> (PT)\n<ul class=\"wp-block-list\">\n<li>lidia.rp@educa.madrid.org<\/li>\n<\/ul>\n<\/li>\n\n\n\n<li class=\"has-medium-font-size\"><strong>M.Esther Romo Morcillo<\/strong> (AL)\n<ul class=\"wp-block-list\">\n<li>m.romo1@educa.madrid.org<\/li>\n<\/ul>\n<\/li>\n\n\n\n<li class=\"has-medium-font-size\"><strong>Francisca Cano N\u00fa\u00f1ez (Orientadora)<\/strong>\n<ul class=\"wp-block-list\">\n<li>fcanonunez@educa.madrid.org <\/li>\n<\/ul>\n<\/li>\n\n\n\n<li class=\"has-medium-font-size\"><strong>Raquel Carralero Montero (PSC)<\/strong>\n<ul class=\"wp-block-list\">\n<li class=\"has-medium-font-size\"><strong> <\/strong>raquel.cm@educa.madrid.org<\/li>\n<\/ul>\n<\/li>\n\n\n\n<li class=\"has-medium-font-size\"><strong>Sandra Diaz Borrego (Orientadora) <\/strong>\n<ul class=\"wp-block-list\">\n<li>sandra.diaz47@educa.madrid.org <\/li>\n<\/ul>\n<\/li>\n\n\n\n<li class=\"has-medium-font-size\"><strong>Celia Mar\u00eda Fern\u00e1ndez Gonz\u00e1lez(Aula TEA) <\/strong>\n<ul class=\"wp-block-list\">\n<li>celia.fernndez@educa.madrid.org<\/li>\n<\/ul>\n<\/li>\n\n\n\n<li class=\"has-medium-font-size\"><strong>Cristina Torralba Alcaide<\/strong> (Aula TEA)\n<ul class=\"wp-block-list\">\n<li>cristina.torralba@educa.madrid.org<\/li>\n<\/ul>\n<\/li>\n<\/ul>\n","protected":false},"excerpt":{"rendered":"<p>Centro preferente TEA Compensatoria Ciclos Formativo de Grado B\u00e1sico Programa de Diversificaci\u00f3n ACNEES Blog de orientaci\u00f3n Orienta online Profesores del departamento<\/p>\n","protected":false},"author":2,"featured_media":0,"parent":0,"menu_order":0,"comment_status":"closed","ping_status":"closed","template":"","meta":{"footnotes":""},"folder":[],"class_list":["post-1412","page","type-page","status-publish","hentry"],"rttpg_featured_image_url":null,"rttpg_author":{"display_name":"tic.ies.salvadorallende.fuenlabrada","author_link":"https:\/\/site.educa.madrid.org\/ies.salvadorallende.fuenlabrada\/index.php\/author\/cuenta_tic-ies-salvadorallende-fuenlabrada\/"},"rttpg_comment":0,"rttpg_category":false,"rttpg_excerpt":"Centro preferente TEA Compensatoria Ciclos Formativo de Grado B\u00e1sico Programa de Diversificaci\u00f3n ACNEES Blog de orientaci\u00f3n Orienta online Profesores del departamento","post_mailing_queue_ids":[],"_links":{"self":[{"href":"https:\/\/site.educa.madrid.org\/ies.salvadorallende.fuenlabrada\/index.php\/wp-json\/wp\/v2\/pages\/1412","targetHints":{"allow":["GET"]}}],"collection":[{"href":"https:\/\/site.educa.madrid.org\/ies.salvadorallende.fuenlabrada\/index.php\/wp-json\/wp\/v2\/pages"}],"about":[{"href":"https:\/\/site.educa.madrid.org\/ies.salvadorallende.fuenlabrada\/index.php\/wp-json\/wp\/v2\/types\/page"}],"author":[{"embeddable":true,"href":"https:\/\/site.educa.madrid.org\/ies.salvadorallende.fuenlabrada\/index.php\/wp-json\/wp\/v2\/users\/2"}],"replies":[{"embeddable":true,"href":"https:\/\/site.educa.madrid.org\/ies.salvadorallende.fuenlabrada\/index.php\/wp-json\/wp\/v2\/comments?post=1412"}],"version-history":[{"count":39,"href":"https:\/\/site.educa.madrid.org\/ies.salvadorallende.fuenlabrada\/index.php\/wp-json\/wp\/v2\/pages\/1412\/revisions"}],"predecessor-version":[{"id":7243,"href":"https:\/\/site.educa.madrid.org\/ies.salvadorallende.fuenlabrada\/index.php\/wp-json\/wp\/v2\/pages\/1412\/revisions\/7243"}],"wp:attachment":[{"href":"https:\/\/site.educa.madrid.org\/ies.salvadorallende.fuenlabrada\/index.php\/wp-json\/wp\/v2\/media?parent=1412"}],"wp:term":[{"taxonomy":"folder","embeddable":true,"href":"https:\/\/site.educa.madrid.org\/ies.salvadorallende.fuenlabrada\/index.php\/wp-json\/wp\/v2\/folder?post=1412"}],"curies":[{"name":"wp","href":"https:\/\/api.w.org\/{rel}","templated":true}]}}