{"id":2007,"date":"2024-02-20T23:40:35","date_gmt":"2024-02-20T22:40:35","guid":{"rendered":"https:\/\/site.educa.madrid.org\/ies.salvadorallende.fuenlabrada\/?page_id=2007"},"modified":"2024-03-13T20:34:14","modified_gmt":"2024-03-13T19:34:14","slug":"4oempresa","status":"publish","type":"page","link":"https:\/\/site.educa.madrid.org\/ies.salvadorallende.fuenlabrada\/index.php\/4oempresa\/","title":{"rendered":"Programa 4\u00ba+Empresa"},"content":{"rendered":"<div class=\"wp-block-image\">\n<figure class=\"aligncenter size-full is-resized\"><img loading=\"lazy\" decoding=\"async\" src=\"https:\/\/site.educa.madrid.org\/ies.salvadorallende.fuenlabrada\/\/wp-content\/uploads\/ies.salvadorallende.fuenlabrada\/2024\/02\/image-1.png\" alt=\"\" class=\"wp-image-1605\" width=\"305\" height=\"183\" srcset=\"https:\/\/site.educa.madrid.org\/ies.salvadorallende.fuenlabrada\/\/wp-content\/uploads\/ies.salvadorallende.fuenlabrada\/2024\/02\/image-1.png 1000w, https:\/\/site.educa.madrid.org\/ies.salvadorallende.fuenlabrada\/\/wp-content\/uploads\/ies.salvadorallende.fuenlabrada\/2024\/02\/image-1-300x180.png 300w, https:\/\/site.educa.madrid.org\/ies.salvadorallende.fuenlabrada\/\/wp-content\/uploads\/ies.salvadorallende.fuenlabrada\/2024\/02\/image-1-768x461.png 768w\" sizes=\"auto, (max-width: 305px) 100vw, 305px\" \/><\/figure>\n<\/div>\n\n\n<p class=\"has-medium-font-size\">Es un proyecto propuesto por la Comunidad de Madrid que tiene como objetivo principal acercar el sistema educativo y el mundo laboral. Se realiza mediante estancias educativas en empresas de nuestro entorno. <\/p>\n\n\n\n<p class=\"has-medium-font-size\">Llevamos muchos a\u00f1os poni\u00e9ndolo en marcha y, el curso pasado, han participado 66 alumnos, es decir, casi el 95% de todo 4\u00ba de ESO. Ha sido una oportunidad excelente para tener una experiencia de primera mano acerca del mundo laboral. Adem\u00e1s, ha sido una ocasi\u00f3n para poner en pr\u00e1ctica las habilidades y destrezas en situaciones reales de nuestros alumnos y alumnas. La valoraci\u00f3n que han tenido todos ellos ha sido muy positiva.<\/p>\n","protected":false},"excerpt":{"rendered":"<p>Es un proyecto propuesto por la Comunidad de Madrid que tiene como objetivo principal acercar el sistema educativo y el mundo laboral. Se realiza mediante estancias educativas en empresas de &#8230;<\/p>\n","protected":false},"author":2,"featured_media":0,"parent":0,"menu_order":0,"comment_status":"closed","ping_status":"closed","template":"","meta":{"footnotes":""},"folder":[],"class_list":["post-2007","page","type-page","status-publish","hentry"],"rttpg_featured_image_url":null,"rttpg_author":{"display_name":"tic.ies.salvadorallende.fuenlabrada","author_link":"https:\/\/site.educa.madrid.org\/ies.salvadorallende.fuenlabrada\/index.php\/author\/cuenta_tic-ies-salvadorallende-fuenlabrada\/"},"rttpg_comment":0,"rttpg_category":false,"rttpg_excerpt":"Es un proyecto propuesto por la Comunidad de Madrid que tiene como objetivo principal acercar el sistema educativo y el mundo laboral. Se realiza mediante estancias educativas en empresas de ...","post_mailing_queue_ids":[],"_links":{"self":[{"href":"https:\/\/site.educa.madrid.org\/ies.salvadorallende.fuenlabrada\/index.php\/wp-json\/wp\/v2\/pages\/2007","targetHints":{"allow":["GET"]}}],"collection":[{"href":"https:\/\/site.educa.madrid.org\/ies.salvadorallende.fuenlabrada\/index.php\/wp-json\/wp\/v2\/pages"}],"about":[{"href":"https:\/\/site.educa.madrid.org\/ies.salvadorallende.fuenlabrada\/index.php\/wp-json\/wp\/v2\/types\/page"}],"author":[{"embeddable":true,"href":"https:\/\/site.educa.madrid.org\/ies.salvadorallende.fuenlabrada\/index.php\/wp-json\/wp\/v2\/users\/2"}],"replies":[{"embeddable":true,"href":"https:\/\/site.educa.madrid.org\/ies.salvadorallende.fuenlabrada\/index.php\/wp-json\/wp\/v2\/comments?post=2007"}],"version-history":[{"count":4,"href":"https:\/\/site.educa.madrid.org\/ies.salvadorallende.fuenlabrada\/index.php\/wp-json\/wp\/v2\/pages\/2007\/revisions"}],"predecessor-version":[{"id":2930,"href":"https:\/\/site.educa.madrid.org\/ies.salvadorallende.fuenlabrada\/index.php\/wp-json\/wp\/v2\/pages\/2007\/revisions\/2930"}],"wp:attachment":[{"href":"https:\/\/site.educa.madrid.org\/ies.salvadorallende.fuenlabrada\/index.php\/wp-json\/wp\/v2\/media?parent=2007"}],"wp:term":[{"taxonomy":"folder","embeddable":true,"href":"https:\/\/site.educa.madrid.org\/ies.salvadorallende.fuenlabrada\/index.php\/wp-json\/wp\/v2\/folder?post=2007"}],"curies":[{"name":"wp","href":"https:\/\/api.w.org\/{rel}","templated":true}]}}