{"id":3575,"date":"2024-05-20T20:08:57","date_gmt":"2024-05-20T18:08:57","guid":{"rendered":"https:\/\/site.educa.madrid.org\/ies.salvadorallende.fuenlabrada\/?page_id=3575"},"modified":"2024-05-20T20:26:27","modified_gmt":"2024-05-20T18:26:27","slug":"navegacion-segura-en-internet","status":"publish","type":"page","link":"https:\/\/site.educa.madrid.org\/ies.salvadorallende.fuenlabrada\/index.php\/navegacion-segura-en-internet\/","title":{"rendered":"Navegaci\u00f3n segura en Internet"},"content":{"rendered":"\n<p>El Consejo Escolar de la Comunidad de Madrid ha editado  gu\u00edas, dirigidas a alumnado y familias para ense\u00f1ar y aprender a navegar en la red con seguridad, identificando abusos, posibles casos de acoso o entendiendo la responsabilidad (incluso penal) que suponen las acciones en la red.<\/p>\n\n\n\n<p> Este proyecto naci\u00f3 de la necesidad de acompa\u00f1ar a las familias, los docentes y, por supuesto, a la piedra angular de la educaci\u00f3n, los j\u00f3venes, en una cuesti\u00f3n tan importante como la incursi\u00f3n en la red y uso de TIC.<br>En los siguientes enlaces le mostramos informaci\u00f3n relativa a las gu\u00edas:<\/p>\n\n\n\n<p><\/p>\n\n\n\n<div class=\"wp-block-columns are-vertically-aligned-center is-layout-flex wp-container-core-columns-is-layout-9d6595d7 wp-block-columns-is-layout-flex\">\n<div class=\"wp-block-column is-vertically-aligned-center is-layout-flow wp-block-column-is-layout-flow\">\n<p class=\"has-text-align-center has-background\" style=\"background-color:#9b51e03b\"><a href=\"https:\/\/gestiona3.madrid.org\/bvirtual\/BVCM050703.pdf\">Gu\u00eda para el alumnado sobre una navegaci\u00f3n segura.<\/a><\/p>\n<\/div>\n\n\n\n<div class=\"wp-block-column is-vertically-aligned-center is-layout-flow wp-block-column-is-layout-flow\">\n<p class=\"has-text-align-center has-background\" style=\"background-color:#9b51e03b\"><a href=\"https:\/\/gestiona3.madrid.org\/bvirtual\/BVCM050705.pdf\">Gu\u00eda para familias sobre c\u00f3mo acompa\u00f1ar a los j\u00f3venes a una navegaci\u00f3n segura.<\/a><\/p>\n<\/div>\n\n\n\n<div class=\"wp-block-column is-vertically-aligned-center has-background is-layout-flow wp-block-column-is-layout-flow\" style=\"background-color:#9b51e03b\">\n<p class=\"has-text-align-center\"><a href=\"https:\/\/www.educa2.madrid.org\/web\/eventos-consejo-escolar\/jornada_guias\/-\/visor\/infografias-descargables?p_p_col_pos=2\">Infograf\u00edas descargables<\/a><\/p>\n<\/div>\n<\/div>\n\n\n\n<p><\/p>\n","protected":false},"excerpt":{"rendered":"<p>El Consejo Escolar de la Comunidad de Madrid ha editado gu\u00edas, dirigidas a alumnado y familias para ense\u00f1ar y aprender a navegar en la red con seguridad, identificando abusos, posibles &#8230;<\/p>\n","protected":false},"author":2,"featured_media":0,"parent":0,"menu_order":0,"comment_status":"closed","ping_status":"closed","template":"","meta":{"footnotes":""},"folder":[],"class_list":["post-3575","page","type-page","status-publish","hentry"],"rttpg_featured_image_url":null,"rttpg_author":{"display_name":"tic.ies.salvadorallende.fuenlabrada","author_link":"https:\/\/site.educa.madrid.org\/ies.salvadorallende.fuenlabrada\/index.php\/author\/cuenta_tic-ies-salvadorallende-fuenlabrada\/"},"rttpg_comment":0,"rttpg_category":false,"rttpg_excerpt":"El Consejo Escolar de la Comunidad de Madrid ha editado gu\u00edas, dirigidas a alumnado y familias para ense\u00f1ar y aprender a navegar en la red con seguridad, identificando abusos, posibles ...","post_mailing_queue_ids":[],"_links":{"self":[{"href":"https:\/\/site.educa.madrid.org\/ies.salvadorallende.fuenlabrada\/index.php\/wp-json\/wp\/v2\/pages\/3575","targetHints":{"allow":["GET"]}}],"collection":[{"href":"https:\/\/site.educa.madrid.org\/ies.salvadorallende.fuenlabrada\/index.php\/wp-json\/wp\/v2\/pages"}],"about":[{"href":"https:\/\/site.educa.madrid.org\/ies.salvadorallende.fuenlabrada\/index.php\/wp-json\/wp\/v2\/types\/page"}],"author":[{"embeddable":true,"href":"https:\/\/site.educa.madrid.org\/ies.salvadorallende.fuenlabrada\/index.php\/wp-json\/wp\/v2\/users\/2"}],"replies":[{"embeddable":true,"href":"https:\/\/site.educa.madrid.org\/ies.salvadorallende.fuenlabrada\/index.php\/wp-json\/wp\/v2\/comments?post=3575"}],"version-history":[{"count":9,"href":"https:\/\/site.educa.madrid.org\/ies.salvadorallende.fuenlabrada\/index.php\/wp-json\/wp\/v2\/pages\/3575\/revisions"}],"predecessor-version":[{"id":3589,"href":"https:\/\/site.educa.madrid.org\/ies.salvadorallende.fuenlabrada\/index.php\/wp-json\/wp\/v2\/pages\/3575\/revisions\/3589"}],"wp:attachment":[{"href":"https:\/\/site.educa.madrid.org\/ies.salvadorallende.fuenlabrada\/index.php\/wp-json\/wp\/v2\/media?parent=3575"}],"wp:term":[{"taxonomy":"folder","embeddable":true,"href":"https:\/\/site.educa.madrid.org\/ies.salvadorallende.fuenlabrada\/index.php\/wp-json\/wp\/v2\/folder?post=3575"}],"curies":[{"name":"wp","href":"https:\/\/api.w.org\/{rel}","templated":true}]}}