{"id":447,"date":"2023-05-14T18:44:42","date_gmt":"2023-05-14T16:44:42","guid":{"rendered":"https:\/\/site.educa.madrid.org\/ies.salvadorallende.fuenlabrada\/?page_id=447"},"modified":"2024-04-02T22:31:34","modified_gmt":"2024-04-02T20:31:34","slug":"justificacion-de-faltas","status":"publish","type":"page","link":"https:\/\/site.educa.madrid.org\/ies.salvadorallende.fuenlabrada\/index.php\/justificacion-de-faltas\/","title":{"rendered":"Justificaci\u00f3n de faltas"},"content":{"rendered":"\n<p>Las familias de alumnos menores de edad o alumnos no emancipados, deber\u00e1n justificar las faltas de asistencia enviando un correo electr\u00f3nico al tutor del alumno indicando el motivo de la ausencia y adjuntando copia del justificante o  cita en dicho e-mail.<\/p>\n\n\n\n<p>En el caso de los alumnos mayores de edad emancipados, ser\u00e1n ellos mismos los que env\u00eden el justificante de la falta de asistencia al tutor de grupo tambi\u00e9n mediante correo electr\u00f3nico.<\/p>\n\n\n\n<p>Es potestad del tutor considerar si una falta est\u00e1 debidamente justificada o no.<\/p>\n\n\n\n<p>Est\u00e1 desactivada la opci\u00f3n de la justificaci\u00f3n de faltas a trav\u00e9s de la plataforma Roble.<\/p>\n","protected":false},"excerpt":{"rendered":"<p>Las familias de alumnos menores de edad o alumnos no emancipados, deber\u00e1n justificar las faltas de asistencia enviando un correo electr\u00f3nico al tutor del alumno indicando el motivo de la &#8230;<\/p>\n","protected":false},"author":2,"featured_media":0,"parent":0,"menu_order":0,"comment_status":"closed","ping_status":"closed","template":"","meta":{"footnotes":""},"folder":[],"class_list":["post-447","page","type-page","status-publish","hentry"],"rttpg_featured_image_url":null,"rttpg_author":{"display_name":"tic.ies.salvadorallende.fuenlabrada","author_link":"https:\/\/site.educa.madrid.org\/ies.salvadorallende.fuenlabrada\/index.php\/author\/cuenta_tic-ies-salvadorallende-fuenlabrada\/"},"rttpg_comment":0,"rttpg_category":false,"rttpg_excerpt":"Las familias de alumnos menores de edad o alumnos no emancipados, deber\u00e1n justificar las faltas de asistencia enviando un correo electr\u00f3nico al tutor del alumno indicando el motivo de la ...","post_mailing_queue_ids":[],"_links":{"self":[{"href":"https:\/\/site.educa.madrid.org\/ies.salvadorallende.fuenlabrada\/index.php\/wp-json\/wp\/v2\/pages\/447","targetHints":{"allow":["GET"]}}],"collection":[{"href":"https:\/\/site.educa.madrid.org\/ies.salvadorallende.fuenlabrada\/index.php\/wp-json\/wp\/v2\/pages"}],"about":[{"href":"https:\/\/site.educa.madrid.org\/ies.salvadorallende.fuenlabrada\/index.php\/wp-json\/wp\/v2\/types\/page"}],"author":[{"embeddable":true,"href":"https:\/\/site.educa.madrid.org\/ies.salvadorallende.fuenlabrada\/index.php\/wp-json\/wp\/v2\/users\/2"}],"replies":[{"embeddable":true,"href":"https:\/\/site.educa.madrid.org\/ies.salvadorallende.fuenlabrada\/index.php\/wp-json\/wp\/v2\/comments?post=447"}],"version-history":[{"count":2,"href":"https:\/\/site.educa.madrid.org\/ies.salvadorallende.fuenlabrada\/index.php\/wp-json\/wp\/v2\/pages\/447\/revisions"}],"predecessor-version":[{"id":3094,"href":"https:\/\/site.educa.madrid.org\/ies.salvadorallende.fuenlabrada\/index.php\/wp-json\/wp\/v2\/pages\/447\/revisions\/3094"}],"wp:attachment":[{"href":"https:\/\/site.educa.madrid.org\/ies.salvadorallende.fuenlabrada\/index.php\/wp-json\/wp\/v2\/media?parent=447"}],"wp:term":[{"taxonomy":"folder","embeddable":true,"href":"https:\/\/site.educa.madrid.org\/ies.salvadorallende.fuenlabrada\/index.php\/wp-json\/wp\/v2\/folder?post=447"}],"curies":[{"name":"wp","href":"https:\/\/api.w.org\/{rel}","templated":true}]}}