{"id":498,"date":"2023-05-14T19:27:46","date_gmt":"2023-05-14T17:27:46","guid":{"rendered":"https:\/\/site.educa.madrid.org\/ies.salvadorallende.fuenlabrada\/?page_id=498"},"modified":"2025-07-08T23:33:51","modified_gmt":"2025-07-08T21:33:51","slug":"tecnico-en-instalaciones-de-telecomunicaciones","status":"publish","type":"page","link":"https:\/\/site.educa.madrid.org\/ies.salvadorallende.fuenlabrada\/index.php\/tecnico-en-instalaciones-de-telecomunicaciones\/","title":{"rendered":"T\u00e9cnico en Instalaciones de Telecomunicaciones"},"content":{"rendered":"\n<div class=\"wp-block-columns is-layout-flex wp-container-core-columns-is-layout-9d6595d7 wp-block-columns-is-layout-flex\">\n<div class=\"wp-block-column is-layout-flow wp-block-column-is-layout-flow\" style=\"flex-basis:33.33%\">\n<figure class=\"wp-block-image size-full is-resized\"><img loading=\"lazy\" decoding=\"async\" width=\"118\" height=\"113\" src=\"https:\/\/site.educa.madrid.org\/ies.salvadorallende.fuenlabrada\/\/wp-content\/uploads\/ies.salvadorallende.fuenlabrada\/2024\/03\/logo-electricidad.png\" alt=\"\" class=\"wp-image-2645\" style=\"width:81px;height:78px\"\/><\/figure>\n<\/div>\n\n\n\n<div class=\"wp-block-column is-vertically-aligned-center is-layout-flow wp-block-column-is-layout-flow\" style=\"flex-basis:66.66%\">\n<p class=\"has-text-align-left has-large-font-size\"><strong>Turno diurno<\/strong><\/p>\n<\/div>\n\n\n\n<div class=\"wp-block-column is-vertically-aligned-center is-layout-flow wp-block-column-is-layout-flow\" style=\"flex-basis:333px\">\n<p class=\"has-medium-font-size\"><strong>C\u00d3DIGO: ELEM02<\/strong><\/p>\n<\/div>\n<\/div>\n\n\n<div\n\t\t\t\n\t\t\tclass=\"so-widget-sow-accordion so-widget-sow-accordion-default-65b7e56ac4bb\"\n\t\t\t data-max-open-panels=\"0\" data-initial-scroll-panel=\"0\"\n\t\t><div>\n\t<div class=\"sow-accordion\">\n\t\t\t<div class=\"sow-accordion-panel\"\n\t\t\t data-anchor=\"duraci%c3%b3n-del-estudio\">\n\t\t\t\t<div class=\"sow-accordion-panel-header-container\" role=\"heading\" aria-level=\"2\">\n\t\t\t\t\t<div class=\"sow-accordion-panel-header\" tabindex=\"0\" role=\"button\" id=\"accordion-label-duraci%c3%b3n-del-estudio\" aria-controls=\"accordion-content-duraci%c3%b3n-del-estudio\" aria-expanded=\"false\">\n\t\t\t\t\t\t<div class=\"sow-accordion-title sow-accordion-title-icon-left\">\n\t\t\t\t\t\t\t\t\t\t\t\t\t\tDuraci\u00f3n del estudio\t\t\t\t\t\t\t\t\t\t\t\t\t<\/div>\n\t\t\t\t\t\t<div class=\"sow-accordion-open-close-button\">\n\t\t\t\t\t\t\t<div class=\"sow-accordion-open-button\">\n\t\t\t\t\t\t\t\t<span class=\"sow-icon-fontawesome sow-fas\" data-sow-icon=\"&#x2b;\"\n\t\t \n\t\taria-hidden=\"true\"><\/span>\t\t\t\t\t\t\t<\/div>\n\t\t\t\t\t\t\t<div class=\"sow-accordion-close-button\">\n\t\t\t\t\t\t\t\t<span class=\"sow-icon-fontawesome sow-fas\" data-sow-icon=\"&#xf068;\"\n\t\t \n\t\taria-hidden=\"true\"><\/span>\t\t\t\t\t\t\t<\/div>\n\t\t\t\t\t\t<\/div>\n\t\t\t\t\t<\/div>\n\t\t\t\t<\/div>\n\n\t\t\t<div\n\t\t\t\tclass=\"sow-accordion-panel-content\"\n\t\t\t\trole=\"region\"\n\t\t\t\taria-labelledby=\"accordion-label-duraci%c3%b3n-del-estudio\"\n\t\t\t\tid=\"accordion-content-duraci%c3%b3n-del-estudio\"\n\t\t\t\tstyle=\"display: none;\"\t\t\t>\n\t\t\t\t<div class=\"sow-accordion-panel-border\">\n\t\t\t\t\t<p>2000 horas: 2 cursos acad\u00e9micos, incluida la F.C.<\/p>\n\t\t\t\t<\/div>\n\t\t\t<\/div>\n\t\t<\/div>\n\t\t\t<div class=\"sow-accordion-panel\"\n\t\t\t data-anchor=\"requisitos-de-acceso\">\n\t\t\t\t<div class=\"sow-accordion-panel-header-container\" role=\"heading\" aria-level=\"2\">\n\t\t\t\t\t<div class=\"sow-accordion-panel-header\" tabindex=\"0\" role=\"button\" id=\"accordion-label-requisitos-de-acceso\" aria-controls=\"accordion-content-requisitos-de-acceso\" aria-expanded=\"false\">\n\t\t\t\t\t\t<div class=\"sow-accordion-title sow-accordion-title-icon-left\">\n\t\t\t\t\t\t\t\t\t\t\t\t\t\tRequisitos de acceso\t\t\t\t\t\t\t\t\t\t\t\t\t<\/div>\n\t\t\t\t\t\t<div class=\"sow-accordion-open-close-button\">\n\t\t\t\t\t\t\t<div class=\"sow-accordion-open-button\">\n\t\t\t\t\t\t\t\t<span class=\"sow-icon-fontawesome sow-fas\" data-sow-icon=\"&#x2b;\"\n\t\t \n\t\taria-hidden=\"true\"><\/span>\t\t\t\t\t\t\t<\/div>\n\t\t\t\t\t\t\t<div class=\"sow-accordion-close-button\">\n\t\t\t\t\t\t\t\t<span class=\"sow-icon-fontawesome sow-fas\" data-sow-icon=\"&#xf068;\"\n\t\t \n\t\taria-hidden=\"true\"><\/span>\t\t\t\t\t\t\t<\/div>\n\t\t\t\t\t\t<\/div>\n\t\t\t\t\t<\/div>\n\t\t\t\t<\/div>\n\n\t\t\t<div\n\t\t\t\tclass=\"sow-accordion-panel-content\"\n\t\t\t\trole=\"region\"\n\t\t\t\taria-labelledby=\"accordion-label-requisitos-de-acceso\"\n\t\t\t\tid=\"accordion-content-requisitos-de-acceso\"\n\t\t\t\tstyle=\"display: none;\"\t\t\t>\n\t\t\t\t<div class=\"sow-accordion-panel-border\">\n\t\t\t\t\t<p>Debes cumplir\u00a0<strong>alguno<\/strong>\u00a0de los siguientes requisitos:<\/p>\n<ul>\n<li>Tener alguno de los siguientes t\u00edtulos:\n<ul>\n<li>T\u00edtulo de\u00a0<strong>Graduado\/a en Educaci\u00f3n Secundaria Obligatoria<\/strong>o de un nivel acad\u00e9mico superior.<\/li>\n<li>T\u00edtulo Profesional B\u00e1sico (Formaci\u00f3n Profesional de Grado B\u00e1sico).<\/li>\n<li>T\u00edtulo de T\u00e9cnico\/a o de T\u00e9cnico\/a Auxiliar o equivalente a efectos acad\u00e9micos.<\/li>\n<\/ul>\n<\/li>\n<li>Haber superado:\n<ul>\n<li>2\u00ba curso del Bachillerato Unificado y Polivalente (BUP).<\/li>\n<li><a href=\"https:\/\/www.todofp.es\/como-cuando-y-donde-estudiar\/acceso-fp-desde-fp\/ciclos-grado-medio.html\">Prueba de acceso a ciclos formativos de grado medio<\/a>(se requerir\u00e1 tener, al menos, diecisiete a\u00f1os, cumplidos en el a\u00f1o de realizaci\u00f3n de la prueba).<\/li>\n<li>Prueba de acceso a la Universidad para mayores de 25 a\u00f1os (la superaci\u00f3n de las pruebas de acceso a la Universidad para mayores de 40 y 45 a\u00f1os no es un requisito v\u00e1lido para acceder a FP).<\/li>\n<\/ul>\n<\/li>\n<li>Haber superado:\n<ul>\n<li style=\"list-style-type: none\">\n<ul>\n<li>Una oferta formativa de Grado C incluida en el ciclo formativo.<\/li>\n<li>Un curso de formaci\u00f3n espec\u00edfico preparatorio y gratuito para el acceso a ciclos formativos de grado medio en centros expresamente autorizados por la Administraci\u00f3n educativa.<\/li>\n<\/ul>\n<\/li>\n<\/ul>\n<\/li>\n<\/ul>\n\t\t\t\t<\/div>\n\t\t\t<\/div>\n\t\t<\/div>\n\t\t\t<div class=\"sow-accordion-panel\"\n\t\t\t data-anchor=\"%c2%bfqu%c3%a9-voy-a-aprender-y-hacer\">\n\t\t\t\t<div class=\"sow-accordion-panel-header-container\" role=\"heading\" aria-level=\"2\">\n\t\t\t\t\t<div class=\"sow-accordion-panel-header\" tabindex=\"0\" role=\"button\" id=\"accordion-label-%c2%bfqu%c3%a9-voy-a-aprender-y-hacer\" aria-controls=\"accordion-content-%c2%bfqu%c3%a9-voy-a-aprender-y-hacer\" aria-expanded=\"false\">\n\t\t\t\t\t\t<div class=\"sow-accordion-title sow-accordion-title-icon-left\">\n\t\t\t\t\t\t\t\t\t\t\t\t\t\t\u00bfQu\u00e9 voy a aprender y hacer?\t\t\t\t\t\t\t\t\t\t\t\t\t<\/div>\n\t\t\t\t\t\t<div class=\"sow-accordion-open-close-button\">\n\t\t\t\t\t\t\t<div class=\"sow-accordion-open-button\">\n\t\t\t\t\t\t\t\t<span class=\"sow-icon-fontawesome sow-fas\" data-sow-icon=\"&#x2b;\"\n\t\t \n\t\taria-hidden=\"true\"><\/span>\t\t\t\t\t\t\t<\/div>\n\t\t\t\t\t\t\t<div class=\"sow-accordion-close-button\">\n\t\t\t\t\t\t\t\t<span class=\"sow-icon-fontawesome sow-fas\" data-sow-icon=\"&#xf068;\"\n\t\t \n\t\taria-hidden=\"true\"><\/span>\t\t\t\t\t\t\t<\/div>\n\t\t\t\t\t\t<\/div>\n\t\t\t\t\t<\/div>\n\t\t\t\t<\/div>\n\n\t\t\t<div\n\t\t\t\tclass=\"sow-accordion-panel-content\"\n\t\t\t\trole=\"region\"\n\t\t\t\taria-labelledby=\"accordion-label-%c2%bfqu%c3%a9-voy-a-aprender-y-hacer\"\n\t\t\t\tid=\"accordion-content-%c2%bfqu%c3%a9-voy-a-aprender-y-hacer\"\n\t\t\t\tstyle=\"display: none;\"\t\t\t>\n\t\t\t\t<div class=\"sow-accordion-panel-border\">\n\t\t\t\t\t<ul>\n<li>Acopiar los recursos y medios para acometer la ejecuci\u00f3n del montaje o mantenimiento de las instalaciones y equipos.<\/li>\n<li>Replantear la instalaci\u00f3n de acuerdo a la documentaci\u00f3n t\u00e9cnica, resolviendo los problemas de su competencia e informando de otras contingencias, para asegurar la viabilidad del montaje.<\/li>\n<li>Montar o ampliar equipos inform\u00e1ticos y perif\u00e9ricos, configur\u00e1ndolos, asegurando y verificando su funcionamiento, en condiciones de calidad y seguridad.<\/li>\n<li>Instalar y configurar software base, sistemas operativos y aplicaciones asegurando y verificando su funcionamiento, en condiciones de calidad y seguridad.<\/li>\n<li>Montar los elementos componentes de las infraestructuras e instalaciones (canalizaciones, cableado, armarios, soportes, entre otros) utilizando t\u00e9cnicas de montaje, en condiciones de calidad, seguridad y respeto al medio ambiente.<\/li>\n<li>Instalar los equipos (c\u00e1maras, procesadores de se\u00f1al, centralitas, entre otros) utilizando herramientas de programaci\u00f3n y asegurando su funcionamiento, en condiciones de calidad y seguridad.<\/li>\n<li>Mantener y reparar instalaciones y equipos realizando las operaciones de comprobaci\u00f3n, ajuste o sustituci\u00f3n de sus elementos y reprogramando los equipos, restituyendo su funcionamiento en condiciones de calidad, seguridad y respeto al medio ambiente.<\/li>\n<li>Verificar el funcionamiento de la instalaci\u00f3n o equipo realizando pruebas funcionales y de comprobaci\u00f3n, para proceder a su puesta en servicio.<\/li>\n<\/ul>\n\t\t\t\t<\/div>\n\t\t\t<\/div>\n\t\t<\/div>\n\t\t\t<div class=\"sow-accordion-panel\"\n\t\t\t data-anchor=\"plan-de-formaci%c3%b3n\">\n\t\t\t\t<div class=\"sow-accordion-panel-header-container\" role=\"heading\" aria-level=\"2\">\n\t\t\t\t\t<div class=\"sow-accordion-panel-header\" tabindex=\"0\" role=\"button\" id=\"accordion-label-plan-de-formaci%c3%b3n\" aria-controls=\"accordion-content-plan-de-formaci%c3%b3n\" aria-expanded=\"false\">\n\t\t\t\t\t\t<div class=\"sow-accordion-title sow-accordion-title-icon-left\">\n\t\t\t\t\t\t\t\t\t\t\t\t\t\tPlan de formaci\u00f3n\t\t\t\t\t\t\t\t\t\t\t\t\t<\/div>\n\t\t\t\t\t\t<div class=\"sow-accordion-open-close-button\">\n\t\t\t\t\t\t\t<div class=\"sow-accordion-open-button\">\n\t\t\t\t\t\t\t\t<span class=\"sow-icon-fontawesome sow-fas\" data-sow-icon=\"&#x2b;\"\n\t\t \n\t\taria-hidden=\"true\"><\/span>\t\t\t\t\t\t\t<\/div>\n\t\t\t\t\t\t\t<div class=\"sow-accordion-close-button\">\n\t\t\t\t\t\t\t\t<span class=\"sow-icon-fontawesome sow-fas\" data-sow-icon=\"&#xf068;\"\n\t\t \n\t\taria-hidden=\"true\"><\/span>\t\t\t\t\t\t\t<\/div>\n\t\t\t\t\t\t<\/div>\n\t\t\t\t\t<\/div>\n\t\t\t\t<\/div>\n\n\t\t\t<div\n\t\t\t\tclass=\"sow-accordion-panel-content\"\n\t\t\t\trole=\"region\"\n\t\t\t\taria-labelledby=\"accordion-label-plan-de-formaci%c3%b3n\"\n\t\t\t\tid=\"accordion-content-plan-de-formaci%c3%b3n\"\n\t\t\t\tstyle=\"display: none;\"\t\t\t>\n\t\t\t\t<div class=\"sow-accordion-panel-border\">\n\t\t\t\t\t<table>\n<tbody>\n<tr>\n<td width=\"99\">\n<p><strong>C\u00f3digo <\/strong><\/p>\n<\/td>\n<td width=\"155\">\n<p><strong>Denominaci\u00f3n<\/strong><\/p>\n<\/td>\n<td width=\"97\">\n<p><strong>Horas<\/strong><\/p>\n<\/td>\n<td width=\"107\">\n<p><strong>Curso 1\u00ba<\/strong><\/p>\n<p><strong>(horas semanales)<\/strong><\/p>\n<\/td>\n<td width=\"107\">\n<p><strong>Curso 2\u00ba<\/strong><\/p>\n<p><strong>(horas semanales)<\/strong><\/p>\n<\/td>\n<\/tr>\n<tr>\n<td width=\"99\">\n<p><strong>0364<\/strong><\/p>\n<\/td>\n<td width=\"155\">\n<p><strong>Circuito cerrado de televisi\u00f3n y seguridad electr\u00f3nica<\/strong><\/p>\n<\/td>\n<td width=\"97\">\n<p><strong>135<\/strong><\/p>\n<\/td>\n<td width=\"107\">\n<p><strong>4<\/strong><\/p>\n<\/td>\n<td width=\"107\">\n<p><strong>\u00a0<\/strong><\/p>\n<\/td>\n<\/tr>\n<tr>\n<td width=\"99\">\n<p><strong>0359<\/strong><\/p>\n<\/td>\n<td width=\"155\">\n<p><strong>Electr\u00f3nica aplicada<\/strong><\/p>\n<\/td>\n<td width=\"97\">\n<p><strong>235<\/strong><\/p>\n<\/td>\n<td width=\"107\">\n<p><strong>7<\/strong><\/p>\n<\/td>\n<td width=\"107\">\n<p><strong>\u00a0<\/strong><\/p>\n<\/td>\n<\/tr>\n<tr>\n<td width=\"99\">\n<p><strong>0360<\/strong><\/p>\n<\/td>\n<td width=\"155\">\n<p><strong>Equipos microinform\u00e1ticos<\/strong><\/p>\n<\/td>\n<td width=\"97\">\n<p><strong>105<\/strong><\/p>\n<\/td>\n<td width=\"107\">\n<p><strong>3<\/strong><\/p>\n<\/td>\n<td width=\"107\">\n<p><strong>\u00a0<\/strong><\/p>\n<\/td>\n<\/tr>\n<tr>\n<td width=\"99\">\n<p><strong>0237<\/strong><\/p>\n<\/td>\n<td width=\"155\">\n<p><strong>Infraestructuras comunes de telecomunicaci\u00f3n en viviendas y edificios<\/strong><\/p>\n<\/td>\n<td width=\"97\">\n<p><strong>105<\/strong><\/p>\n<\/td>\n<td width=\"107\">\n<p><strong>3<\/strong><\/p>\n<\/td>\n<td width=\"107\">\n<p><strong>\u00a0<\/strong><\/p>\n<\/td>\n<\/tr>\n<tr>\n<td width=\"99\">\n<p><strong>0362<\/strong><\/p>\n<\/td>\n<td width=\"155\">\n<p><strong>Instalaciones el\u00e9ctricas b\u00e1sicas<\/strong><\/p>\n<\/td>\n<td width=\"97\">\n<p><strong>270<\/strong><\/p>\n<\/td>\n<td width=\"107\">\n<p><strong>8<\/strong><\/p>\n<\/td>\n<td width=\"107\">\n<p><strong>\u00a0<\/strong><\/p>\n<\/td>\n<\/tr>\n<tr>\n<td width=\"99\">\n<p><strong>CMO-171<\/strong><\/p>\n<\/td>\n<td width=\"155\">\n<p><strong>M\u00f3dulo profesional optativo: Instalaciones de sonorizaci\u00f3n de eventos<\/strong><\/p>\n<p><strong>Itinerario personal para la empleabilidad II<\/strong><\/p>\n<p>\u00a0<\/p>\n<p><strong>\u00a0<\/strong><\/p>\n<\/td>\n<td width=\"97\">\n<p><strong>50<\/strong><\/p>\n<\/td>\n<td width=\"107\">\n<p><strong>2<\/strong><\/p>\n<\/td>\n<td width=\"107\">\n<p><strong>\u00a0<\/strong><\/p>\n<\/td>\n<\/tr>\n<tr>\n<td width=\"99\">\n<p><strong>1709<\/strong><\/p>\n<\/td>\n<td width=\"155\">\n<p><strong>Itinerario personal para la empleabilidad I<\/strong><\/p>\n<\/td>\n<td width=\"97\">\n<p><strong>100<\/strong><\/p>\n<\/td>\n<td width=\"107\">\n<p><strong>3<\/strong><\/p>\n<\/td>\n<td width=\"107\">\n<p><strong>\u00a0<\/strong><\/p>\n<p><strong>\u00a0<\/strong><\/p>\n<p><strong>\u00a0<\/strong><\/p>\n<\/td>\n<\/tr>\n<tr>\n<td width=\"99\">\n<p><strong>0361<\/strong><\/p>\n<\/td>\n<td width=\"155\">\n<p><strong>Infraestructuras de redes de datos y sistemas de telefon\u00eda<\/strong><\/p>\n<\/td>\n<td width=\"97\">\n<p><strong>215<\/strong><\/p>\n<\/td>\n<td width=\"107\">\n<p><strong>\u00a0<\/strong><\/p>\n<\/td>\n<td width=\"107\">\n<p><strong>7<\/strong><\/p>\n<\/td>\n<\/tr>\n<tr>\n<td width=\"99\">\n<p><strong>0363<\/strong><\/p>\n<\/td>\n<td width=\"155\">\n<p><strong>Instalaciones de megafon\u00eda y sonorizaci\u00f3n<\/strong><\/p>\n<\/td>\n<td width=\"97\">\n<p><strong>170<\/strong><\/p>\n<\/td>\n<td width=\"107\">\n<p><strong>\u00a0<\/strong><\/p>\n<\/td>\n<td width=\"107\">\n<p><strong>5<\/strong><\/p>\n<\/td>\n<\/tr>\n<tr>\n<td width=\"99\">\n<p><strong>0365<\/strong><\/p>\n<\/td>\n<td width=\"155\">\n<p><strong>Instalaci\u00f3n de radiocomunicaciones<\/strong><\/p>\n<\/td>\n<td width=\"97\">\n<p><strong>170<\/strong><\/p>\n<\/td>\n<td width=\"107\">\n<p><strong>\u00a0<\/strong><\/p>\n<\/td>\n<td width=\"107\">\n<p><strong>5<\/strong><\/p>\n<\/td>\n<\/tr>\n<tr>\n<td width=\"99\">\n<p><strong>0238<\/strong><\/p>\n<\/td>\n<td width=\"155\">\n<p><strong>Instalaciones dom\u00f3ticas<\/strong><\/p>\n<\/td>\n<td width=\"97\">\n<p><strong>125<\/strong><\/p>\n<\/td>\n<td width=\"107\">\n<p><strong>\u00a0<\/strong><\/p>\n<\/td>\n<td width=\"107\">\n<p><strong>4<\/strong><\/p>\n<\/td>\n<\/tr>\n<tr>\n<td width=\"99\">\n<p><strong>0156<\/strong><\/p>\n<\/td>\n<td width=\"155\">\n<p><strong>Ingl\u00e9s profesional (GM)<\/strong><\/p>\n<\/td>\n<td width=\"97\">\n<p><strong>50<\/strong><\/p>\n<\/td>\n<td width=\"107\">\n<p><strong>\u00a0<\/strong><\/p>\n<\/td>\n<td width=\"107\">\n<p><strong>2<\/strong><\/p>\n<\/td>\n<\/tr>\n<tr>\n<td width=\"99\">\n<p><strong>1710<\/strong><\/p>\n<\/td>\n<td width=\"155\">\n<p><strong>Itinerario personal para la empleabilidad II<\/strong><\/p>\n<\/td>\n<td width=\"97\">\n<p><strong>70<\/strong><\/p>\n<\/td>\n<td width=\"107\">\n<p><strong>\u00a0<\/strong><\/p>\n<\/td>\n<td width=\"107\">\n<p><strong>2<\/strong><\/p>\n<\/td>\n<\/tr>\n<tr>\n<td width=\"99\">\n<p><strong>1664<\/strong><\/p>\n<\/td>\n<td width=\"155\">\n<p><strong>Digitalizaci\u00f3n aplicada a los sectores productivos (GM)<\/strong><\/p>\n<\/td>\n<td width=\"97\">\n<p><strong>30<\/strong><\/p>\n<\/td>\n<td width=\"107\">\n<p><strong>\u00a0<\/strong><\/p>\n<\/td>\n<td width=\"107\">\n<p><strong>1<\/strong><\/p>\n<\/td>\n<\/tr>\n<tr>\n<td width=\"99\">\n<p><strong>1708<\/strong><\/p>\n<\/td>\n<td width=\"155\">\n<p><strong>Sostenibilidad aplicada al sistema productivo<\/strong><\/p>\n<\/td>\n<td width=\"97\">\n<p><strong>30<\/strong><\/p>\n<\/td>\n<td width=\"107\">\n<p><strong>\u00a0<\/strong><\/p>\n<\/td>\n<td width=\"107\">\n<p><strong>1<\/strong><\/p>\n<\/td>\n<\/tr>\n<tr>\n<td width=\"99\">\n<p><strong>CMO-184<\/strong><\/p>\n<\/td>\n<td width=\"155\">\n<p><strong>M\u00f3dulo profesional optativo:Nuevos desarrollos en sistemas de telecomunicaciones con IoT e IA<\/strong><\/p>\n<\/td>\n<td width=\"97\">\n<p><strong>90<\/strong><\/p>\n<\/td>\n<td width=\"107\">\n<p><strong>\u00a0<\/strong><\/p>\n<\/td>\n<td width=\"107\">\n<p><strong>3<\/strong><\/p>\n<\/td>\n<\/tr>\n<tr>\n<td width=\"99\">\n<p><strong>1713<\/strong><\/p>\n<\/td>\n<td width=\"155\">\n<p><strong>Proyecto intermodular<\/strong><\/p>\n<\/td>\n<td width=\"97\">\n<p><strong>50<\/strong><\/p>\n<\/td>\n<td width=\"107\">\n<p><strong>\u00a0<\/strong><\/p>\n<\/td>\n<td width=\"107\">\n<p><strong>\u00a0<\/strong><\/p>\n<\/td>\n<\/tr>\n<\/tbody>\n<\/table>\n\t\t\t\t<\/div>\n\t\t\t<\/div>\n\t\t<\/div>\n\t\t\t<div class=\"sow-accordion-panel\"\n\t\t\t data-anchor=\"al-finalizar-mis-estudios-%c2%bfqu%c3%a9-puedo-hacer\">\n\t\t\t\t<div class=\"sow-accordion-panel-header-container\" role=\"heading\" aria-level=\"2\">\n\t\t\t\t\t<div class=\"sow-accordion-panel-header\" tabindex=\"0\" role=\"button\" id=\"accordion-label-al-finalizar-mis-estudios-%c2%bfqu%c3%a9-puedo-hacer\" aria-controls=\"accordion-content-al-finalizar-mis-estudios-%c2%bfqu%c3%a9-puedo-hacer\" aria-expanded=\"false\">\n\t\t\t\t\t\t<div class=\"sow-accordion-title sow-accordion-title-icon-left\">\n\t\t\t\t\t\t\t\t\t\t\t\t\t\tAl finalizar mis estudios, \u00bfQu\u00e9 puedo hacer?\t\t\t\t\t\t\t\t\t\t\t\t\t<\/div>\n\t\t\t\t\t\t<div class=\"sow-accordion-open-close-button\">\n\t\t\t\t\t\t\t<div class=\"sow-accordion-open-button\">\n\t\t\t\t\t\t\t\t<span class=\"sow-icon-fontawesome sow-fas\" data-sow-icon=\"&#x2b;\"\n\t\t \n\t\taria-hidden=\"true\"><\/span>\t\t\t\t\t\t\t<\/div>\n\t\t\t\t\t\t\t<div class=\"sow-accordion-close-button\">\n\t\t\t\t\t\t\t\t<span class=\"sow-icon-fontawesome sow-fas\" data-sow-icon=\"&#xf068;\"\n\t\t \n\t\taria-hidden=\"true\"><\/span>\t\t\t\t\t\t\t<\/div>\n\t\t\t\t\t\t<\/div>\n\t\t\t\t\t<\/div>\n\t\t\t\t<\/div>\n\n\t\t\t<div\n\t\t\t\tclass=\"sow-accordion-panel-content\"\n\t\t\t\trole=\"region\"\n\t\t\t\taria-labelledby=\"accordion-label-al-finalizar-mis-estudios-%c2%bfqu%c3%a9-puedo-hacer\"\n\t\t\t\tid=\"accordion-content-al-finalizar-mis-estudios-%c2%bfqu%c3%a9-puedo-hacer\"\n\t\t\t\tstyle=\"display: none;\"\t\t\t>\n\t\t\t\t<div class=\"sow-accordion-panel-border\">\n\t\t\t\t\t<p><strong>Trabajar en:<\/strong><\/p>\n<ul>\n<li>Instalador \/ instaladora de telecomunicaciones en edificios de viviendas.<\/li>\n<li>Instalador \/ instaladora de antenas.<\/li>\n<li>Instalador \/ instaladora de sistemas de seguridad.<\/li>\n<li>T\u00e9cnica \/ t\u00e9cnico en redes locales y telem\u00e1tica.<\/li>\n<li>T\u00e9cnica \/ t\u00e9cnico en instalaci\u00f3n y mantenimiento de redes locales.<\/li>\n<li>Instalador \/ instaladora de telefon\u00eda.<\/li>\n<li>Instalador-montador \/ instaladora-montadora de equipos telef\u00f3nicos y telem\u00e1ticos.<\/li>\n<li>T\u00e9cnica \/ t\u00e9cnico en instalaciones de sonido.<\/li>\n<li>Instalador \/ instaladora de megafon\u00eda.<\/li>\n<li>Instalador-mantenedor \/ instaladora-mantenedora de sistemas dom\u00f3ticos.<\/li>\n<li>T\u00e9cnica instaladora-mantenedora \/ t\u00e9cnico instalador-mantenedor de equipos inform\u00e1ticos.<\/li>\n<li>T\u00e9cnica \/ t\u00e9cnico en montaje y mantenimiento de sistemas de radiodifusi\u00f3n<\/li>\n<\/ul>\n<p><strong>Seguir estudiando:<\/strong><\/p>\n<ul>\n<li>Cursos de especializaci\u00f3n profesional<\/li>\n<li>Otro ciclo de Formaci\u00f3n Profesional con la posibilidad de establecer convalidaciones de m\u00f3dulos profesionales de acuerdo a la normativa vigente.<\/li>\n<li>El Bachillerato en cualquiera de sus modalidades<\/li>\n<\/ul>\n<p>\u00a0<\/p>\n\t\t\t\t<\/div>\n\t\t\t<\/div>\n\t\t<\/div>\n\t\t\t<div class=\"sow-accordion-panel\"\n\t\t\t data-anchor=\"cuales-son-las-salidas-profesionales\">\n\t\t\t\t<div class=\"sow-accordion-panel-header-container\" role=\"heading\" aria-level=\"2\">\n\t\t\t\t\t<div class=\"sow-accordion-panel-header\" tabindex=\"0\" role=\"button\" id=\"accordion-label-cuales-son-las-salidas-profesionales\" aria-controls=\"accordion-content-cuales-son-las-salidas-profesionales\" aria-expanded=\"false\">\n\t\t\t\t\t\t<div class=\"sow-accordion-title sow-accordion-title-icon-left\">\n\t\t\t\t\t\t\t\t\t\t\t\t\t\tCuales son las salidas profesionales\t\t\t\t\t\t\t\t\t\t\t\t\t<\/div>\n\t\t\t\t\t\t<div class=\"sow-accordion-open-close-button\">\n\t\t\t\t\t\t\t<div class=\"sow-accordion-open-button\">\n\t\t\t\t\t\t\t\t<span class=\"sow-icon-fontawesome sow-fas\" data-sow-icon=\"&#x2b;\"\n\t\t \n\t\taria-hidden=\"true\"><\/span>\t\t\t\t\t\t\t<\/div>\n\t\t\t\t\t\t\t<div class=\"sow-accordion-close-button\">\n\t\t\t\t\t\t\t\t<span class=\"sow-icon-fontawesome sow-fas\" data-sow-icon=\"&#xf068;\"\n\t\t \n\t\taria-hidden=\"true\"><\/span>\t\t\t\t\t\t\t<\/div>\n\t\t\t\t\t\t<\/div>\n\t\t\t\t\t<\/div>\n\t\t\t\t<\/div>\n\n\t\t\t<div\n\t\t\t\tclass=\"sow-accordion-panel-content\"\n\t\t\t\trole=\"region\"\n\t\t\t\taria-labelledby=\"accordion-label-cuales-son-las-salidas-profesionales\"\n\t\t\t\tid=\"accordion-content-cuales-son-las-salidas-profesionales\"\n\t\t\t\tstyle=\"display: none;\"\t\t\t>\n\t\t\t\t<div class=\"sow-accordion-panel-border\">\n\t\t\t\t\t<p>\u00a0<\/p>\n<p>\u00bfCu\u00e1les son las salidas profesionales?<\/p>\n<p>Este profesional ejerce su actividad en microempresas y en empresas peque\u00f1as y medianas, mayoritariamente privadas, en las \u00e1reas de montaje y mantenimiento de infraestructuras de telecomunicaci\u00f3n, instalaciones de circuito cerrado de televisi\u00f3n y seguridad electr\u00f3nica, centralitas telef\u00f3nicas e infraestructuras de redes de voz y datos, sonorizaci\u00f3n y megafon\u00eda, instalaciones de radiocomunicaciones, sistemas dom\u00f3ticos y equipos inform\u00e1ticos, bien por cuenta propia o ajena.<\/p>\n<p>\u00a0<\/p>\n\t\t\t\t<\/div>\n\t\t\t<\/div>\n\t\t<\/div>\n\t\t<\/div>\n<\/div>\n<\/div>","protected":false},"excerpt":{"rendered":"<p>Turno diurno C\u00d3DIGO: ELEM02<\/p>\n","protected":false},"author":2,"featured_media":0,"parent":0,"menu_order":0,"comment_status":"closed","ping_status":"closed","template":"","meta":{"footnotes":""},"folder":[],"class_list":["post-498","page","type-page","status-publish","hentry"],"rttpg_featured_image_url":null,"rttpg_author":{"display_name":"tic.ies.salvadorallende.fuenlabrada","author_link":"https:\/\/site.educa.madrid.org\/ies.salvadorallende.fuenlabrada\/index.php\/author\/cuenta_tic-ies-salvadorallende-fuenlabrada\/"},"rttpg_comment":0,"rttpg_category":false,"rttpg_excerpt":"Turno diurno C\u00d3DIGO: ELEM02","post_mailing_queue_ids":[],"_links":{"self":[{"href":"https:\/\/site.educa.madrid.org\/ies.salvadorallende.fuenlabrada\/index.php\/wp-json\/wp\/v2\/pages\/498","targetHints":{"allow":["GET"]}}],"collection":[{"href":"https:\/\/site.educa.madrid.org\/ies.salvadorallende.fuenlabrada\/index.php\/wp-json\/wp\/v2\/pages"}],"about":[{"href":"https:\/\/site.educa.madrid.org\/ies.salvadorallende.fuenlabrada\/index.php\/wp-json\/wp\/v2\/types\/page"}],"author":[{"embeddable":true,"href":"https:\/\/site.educa.madrid.org\/ies.salvadorallende.fuenlabrada\/index.php\/wp-json\/wp\/v2\/users\/2"}],"replies":[{"embeddable":true,"href":"https:\/\/site.educa.madrid.org\/ies.salvadorallende.fuenlabrada\/index.php\/wp-json\/wp\/v2\/comments?post=498"}],"version-history":[{"count":10,"href":"https:\/\/site.educa.madrid.org\/ies.salvadorallende.fuenlabrada\/index.php\/wp-json\/wp\/v2\/pages\/498\/revisions"}],"predecessor-version":[{"id":6792,"href":"https:\/\/site.educa.madrid.org\/ies.salvadorallende.fuenlabrada\/index.php\/wp-json\/wp\/v2\/pages\/498\/revisions\/6792"}],"wp:attachment":[{"href":"https:\/\/site.educa.madrid.org\/ies.salvadorallende.fuenlabrada\/index.php\/wp-json\/wp\/v2\/media?parent=498"}],"wp:term":[{"taxonomy":"folder","embeddable":true,"href":"https:\/\/site.educa.madrid.org\/ies.salvadorallende.fuenlabrada\/index.php\/wp-json\/wp\/v2\/folder?post=498"}],"curies":[{"name":"wp","href":"https:\/\/api.w.org\/{rel}","templated":true}]}}