{"id":501,"date":"2023-05-14T19:29:11","date_gmt":"2023-05-14T17:29:11","guid":{"rendered":"https:\/\/site.educa.madrid.org\/ies.salvadorallende.fuenlabrada\/?page_id=501"},"modified":"2025-07-08T23:35:49","modified_gmt":"2025-07-08T21:35:49","slug":"tecnico-en-instalaciones-electricas-y-automatica","status":"publish","type":"page","link":"https:\/\/site.educa.madrid.org\/ies.salvadorallende.fuenlabrada\/index.php\/tecnico-en-instalaciones-electricas-y-automatica\/","title":{"rendered":"T\u00e9cnico en instalaciones el\u00e9ctricas y autom\u00e1ticas"},"content":{"rendered":"\n<div class=\"wp-block-columns is-layout-flex wp-container-core-columns-is-layout-9d6595d7 wp-block-columns-is-layout-flex\">\n<div class=\"wp-block-column is-layout-flow wp-block-column-is-layout-flow\" style=\"flex-basis:33.33%\">\n<figure class=\"wp-block-image size-full is-resized\"><img loading=\"lazy\" decoding=\"async\" width=\"118\" height=\"113\" src=\"https:\/\/site.educa.madrid.org\/ies.salvadorallende.fuenlabrada\/\/wp-content\/uploads\/ies.salvadorallende.fuenlabrada\/2024\/03\/logo-electricidad.png\" alt=\"\" class=\"wp-image-2645\" style=\"width:81px;height:78px\"\/><\/figure>\n<\/div>\n\n\n\n<div class=\"wp-block-column is-layout-flow wp-block-column-is-layout-flow\" style=\"flex-basis:66.66%\">\n<p class=\"has-text-align-left has-large-font-size\"><strong>Turno diurno<\/strong>       <\/p>\n<\/div>\n\n\n\n<div class=\"wp-block-column is-vertically-aligned-center is-layout-flow wp-block-column-is-layout-flow\" style=\"flex-basis:333px\">\n<p class=\"has-medium-font-size\"><strong>C\u00d3DIGO: ELEM01<\/strong><\/p>\n<\/div>\n<\/div>\n\n\n<div\n\t\t\t\n\t\t\tclass=\"so-widget-sow-accordion so-widget-sow-accordion-default-65b7e56ac4bb\"\n\t\t\t data-max-open-panels=\"0\" data-initial-scroll-panel=\"0\"\n\t\t><div>\n\t<div class=\"sow-accordion\">\n\t\t\t<div class=\"sow-accordion-panel\"\n\t\t\t data-anchor=\"duraci%c3%b3n-del-estudio\">\n\t\t\t\t<div class=\"sow-accordion-panel-header-container\" role=\"heading\" aria-level=\"2\">\n\t\t\t\t\t<div class=\"sow-accordion-panel-header\" tabindex=\"0\" role=\"button\" id=\"accordion-label-duraci%c3%b3n-del-estudio\" aria-controls=\"accordion-content-duraci%c3%b3n-del-estudio\" aria-expanded=\"false\">\n\t\t\t\t\t\t<div class=\"sow-accordion-title sow-accordion-title-icon-left\">\n\t\t\t\t\t\t\t\t\t\t\t\t\t\tDuraci\u00f3n del estudio\t\t\t\t\t\t\t\t\t\t\t\t\t<\/div>\n\t\t\t\t\t\t<div class=\"sow-accordion-open-close-button\">\n\t\t\t\t\t\t\t<div class=\"sow-accordion-open-button\">\n\t\t\t\t\t\t\t\t<span class=\"sow-icon-fontawesome sow-fas\" data-sow-icon=\"&#x2b;\"\n\t\t \n\t\taria-hidden=\"true\"><\/span>\t\t\t\t\t\t\t<\/div>\n\t\t\t\t\t\t\t<div class=\"sow-accordion-close-button\">\n\t\t\t\t\t\t\t\t<span class=\"sow-icon-fontawesome sow-fas\" data-sow-icon=\"&#xf068;\"\n\t\t \n\t\taria-hidden=\"true\"><\/span>\t\t\t\t\t\t\t<\/div>\n\t\t\t\t\t\t<\/div>\n\t\t\t\t\t<\/div>\n\t\t\t\t<\/div>\n\n\t\t\t<div\n\t\t\t\tclass=\"sow-accordion-panel-content\"\n\t\t\t\trole=\"region\"\n\t\t\t\taria-labelledby=\"accordion-label-duraci%c3%b3n-del-estudio\"\n\t\t\t\tid=\"accordion-content-duraci%c3%b3n-del-estudio\"\n\t\t\t\tstyle=\"display: none;\"\t\t\t>\n\t\t\t\t<div class=\"sow-accordion-panel-border\">\n\t\t\t\t\t<p>2000 horas: 2 cursos acad\u00e9micos, incluida la F.C.T.<\/p>\n\t\t\t\t<\/div>\n\t\t\t<\/div>\n\t\t<\/div>\n\t\t\t<div class=\"sow-accordion-panel\"\n\t\t\t data-anchor=\"requisitos-de-acceso\">\n\t\t\t\t<div class=\"sow-accordion-panel-header-container\" role=\"heading\" aria-level=\"2\">\n\t\t\t\t\t<div class=\"sow-accordion-panel-header\" tabindex=\"0\" role=\"button\" id=\"accordion-label-requisitos-de-acceso\" aria-controls=\"accordion-content-requisitos-de-acceso\" aria-expanded=\"false\">\n\t\t\t\t\t\t<div class=\"sow-accordion-title sow-accordion-title-icon-left\">\n\t\t\t\t\t\t\t\t\t\t\t\t\t\tRequisitos de acceso\t\t\t\t\t\t\t\t\t\t\t\t\t<\/div>\n\t\t\t\t\t\t<div class=\"sow-accordion-open-close-button\">\n\t\t\t\t\t\t\t<div class=\"sow-accordion-open-button\">\n\t\t\t\t\t\t\t\t<span class=\"sow-icon-fontawesome sow-fas\" data-sow-icon=\"&#x2b;\"\n\t\t \n\t\taria-hidden=\"true\"><\/span>\t\t\t\t\t\t\t<\/div>\n\t\t\t\t\t\t\t<div class=\"sow-accordion-close-button\">\n\t\t\t\t\t\t\t\t<span class=\"sow-icon-fontawesome sow-fas\" data-sow-icon=\"&#xf068;\"\n\t\t \n\t\taria-hidden=\"true\"><\/span>\t\t\t\t\t\t\t<\/div>\n\t\t\t\t\t\t<\/div>\n\t\t\t\t\t<\/div>\n\t\t\t\t<\/div>\n\n\t\t\t<div\n\t\t\t\tclass=\"sow-accordion-panel-content\"\n\t\t\t\trole=\"region\"\n\t\t\t\taria-labelledby=\"accordion-label-requisitos-de-acceso\"\n\t\t\t\tid=\"accordion-content-requisitos-de-acceso\"\n\t\t\t\tstyle=\"display: none;\"\t\t\t>\n\t\t\t\t<div class=\"sow-accordion-panel-border\">\n\t\t\t\t\t<p>Debes cumplir\u00a0<strong>alguno<\/strong>\u00a0de los siguientes requisitos:<\/p>\n<ul>\n<li>Tener alguno de los siguientes t\u00edtulos:\n<ul>\n<li>T\u00edtulo de\u00a0<strong>Graduado\/a en Educaci\u00f3n Secundaria Obligatoria<\/strong>o de un nivel acad\u00e9mico superior.<\/li>\n<li>T\u00edtulo Profesional B\u00e1sico (Formaci\u00f3n Profesional de Grado B\u00e1sico).<\/li>\n<li>T\u00edtulo de T\u00e9cnico\/a o de T\u00e9cnico\/a Auxiliar o equivalente a efectos acad\u00e9micos.<\/li>\n<\/ul>\n<\/li>\n<li>Haber superado:\n<ul>\n<li>2\u00ba curso del Bachillerato Unificado y Polivalente (BUP).<\/li>\n<li><a href=\"https:\/\/www.todofp.es\/como-cuando-y-donde-estudiar\/acceso-fp-desde-fp\/ciclos-grado-medio.html\">Prueba de acceso a ciclos formativos de grado medio<\/a> (se requerir\u00e1 tener, al menos, diecisiete a\u00f1os, cumplidos en el a\u00f1o de realizaci\u00f3n de la prueba).<\/li>\n<li>Prueba de acceso a la Universidad para mayores de 25 a\u00f1os (la superaci\u00f3n de las pruebas de acceso a la Universidad para mayores de 40 y 45 a\u00f1os no es un requisito v\u00e1lido para acceder a FP).<\/li>\n<\/ul>\n<\/li>\n<li>Haber superado:\n<ul>\n<li>Una oferta formativa de Grado C incluida en el ciclo formativo.\u00a0<\/li>\n<li>Un curso de formaci\u00f3n espec\u00edfico preparatorio y gratuito para el acceso a ciclos formativos de grado medio en centros expresamente autorizados por la Administraci\u00f3n educativa<\/li>\n<\/ul>\n<\/li>\n<\/ul>\n<p><strong>\u00a0<\/strong><\/p>\n\t\t\t\t<\/div>\n\t\t\t<\/div>\n\t\t<\/div>\n\t\t\t<div class=\"sow-accordion-panel\"\n\t\t\t data-anchor=\"%c2%bfqu%c3%a9-voy-a-aprender-y-hacer\">\n\t\t\t\t<div class=\"sow-accordion-panel-header-container\" role=\"heading\" aria-level=\"2\">\n\t\t\t\t\t<div class=\"sow-accordion-panel-header\" tabindex=\"0\" role=\"button\" id=\"accordion-label-%c2%bfqu%c3%a9-voy-a-aprender-y-hacer\" aria-controls=\"accordion-content-%c2%bfqu%c3%a9-voy-a-aprender-y-hacer\" aria-expanded=\"false\">\n\t\t\t\t\t\t<div class=\"sow-accordion-title sow-accordion-title-icon-left\">\n\t\t\t\t\t\t\t\t\t\t\t\t\t\t\u00bfQu\u00e9 voy a aprender y hacer?\t\t\t\t\t\t\t\t\t\t\t\t\t<\/div>\n\t\t\t\t\t\t<div class=\"sow-accordion-open-close-button\">\n\t\t\t\t\t\t\t<div class=\"sow-accordion-open-button\">\n\t\t\t\t\t\t\t\t<span class=\"sow-icon-fontawesome sow-fas\" data-sow-icon=\"&#x2b;\"\n\t\t \n\t\taria-hidden=\"true\"><\/span>\t\t\t\t\t\t\t<\/div>\n\t\t\t\t\t\t\t<div class=\"sow-accordion-close-button\">\n\t\t\t\t\t\t\t\t<span class=\"sow-icon-fontawesome sow-fas\" data-sow-icon=\"&#xf068;\"\n\t\t \n\t\taria-hidden=\"true\"><\/span>\t\t\t\t\t\t\t<\/div>\n\t\t\t\t\t\t<\/div>\n\t\t\t\t\t<\/div>\n\t\t\t\t<\/div>\n\n\t\t\t<div\n\t\t\t\tclass=\"sow-accordion-panel-content\"\n\t\t\t\trole=\"region\"\n\t\t\t\taria-labelledby=\"accordion-label-%c2%bfqu%c3%a9-voy-a-aprender-y-hacer\"\n\t\t\t\tid=\"accordion-content-%c2%bfqu%c3%a9-voy-a-aprender-y-hacer\"\n\t\t\t\tstyle=\"display: none;\"\t\t\t>\n\t\t\t\t<div class=\"sow-accordion-panel-border\">\n\t\t\t\t\t<p>Montar y mantener infraestructuras de telecomunicaci\u00f3n en edificios, instalaciones el\u00e9ctricas de baja tensi\u00f3n, m\u00e1quinas el\u00e9ctricas y sistemas automatizados.<\/p>\n<p>Este profesional ser\u00e1 capaz de:<\/p>\n<ul>\n<li>Configurar y calcular instalaciones y equipos.<\/li>\n<li>Montar los elementos componentes de redes de distribuci\u00f3n de baja tensi\u00f3n y elementos auxiliares.<\/li>\n<li>Montar los equipos y canalizaciones asociados a las instalaciones el\u00e9ctricas y automatizadas e infraestructuras de telecomunicaciones en edificios.<\/li>\n<li>Instalar y mantener m\u00e1quinas el\u00e9ctricas rotativas y est\u00e1ticas.<\/li>\n<li>Mantener y reparar instalaciones y equipos.<\/li>\n<li>Establecer la log\u00edstica asociada al montaje y mantenimiento.<\/li>\n<li>Elaborar presupuestos, documentaci\u00f3n t\u00e9cnica y documentaci\u00f3n administrativa.<\/li>\n<li>Verificar el funcionamiento de la instalaci\u00f3n.<\/li>\n<\/ul>\n<p>Estas ense\u00f1anzas incluyen los conocimientos necesarios para llevar a cabo las actividades de nivel b\u00e1sico de prevenci\u00f3n de riesgos laborales.<\/p>\n<p>La formaci\u00f3n establecida en el conjunto de m\u00f3dulos profesionales del T\u00edtulo garantiza el nivel de conocimiento exigido en el carn\u00e9 de Instalador Autorizado en baja tensi\u00f3n, tanto en la Categor\u00eda b\u00e1sica como en la de especialista.<\/p>\n\t\t\t\t<\/div>\n\t\t\t<\/div>\n\t\t<\/div>\n\t\t\t<div class=\"sow-accordion-panel\"\n\t\t\t data-anchor=\"plan-de-formaci%c3%b3n\">\n\t\t\t\t<div class=\"sow-accordion-panel-header-container\" role=\"heading\" aria-level=\"2\">\n\t\t\t\t\t<div class=\"sow-accordion-panel-header\" tabindex=\"0\" role=\"button\" id=\"accordion-label-plan-de-formaci%c3%b3n\" aria-controls=\"accordion-content-plan-de-formaci%c3%b3n\" aria-expanded=\"false\">\n\t\t\t\t\t\t<div class=\"sow-accordion-title sow-accordion-title-icon-left\">\n\t\t\t\t\t\t\t\t\t\t\t\t\t\tPlan de formaci\u00f3n\t\t\t\t\t\t\t\t\t\t\t\t\t<\/div>\n\t\t\t\t\t\t<div class=\"sow-accordion-open-close-button\">\n\t\t\t\t\t\t\t<div class=\"sow-accordion-open-button\">\n\t\t\t\t\t\t\t\t<span class=\"sow-icon-fontawesome sow-fas\" data-sow-icon=\"&#x2b;\"\n\t\t \n\t\taria-hidden=\"true\"><\/span>\t\t\t\t\t\t\t<\/div>\n\t\t\t\t\t\t\t<div class=\"sow-accordion-close-button\">\n\t\t\t\t\t\t\t\t<span class=\"sow-icon-fontawesome sow-fas\" data-sow-icon=\"&#xf068;\"\n\t\t \n\t\taria-hidden=\"true\"><\/span>\t\t\t\t\t\t\t<\/div>\n\t\t\t\t\t\t<\/div>\n\t\t\t\t\t<\/div>\n\t\t\t\t<\/div>\n\n\t\t\t<div\n\t\t\t\tclass=\"sow-accordion-panel-content\"\n\t\t\t\trole=\"region\"\n\t\t\t\taria-labelledby=\"accordion-label-plan-de-formaci%c3%b3n\"\n\t\t\t\tid=\"accordion-content-plan-de-formaci%c3%b3n\"\n\t\t\t\tstyle=\"display: none;\"\t\t\t>\n\t\t\t\t<div class=\"sow-accordion-panel-border\">\n\t\t\t\t\t<table>\n<tbody>\n<tr>\n<td width=\"99\">\n<p><strong>C\u00f3digo <\/strong><\/p>\n<\/td>\n<td width=\"155\">\n<p><strong>Denominaci\u00f3n<\/strong><\/p>\n<\/td>\n<td width=\"97\">\n<p><strong>Horas<\/strong><\/p>\n<\/td>\n<td width=\"107\">\n<p><strong>Curso 1\u00ba<\/strong><\/p>\n<p><strong>(horas semanales)<\/strong><\/p>\n<\/td>\n<td width=\"107\">\n<p><strong>Curso 2\u00ba<\/strong><\/p>\n<p><strong>(horas semanales)<\/strong><\/p>\n<\/td>\n<\/tr>\n<tr>\n<td width=\"99\">\n<p><strong>0232<\/strong><\/p>\n<\/td>\n<td width=\"155\">\n<p><strong>Automatismos industriales<\/strong><\/p>\n<\/td>\n<td width=\"97\">\n<p><strong>270<\/strong><\/p>\n<\/td>\n<td width=\"107\">\n<p><strong>8<\/strong><\/p>\n<\/td>\n<td width=\"107\">\n<p><strong>\u00a0<\/strong><\/p>\n<\/td>\n<\/tr>\n<tr>\n<td width=\"99\">\n<p><strong>0233<\/strong><\/p>\n<\/td>\n<td width=\"155\">\n<p><strong>Electr\u00f3nica<\/strong><\/p>\n<\/td>\n<td width=\"97\">\n<p><strong>100<\/strong><\/p>\n<\/td>\n<td width=\"107\">\n<p><strong>3<\/strong><\/p>\n<\/td>\n<td width=\"107\">\n<p><strong>\u00a0<\/strong><\/p>\n<\/td>\n<\/tr>\n<tr>\n<td width=\"99\">\n<p><strong>0234<\/strong><\/p>\n<\/td>\n<td width=\"155\">\n<p><strong>Electrotecnia<\/strong><\/p>\n<\/td>\n<td width=\"97\">\n<p><strong>210<\/strong><\/p>\n<\/td>\n<td width=\"107\">\n<p><strong>6<\/strong><\/p>\n<\/td>\n<td width=\"107\">\n<p><strong>\u00a0<\/strong><\/p>\n<\/td>\n<\/tr>\n<tr>\n<td width=\"99\">\n<p><strong>0235<\/strong><\/p>\n<\/td>\n<td width=\"155\">\n<p><strong>Instalaciones el\u00e9ctricas de interiores<\/strong><\/p>\n<\/td>\n<td width=\"97\">\n<p><strong>270<\/strong><\/p>\n<\/td>\n<td width=\"107\">\n<p><strong>8<\/strong><\/p>\n<\/td>\n<td width=\"107\">\n<p><strong>\u00a0<\/strong><\/p>\n<\/td>\n<\/tr>\n<tr>\n<td width=\"99\">\n<p><strong>CMO<\/strong><\/p>\n<\/td>\n<td width=\"155\">\n<p><strong>M\u00f3dulo profesional optativo: Ampliaci\u00f3n de instalaciones el\u00e9ctricas de interiores<\/strong><\/p>\n<p>\u00a0<\/p>\n<p><strong>\u00a0<\/strong><\/p>\n<\/td>\n<td width=\"97\">\n<p><strong>50<\/strong><\/p>\n<\/td>\n<td width=\"107\">\n<p><strong>2<\/strong><\/p>\n<\/td>\n<td width=\"107\">\n<p><strong>\u00a0<\/strong><\/p>\n<\/td>\n<\/tr>\n<tr>\n<td width=\"99\">\n<p><strong>1709<\/strong><\/p>\n<\/td>\n<td width=\"155\">\n<p><strong>Itinerario personal para la empleabilidad I<\/strong><\/p>\n<\/td>\n<td width=\"97\">\n<p><strong>100<\/strong><\/p>\n<\/td>\n<td width=\"107\">\n<p><strong>3<\/strong><\/p>\n<\/td>\n<td width=\"107\">\n<p><strong>\u00a0<\/strong><\/p>\n<p><strong>\u00a0<\/strong><\/p>\n<p><strong>\u00a0<\/strong><\/p>\n<\/td>\n<\/tr>\n<tr>\n<td width=\"99\">\n<p><strong>0236<\/strong><\/p>\n<\/td>\n<td width=\"155\">\n<p><strong>Instalaciones de distribuci\u00f3n<\/strong><\/p>\n<\/td>\n<td width=\"97\">\n<p><strong>170<\/strong><\/p>\n<\/td>\n<td width=\"107\">\n<p><strong>\u00a0<\/strong><\/p>\n<\/td>\n<td width=\"107\">\n<p><strong>5<\/strong><\/p>\n<\/td>\n<\/tr>\n<tr>\n<td width=\"99\">\n<p><strong>0237<\/strong><\/p>\n<\/td>\n<td width=\"155\">\n<p><strong>Infraestructuras comunes de telecomunicaci\u00f3n en viviendas y edificios<\/strong><\/p>\n<\/td>\n<td width=\"97\">\n<p><strong>105<\/strong><\/p>\n<\/td>\n<td width=\"107\">\n<p><strong>\u00a0<\/strong><\/p>\n<\/td>\n<td width=\"107\">\n<p><strong>3<\/strong><\/p>\n<\/td>\n<\/tr>\n<tr>\n<td width=\"99\">\n<p><strong>0238<\/strong><\/p>\n<\/td>\n<td width=\"155\">\n<p><strong>Instalaciones dom\u00f3ticas<\/strong><\/p>\n<\/td>\n<td width=\"97\">\n<p><strong>125<\/strong><\/p>\n<\/td>\n<td width=\"107\">\n<p><strong>\u00a0<\/strong><\/p>\n<\/td>\n<td width=\"107\">\n<p><strong>4<\/strong><\/p>\n<\/td>\n<\/tr>\n<tr>\n<td width=\"99\">\n<p><strong>0239<\/strong><\/p>\n<\/td>\n<td width=\"155\">\n<p><strong>Instalaciones fotovoltaicas<\/strong><\/p>\n<\/td>\n<td width=\"97\">\n<p><strong>90<\/strong><\/p>\n<\/td>\n<td width=\"107\">\n<p><strong>\u00a0<\/strong><\/p>\n<\/td>\n<td width=\"107\">\n<p><strong>3<\/strong><\/p>\n<\/td>\n<\/tr>\n<tr>\n<td width=\"99\">\n<p><strong>0156<\/strong><\/p>\n<\/td>\n<td width=\"155\">\n<p><strong>Ingl\u00e9s profesional (GM)<\/strong><\/p>\n<\/td>\n<td width=\"97\">\n<p><strong>50<\/strong><\/p>\n<\/td>\n<td width=\"107\">\n<p><strong>\u00a0<\/strong><\/p>\n<\/td>\n<td width=\"107\">\n<p><strong>2<\/strong><\/p>\n<\/td>\n<\/tr>\n<tr>\n<td width=\"99\">\n<p><strong>1710<\/strong><\/p>\n<\/td>\n<td width=\"155\">\n<p><strong>Itinerario personal para la empleabilidad II<\/strong><\/p>\n<\/td>\n<td width=\"97\">\n<p><strong>70<\/strong><\/p>\n<\/td>\n<td width=\"107\">\n<p><strong>\u00a0<\/strong><\/p>\n<\/td>\n<td width=\"107\">\n<p><strong>2<\/strong><\/p>\n<\/td>\n<\/tr>\n<tr>\n<td width=\"99\">\n<p><strong>1664<\/strong><\/p>\n<\/td>\n<td width=\"155\">\n<p><strong>Digitalizaci\u00f3n aplicada a los sectores productivos (GM)<\/strong><\/p>\n<\/td>\n<td width=\"97\">\n<p><strong>30<\/strong><\/p>\n<\/td>\n<td width=\"107\">\n<p><strong>\u00a0<\/strong><\/p>\n<\/td>\n<td width=\"107\">\n<p><strong>1<\/strong><\/p>\n<\/td>\n<\/tr>\n<tr>\n<td width=\"99\">\n<p><strong>1708<\/strong><\/p>\n<\/td>\n<td width=\"155\">\n<p><strong>Sostenibilidad aplicada al sistema productivo<\/strong><\/p>\n<\/td>\n<td width=\"97\">\n<p><strong>30<\/strong><\/p>\n<\/td>\n<td width=\"107\">\n<p><strong>\u00a0<\/strong><\/p>\n<\/td>\n<td width=\"107\">\n<p><strong>1<\/strong><\/p>\n<\/td>\n<\/tr>\n<tr>\n<td width=\"99\">\n<p><strong>CMO<\/strong><\/p>\n<\/td>\n<td width=\"155\">\n<p><strong>M\u00f3dulo profesional optativo:Ampliaci\u00f3n de instalaciones de distribuci\u00f3n<\/strong><\/p>\n<\/td>\n<td width=\"97\">\n<p><strong>90<\/strong><\/p>\n<\/td>\n<td width=\"107\">\n<p><strong>\u00a0<\/strong><\/p>\n<\/td>\n<td width=\"107\">\n<p><strong>3<\/strong><\/p>\n<\/td>\n<\/tr>\n<tr>\n<td width=\"99\">\n<p><strong>1713<\/strong><\/p>\n<\/td>\n<td width=\"155\">\n<p><strong>Proyecto intermodular<\/strong><\/p>\n<\/td>\n<td width=\"97\">\n<p><strong>50<\/strong><\/p>\n<\/td>\n<td width=\"107\">\n<p><strong>\u00a0<\/strong><\/p>\n<\/td>\n<td width=\"107\">\n<p><strong>\u00a0<\/strong><\/p>\n<\/td>\n<\/tr>\n<\/tbody>\n<\/table>\n\t\t\t\t<\/div>\n\t\t\t<\/div>\n\t\t<\/div>\n\t\t\t<div class=\"sow-accordion-panel\"\n\t\t\t data-anchor=\"al-finalizar-mis-estudios-%c2%bfqu%c3%a9-puedo-hacer\">\n\t\t\t\t<div class=\"sow-accordion-panel-header-container\" role=\"heading\" aria-level=\"2\">\n\t\t\t\t\t<div class=\"sow-accordion-panel-header\" tabindex=\"0\" role=\"button\" id=\"accordion-label-al-finalizar-mis-estudios-%c2%bfqu%c3%a9-puedo-hacer\" aria-controls=\"accordion-content-al-finalizar-mis-estudios-%c2%bfqu%c3%a9-puedo-hacer\" aria-expanded=\"false\">\n\t\t\t\t\t\t<div class=\"sow-accordion-title sow-accordion-title-icon-left\">\n\t\t\t\t\t\t\t\t\t\t\t\t\t\tAl finalizar mis estudios, \u00bfQu\u00e9 puedo hacer?\t\t\t\t\t\t\t\t\t\t\t\t\t<\/div>\n\t\t\t\t\t\t<div class=\"sow-accordion-open-close-button\">\n\t\t\t\t\t\t\t<div class=\"sow-accordion-open-button\">\n\t\t\t\t\t\t\t\t<span class=\"sow-icon-fontawesome sow-fas\" data-sow-icon=\"&#x2b;\"\n\t\t \n\t\taria-hidden=\"true\"><\/span>\t\t\t\t\t\t\t<\/div>\n\t\t\t\t\t\t\t<div class=\"sow-accordion-close-button\">\n\t\t\t\t\t\t\t\t<span class=\"sow-icon-fontawesome sow-fas\" data-sow-icon=\"&#xf068;\"\n\t\t \n\t\taria-hidden=\"true\"><\/span>\t\t\t\t\t\t\t<\/div>\n\t\t\t\t\t\t<\/div>\n\t\t\t\t\t<\/div>\n\t\t\t\t<\/div>\n\n\t\t\t<div\n\t\t\t\tclass=\"sow-accordion-panel-content\"\n\t\t\t\trole=\"region\"\n\t\t\t\taria-labelledby=\"accordion-label-al-finalizar-mis-estudios-%c2%bfqu%c3%a9-puedo-hacer\"\n\t\t\t\tid=\"accordion-content-al-finalizar-mis-estudios-%c2%bfqu%c3%a9-puedo-hacer\"\n\t\t\t\tstyle=\"display: none;\"\t\t\t>\n\t\t\t\t<div class=\"sow-accordion-panel-border\">\n\t\t\t\t\t<p><strong>Trabajar en:<\/strong><\/p>\n<ul>\n<li>Instalador-mantenedor \/ instaladora-mantenedora electricista.<\/li>\n<li>Electricista de construcci\u00f3n.<\/li>\n<li>Electricista industrial.<\/li>\n<li>Electricista de mantenimiento.<\/li>\n<li>Instalador-mantenedor \/ instaladora-mantenedora de sistemas dom\u00f3ticos.<\/li>\n<li>Instalador-mantenedor \/ instaladora-mantenedora de antenas.<\/li>\n<li>Instalador \/ instaladora de telecomunicaciones en edificios de viviendas.<\/li>\n<li>Instalador-mantenedor \/ instaladora-mantenedora de equipos e instalaciones telef\u00f3nicas.<\/li>\n<li>Montador \/ montadora de instalaciones de energ\u00eda solar fotovoltaica.<\/li>\n<\/ul>\n<p><strong>Seguir estudiando<\/strong><\/p>\n<ul>\n<li>Cursos de especializaci\u00f3n profesional<\/li>\n<li>Otro ciclo de Formaci\u00f3n Profesional con la posibilidad de establecer convalidaciones de m\u00f3dulos profesionales de acuerdo a la normativa vigente.<\/li>\n<li>El Bachillerato en cualquiera de sus modalidades<\/li>\n<\/ul>\n\t\t\t\t<\/div>\n\t\t\t<\/div>\n\t\t<\/div>\n\t\t\t<div class=\"sow-accordion-panel\"\n\t\t\t data-anchor=\"cuales-son-las-salidas-profesionales\">\n\t\t\t\t<div class=\"sow-accordion-panel-header-container\" role=\"heading\" aria-level=\"2\">\n\t\t\t\t\t<div class=\"sow-accordion-panel-header\" tabindex=\"0\" role=\"button\" id=\"accordion-label-cuales-son-las-salidas-profesionales\" aria-controls=\"accordion-content-cuales-son-las-salidas-profesionales\" aria-expanded=\"false\">\n\t\t\t\t\t\t<div class=\"sow-accordion-title sow-accordion-title-icon-left\">\n\t\t\t\t\t\t\t\t\t\t\t\t\t\tCuales son las salidas profesionales\t\t\t\t\t\t\t\t\t\t\t\t\t<\/div>\n\t\t\t\t\t\t<div class=\"sow-accordion-open-close-button\">\n\t\t\t\t\t\t\t<div class=\"sow-accordion-open-button\">\n\t\t\t\t\t\t\t\t<span class=\"sow-icon-fontawesome sow-fas\" data-sow-icon=\"&#x2b;\"\n\t\t \n\t\taria-hidden=\"true\"><\/span>\t\t\t\t\t\t\t<\/div>\n\t\t\t\t\t\t\t<div class=\"sow-accordion-close-button\">\n\t\t\t\t\t\t\t\t<span class=\"sow-icon-fontawesome sow-fas\" data-sow-icon=\"&#xf068;\"\n\t\t \n\t\taria-hidden=\"true\"><\/span>\t\t\t\t\t\t\t<\/div>\n\t\t\t\t\t\t<\/div>\n\t\t\t\t\t<\/div>\n\t\t\t\t<\/div>\n\n\t\t\t<div\n\t\t\t\tclass=\"sow-accordion-panel-content\"\n\t\t\t\trole=\"region\"\n\t\t\t\taria-labelledby=\"accordion-label-cuales-son-las-salidas-profesionales\"\n\t\t\t\tid=\"accordion-content-cuales-son-las-salidas-profesionales\"\n\t\t\t\tstyle=\"display: none;\"\t\t\t>\n\t\t\t\t<div class=\"sow-accordion-panel-border\">\n\t\t\t\t\t<ul>\n<li>Este profesional desarrolla su actividad en el montaje y el mantenimiento de infraestructuras de telecomunicaci\u00f3n en edificios, m\u00e1quinas el\u00e9ctricas, sistemas automatizados, instalaciones el\u00e9ctricas de baja tensi\u00f3n y sistemas dom\u00f3ticos.<\/li>\n<\/ul>\n<p>M\u00e1s informaci\u00f3n<\/p>\n<ul>\n<li><strong>Equivalencia de t\u00edtulos:<\/strong>\n<ul>\n<li>Este t\u00edtulo equivale al t\u00edtulo LOGSE:\n<ul>\n<li><a href=\"https:\/\/www.todofp.es\/que-estudiar\/logse\/electricidad-electronica\/equipos-instalaciones-electrotecnicas.html\">T\u00e9cnico en Equipos e Instalaciones Electrot\u00e9cnicas<\/a><\/li>\n<\/ul>\n<\/li>\n<li>Este t\u00edtulo equivale al t\u00edtulo LEY70:\n<ul>\n<li>T\u00e9cnico Auxiliar en Electricidad, rama Electricidad y Electr\u00f3nica<\/li>\n<li>T\u00e9cnico Auxiliar Instalador-Mantenedor El\u00e9ctrico, rama Electricidad y Electr\u00f3nica<\/li>\n<\/ul>\n<\/li>\n<\/ul>\n<\/li>\n<\/ul>\n\t\t\t\t<\/div>\n\t\t\t<\/div>\n\t\t<\/div>\n\t\t<\/div>\n<\/div>\n<\/div>","protected":false},"excerpt":{"rendered":"<p>Turno diurno C\u00d3DIGO: ELEM01<\/p>\n","protected":false},"author":2,"featured_media":0,"parent":0,"menu_order":0,"comment_status":"closed","ping_status":"closed","template":"","meta":{"footnotes":""},"folder":[],"class_list":["post-501","page","type-page","status-publish","hentry"],"rttpg_featured_image_url":null,"rttpg_author":{"display_name":"tic.ies.salvadorallende.fuenlabrada","author_link":"https:\/\/site.educa.madrid.org\/ies.salvadorallende.fuenlabrada\/index.php\/author\/cuenta_tic-ies-salvadorallende-fuenlabrada\/"},"rttpg_comment":0,"rttpg_category":false,"rttpg_excerpt":"Turno diurno C\u00d3DIGO: ELEM01","post_mailing_queue_ids":[],"_links":{"self":[{"href":"https:\/\/site.educa.madrid.org\/ies.salvadorallende.fuenlabrada\/index.php\/wp-json\/wp\/v2\/pages\/501","targetHints":{"allow":["GET"]}}],"collection":[{"href":"https:\/\/site.educa.madrid.org\/ies.salvadorallende.fuenlabrada\/index.php\/wp-json\/wp\/v2\/pages"}],"about":[{"href":"https:\/\/site.educa.madrid.org\/ies.salvadorallende.fuenlabrada\/index.php\/wp-json\/wp\/v2\/types\/page"}],"author":[{"embeddable":true,"href":"https:\/\/site.educa.madrid.org\/ies.salvadorallende.fuenlabrada\/index.php\/wp-json\/wp\/v2\/users\/2"}],"replies":[{"embeddable":true,"href":"https:\/\/site.educa.madrid.org\/ies.salvadorallende.fuenlabrada\/index.php\/wp-json\/wp\/v2\/comments?post=501"}],"version-history":[{"count":13,"href":"https:\/\/site.educa.madrid.org\/ies.salvadorallende.fuenlabrada\/index.php\/wp-json\/wp\/v2\/pages\/501\/revisions"}],"predecessor-version":[{"id":6794,"href":"https:\/\/site.educa.madrid.org\/ies.salvadorallende.fuenlabrada\/index.php\/wp-json\/wp\/v2\/pages\/501\/revisions\/6794"}],"wp:attachment":[{"href":"https:\/\/site.educa.madrid.org\/ies.salvadorallende.fuenlabrada\/index.php\/wp-json\/wp\/v2\/media?parent=501"}],"wp:term":[{"taxonomy":"folder","embeddable":true,"href":"https:\/\/site.educa.madrid.org\/ies.salvadorallende.fuenlabrada\/index.php\/wp-json\/wp\/v2\/folder?post=501"}],"curies":[{"name":"wp","href":"https:\/\/api.w.org\/{rel}","templated":true}]}}