{"id":1491,"date":"2026-06-20T09:48:59","date_gmt":"2026-06-20T07:48:59","guid":{"rendered":"https:\/\/site.educa.madrid.org\/ies.salvadordali.leganes\/?page_id=1491"},"modified":"2026-06-20T13:56:31","modified_gmt":"2026-06-20T11:56:31","slug":"historia","status":"publish","type":"page","link":"https:\/\/site.educa.madrid.org\/ies.salvadordali.leganes\/index.php\/historia\/","title":{"rendered":"Historia"},"content":{"rendered":"\n<div style=\"max-width: 1000px; margin: 0 auto; padding: 20px; font-family: Arial, sans-serif;\">\n\n    <h1 style=\"color: #83072d; text-align: center; margin-bottom: 10px;\">\n        Historia del Centro\n    <\/h1>\n\n    <p style=\"text-align: center; font-size: 1.1em; color: #555; margin-bottom: 40px;\">\n        Un recorrido por los or\u00edgenes y la evoluci\u00f3n del IES Salvador Dal\u00ed de Legan\u00e9s.\n    <\/p>\n\n    <div style=\"background-color: #f7f7f7; border-left: 6px solid #83072d; padding: 25px; border-radius: 10px; margin-bottom: 40px;\">\n        <p style=\"line-height: 1.7; margin: 0;\">\n            El <strong>IES Salvador Dal\u00ed de Legan\u00e9s<\/strong> se cre\u00f3 por desdoblamiento del\n            <strong>IES Jos\u00e9 de Churriguera<\/strong> en el curso <strong>1985-1986<\/strong>.\n            Desde entonces, el centro ha formado parte de la historia educativa de Legan\u00e9s,\n            creciendo junto a su alumnado, sus familias y el profesorado que ha pasado por sus aulas.\n        <\/p>\n    <\/div>\n\n    <div style=\"position: relative; margin: 0 auto; max-width: 850px;\">\n\n        <div style=\"position: absolute; left: 25px; top: 0; bottom: 0; width: 4px; background-color: #83072d;\"><\/div>\n\n        <div style=\"position: relative; padding-left: 75px; margin-bottom: 40px;\">\n            <div style=\"position: absolute; left: 12px; top: 5px; width: 30px; height: 30px; background-color: #83072d; border-radius: 50%;\"><\/div>\n            <h3 style=\"color: #83072d; margin-bottom: 10px;\">Curso 1985-1986 \u00b7 Creaci\u00f3n del centro<\/h3>\n            <p style=\"line-height: 1.7;\">\n                El instituto naci\u00f3 por desdoblamiento del IES Jos\u00e9 de Churriguera. En sus inicios,\n                el centro fue conocido como el <strong>\u201cInstituto n\u00ba 6\u201d<\/strong>, al ser el sexto\n                instituto incorporado a la red de centros de Secundaria de Legan\u00e9s.\n            <\/p>\n        <\/div>\n\n        <div style=\"position: relative; padding-left: 75px; margin-bottom: 40px;\">\n            <div style=\"position: absolute; left: 12px; top: 5px; width: 30px; height: 30px; background-color: #83072d; border-radius: 50%;\"><\/div>\n            <h3 style=\"color: #83072d; margin-bottom: 10px;\">Cursos 1985-1986 y 1986-1987 \u00b7 Primera sede<\/h3>\n            <p style=\"line-height: 1.7;\">\n                Durante sus dos primeros cursos, el instituto estuvo ubicado en el actual\n                <strong>C.C. Santiago Am\u00f3n<\/strong>, edificio construido por el Ayuntamiento de\n                Legan\u00e9s y prestado inicialmente al IES Jos\u00e9 de Churriguera hasta que este cont\u00f3\n                con su sede definitiva.\n            <\/p>\n        <\/div>\n\n        <div style=\"position: relative; padding-left: 75px; margin-bottom: 40px;\">\n            <div style=\"position: absolute; left: 12px; top: 5px; width: 30px; height: 30px; background-color: #83072d; border-radius: 50%;\"><\/div>\n            <h3 style=\"color: #83072d; margin-bottom: 10px;\">Curso 1987-1988 \u00b7 Edificio actual<\/h3>\n            <p style=\"line-height: 1.7;\">\n                En el curso 1987-1988 el centro ocup\u00f3 su edificio actual, construido siguiendo\n                el modelo arquitect\u00f3nico habitual de los institutos de la Comunidad de Madrid\n                durante los a\u00f1os ochenta.\n            <\/p>\n        <\/div>\n\n        <div style=\"position: relative; padding-left: 75px; margin-bottom: 40px;\">\n            <div style=\"position: absolute; left: 12px; top: 5px; width: 30px; height: 30px; background-color: #83072d; border-radius: 50%;\"><\/div>\n            <h3 style=\"color: #83072d; margin-bottom: 10px;\">Primeros equipos docentes y directivos<\/h3>\n            <p style=\"line-height: 1.7;\">\n                El primer equipo directivo, durante el curso 1985-1986, estuvo en comisi\u00f3n de\n                servicios y el profesorado fue interino. En el curso siguiente, el centro cont\u00f3\n                ya con una direcci\u00f3n nombrada por la Direcci\u00f3n Provincial y con una mayor\u00eda de\n                profesorado con destino definitivo, doce de ellos procedentes del IES Jos\u00e9 de Churriguera.\n            <\/p>\n        <\/div>\n\n        <div style=\"position: relative; padding-left: 75px; margin-bottom: 40px;\">\n            <div style=\"position: absolute; left: 12px; top: 5px; width: 30px; height: 30px; background-color: #83072d; border-radius: 50%;\"><\/div>\n            <h3 style=\"color: #83072d; margin-bottom: 10px;\">Curso 1989-1990 \u00b7 Nombre Salvador Dal\u00ed<\/h3>\n            <p style=\"line-height: 1.7;\">\n                El nombre actual, <strong>\u201cSalvador Dal\u00ed\u201d<\/strong>, surgi\u00f3 de una encuesta realizada\n                al alumnado del centro durante el curso 1989-1990. Fue la opci\u00f3n m\u00e1s votada, quiz\u00e1\n                influida por la conmemoraci\u00f3n, aquel a\u00f1o, del centenario del c\u00e9lebre pintor.\n            <\/p>\n        <\/div>\n\n        <div style=\"position: relative; padding-left: 75px; margin-bottom: 40px;\">\n            <div style=\"position: absolute; left: 12px; top: 5px; width: 30px; height: 30px; background-color: #83072d; border-radius: 50%;\"><\/div>\n            <h3 style=\"color: #83072d; margin-bottom: 10px;\">Curso 1996-1997 \u00b7 Reforma educativa<\/h3>\n            <p style=\"line-height: 1.7;\">\n                La implantaci\u00f3n de la reforma educativa en el centro se llev\u00f3 a cabo durante\n                el curso 1996-1997, consolidando una nueva etapa en la organizaci\u00f3n de las\n                ense\u00f1anzas y en la vida acad\u00e9mica del instituto.\n            <\/p>\n        <\/div>\n\n        <div style=\"position: relative; padding-left: 75px;\">\n            <div style=\"position: absolute; left: 12px; top: 5px; width: 30px; height: 30px; background-color: #83072d; border-radius: 50%;\"><\/div>\n            <h3 style=\"color: #83072d; margin-bottom: 10px;\">Curso 2001-2002 \u00b7 25 a\u00f1os de Secundaria en Legan\u00e9s<\/h3>\n            <p style=\"line-height: 1.7;\">\n                Durante el curso 2001-2002 se celebraron los veinticinco a\u00f1os de implantaci\u00f3n\n                de la Educaci\u00f3n Secundaria en Legan\u00e9s, una efem\u00e9ride compartida por los centros\n                que han contribuido al desarrollo educativo del municipio.\n            <\/p>\n        <\/div>\n\n    <\/div>\n\n<\/div>\n\u00ab`\n","protected":false},"excerpt":{"rendered":"<p>Historia del Centro Un recorrido por los or\u00edgenes y la evoluci\u00f3n del IES Salvador Dal\u00ed de Legan\u00e9s. El IES [&hellip;]<\/p>\n","protected":false},"author":3,"featured_media":0,"parent":0,"menu_order":0,"comment_status":"closed","ping_status":"closed","template":"rttpg_full_width","meta":{"footnotes":""},"folder":[48],"class_list":["post-1491","page","type-page","status-publish","hentry"],"rttpg_featured_image_url":null,"rttpg_author":{"display_name":"ies.salvadordali.leganes","author_link":"https:\/\/site.educa.madrid.org\/ies.salvadordali.leganes\/index.php\/author\/cuenta_ies-salvadordali-leganes\/"},"rttpg_comment":0,"rttpg_category":" <a href=\"https:\/\/site.educa.madrid.org\/ies.salvadordali.leganes\/?taxonomy=folder&#038;term=centro-1781941451-3\" rel=\"tag\">Centro<\/a>","rttpg_excerpt":"Historia del Centro Un recorrido por los or\u00edgenes y la evoluci\u00f3n del IES Salvador Dal\u00ed de Legan\u00e9s. El IES [&hellip;]","post_mailing_queue_ids":[],"_links":{"self":[{"href":"https:\/\/site.educa.madrid.org\/ies.salvadordali.leganes\/index.php\/wp-json\/wp\/v2\/pages\/1491","targetHints":{"allow":["GET"]}}],"collection":[{"href":"https:\/\/site.educa.madrid.org\/ies.salvadordali.leganes\/index.php\/wp-json\/wp\/v2\/pages"}],"about":[{"href":"https:\/\/site.educa.madrid.org\/ies.salvadordali.leganes\/index.php\/wp-json\/wp\/v2\/types\/page"}],"author":[{"embeddable":true,"href":"https:\/\/site.educa.madrid.org\/ies.salvadordali.leganes\/index.php\/wp-json\/wp\/v2\/users\/3"}],"replies":[{"embeddable":true,"href":"https:\/\/site.educa.madrid.org\/ies.salvadordali.leganes\/index.php\/wp-json\/wp\/v2\/comments?post=1491"}],"version-history":[{"count":3,"href":"https:\/\/site.educa.madrid.org\/ies.salvadordali.leganes\/index.php\/wp-json\/wp\/v2\/pages\/1491\/revisions"}],"predecessor-version":[{"id":1663,"href":"https:\/\/site.educa.madrid.org\/ies.salvadordali.leganes\/index.php\/wp-json\/wp\/v2\/pages\/1491\/revisions\/1663"}],"wp:attachment":[{"href":"https:\/\/site.educa.madrid.org\/ies.salvadordali.leganes\/index.php\/wp-json\/wp\/v2\/media?parent=1491"}],"wp:term":[{"taxonomy":"folder","embeddable":true,"href":"https:\/\/site.educa.madrid.org\/ies.salvadordali.leganes\/index.php\/wp-json\/wp\/v2\/folder?post=1491"}],"curies":[{"name":"wp","href":"https:\/\/api.w.org\/{rel}","templated":true}]}}

<div style="max-width: 1000px; margin: 0 auto; padding: 20px; font-family: Arial, sans-serif;">

    <h1 style="color: #83072d; text-align: center; margin-bottom: 10px;">
        Historia del Centro
    </h1>

    <p style="text-align: center; font-size: 1.1em; color: #555; margin-bottom: 40px;">
        Un recorrido por los orígenes y la evolución del IES Salvador Dalí de Leganés.
    </p>

    <div style="background-color: #f7f7f7; border-left: 6px solid #83072d; padding: 25px; border-radius: 10px; margin-bottom: 40px;">
        <p style="line-height: 1.7; margin: 0;">
            El <strong>IES Salvador Dalí de Leganés</strong> se creó por desdoblamiento del
            <strong>IES José de Churriguera</strong> en el curso <strong>1985-1986</strong>.
            Desde entonces, el centro ha formado parte de la historia educativa de Leganés,
            creciendo junto a su alumnado, sus familias y el profesorado que ha pasado por sus aulas.
        </p>
    </div>

    <div style="position: relative; margin: 0 auto; max-width: 850px;">

        <div style="position: absolute; left: 25px; top: 0; bottom: 0; width: 4px; background-color: #83072d;"></div>

        <div style="position: relative; padding-left: 75px; margin-bottom: 40px;">
            <div style="position: absolute; left: 12px; top: 5px; width: 30px; height: 30px; background-color: #83072d; border-radius: 50%;"></div>
            <h3 style="color: #83072d; margin-bottom: 10px;">Curso 1985-1986 · Creación del centro</h3>
            <p style="line-height: 1.7;">
                El instituto nació por desdoblamiento del IES José de Churriguera. En sus inicios,
                el centro fue conocido como el <strong>“Instituto nº 6”</strong>, al ser el sexto
                instituto incorporado a la red de centros de Secundaria de Leganés.
            </p>
        </div>

        <div style="position: relative; padding-left: 75px; margin-bottom: 40px;">
            <div style="position: absolute; left: 12px; top: 5px; width: 30px; height: 30px; background-color: #83072d; border-radius: 50%;"></div>
            <h3 style="color: #83072d; margin-bottom: 10px;">Cursos 1985-1986 y 1986-1987 · Primera sede</h3>
            <p style="line-height: 1.7;">
                Durante sus dos primeros cursos, el instituto estuvo ubicado en el actual
                <strong>C.C. Santiago Amón</strong>, edificio construido por el Ayuntamiento de
                Leganés y prestado inicialmente al IES José de Churriguera hasta que este contó
                con su sede definitiva.
            </p>
        </div>

        <div style="position: relative; padding-left: 75px; margin-bottom: 40px;">
            <div style="position: absolute; left: 12px; top: 5px; width: 30px; height: 30px; background-color: #83072d; border-radius: 50%;"></div>
            <h3 style="color: #83072d; margin-bottom: 10px;">Curso 1987-1988 · Edificio actual</h3>
            <p style="line-height: 1.7;">
                En el curso 1987-1988 el centro ocupó su edificio actual, construido siguiendo
                el modelo arquitectónico habitual de los institutos de la Comunidad de Madrid
                durante los años ochenta.
            </p>
        </div>

        <div style="position: relative; padding-left: 75px; margin-bottom: 40px;">
            <div style="position: absolute; left: 12px; top: 5px; width: 30px; height: 30px; background-color: #83072d; border-radius: 50%;"></div>
            <h3 style="color: #83072d; margin-bottom: 10px;">Primeros equipos docentes y directivos</h3>
            <p style="line-height: 1.7;">
                El primer equipo directivo, durante el curso 1985-1986, estuvo en comisión de
                servicios y el profesorado fue interino. En el curso siguiente, el centro contó
                ya con una dirección nombrada por la Dirección Provincial y con una mayoría de
                profesorado con destino definitivo, doce de ellos procedentes del IES José de Churriguera.
            </p>
        </div>

        <div style="position: relative; padding-left: 75px; margin-bottom: 40px;">
            <div style="position: absolute; left: 12px; top: 5px; width: 30px; height: 30px; background-color: #83072d; border-radius: 50%;"></div>
            <h3 style="color: #83072d; margin-bottom: 10px;">Curso 1989-1990 · Nombre Salvador Dalí</h3>
            <p style="line-height: 1.7;">
                El nombre actual, <strong>“Salvador Dalí”</strong>, surgió de una encuesta realizada
                al alumnado del centro durante el curso 1989-1990. Fue la opción más votada, quizá
                influida por la conmemoración, aquel año, del centenario del célebre pintor.
            </p>
        </div>

        <div style="position: relative; padding-left: 75px; margin-bottom: 40px;">
            <div style="position: absolute; left: 12px; top: 5px; width: 30px; height: 30px; background-color: #83072d; border-radius: 50%;"></div>
            <h3 style="color: #83072d; margin-bottom: 10px;">Curso 1996-1997 · Reforma educativa</h3>
            <p style="line-height: 1.7;">
                La implantación de la reforma educativa en el centro se llevó a cabo durante
                el curso 1996-1997, consolidando una nueva etapa en la organización de las
                enseñanzas y en la vida académica del instituto.
            </p>
        </div>

        <div style="position: relative; padding-left: 75px;">
            <div style="position: absolute; left: 12px; top: 5px; width: 30px; height: 30px; background-color: #83072d; border-radius: 50%;"></div>
            <h3 style="color: #83072d; margin-bottom: 10px;">Curso 2001-2002 · 25 años de Secundaria en Leganés</h3>
            <p style="line-height: 1.7;">
                Durante el curso 2001-2002 se celebraron los veinticinco años de implantación
                de la Educación Secundaria en Leganés, una efeméride compartida por los centros
                que han contribuido al desarrollo educativo del municipio.
            </p>
        </div>

    </div>

</div>
«`

<p>Historia del Centro Un recorrido por los orígenes y la evolución del IES Salvador Dalí de Leganés. El IES [&hellip;]</p>

Historia del Centro Un recorrido por los orígenes y la evolución del IES Salvador Dalí de Leganés. El IES [&hellip;]
