{"id":1501,"date":"2026-06-20T09:52:44","date_gmt":"2026-06-20T07:52:44","guid":{"rendered":"https:\/\/site.educa.madrid.org\/ies.salvadordali.leganes\/?page_id=1501"},"modified":"2026-06-20T12:06:48","modified_gmt":"2026-06-20T10:06:48","slug":"equipo-directivo","status":"publish","type":"page","link":"https:\/\/site.educa.madrid.org\/ies.salvadordali.leganes\/index.php\/equipo-directivo\/","title":{"rendered":"Equipo Directivo"},"content":{"rendered":"\n<div class=\"equipo-directivo-container\">\n\n    <h2 class=\"titulo-principal\">Equipo Directivo<\/h2>\n\n \n\n    <div class=\"equipo-grid\">\n\n        <div class=\"miembro\">\n            <div class=\"cargo\">Direcci\u00f3n<\/div>\n            <div class=\"nombre\">Pilar Mu\u00f1oz Morales<\/div>\n        <\/div>\n\n        <div class=\"miembro\">\n            <div class=\"cargo\">Jefa de Estudios (ma\u00f1ana)<\/div>\n            <div class=\"nombre\">Natalia Almena Bule<\/div>\n        <\/div>\n\n        <div class=\"miembro\">\n            <div class=\"cargo\">Jefe de Estudios Adjunto (ma\u00f1ana)<\/div>\n            <div class=\"nombre\">\u00c1ngel Paredes Garc\u00eda<\/div>\n        <\/div>\n\n        <div class=\"miembro\">\n            <div class=\"cargo\">Jefa de Estudios (tarde)<\/div>\n            <div class=\"nombre\">Silvia Ferro L\u00f3pez<\/div>\n        <\/div>\n\n        <div class=\"miembro\">\n            <div class=\"cargo\">Jefa de Estudios Adjunta (tarde)<\/div>\n            <div class=\"nombre\">Lidia Vi\u00f1as Rojas<\/div>\n        <\/div>\n\n        <div class=\"miembro\">\n            <div class=\"cargo\">Secretario<\/div>\n            <div class=\"nombre\">Rafael Exp\u00f3sito Chicharro<\/div>\n        <\/div>\n\n    <\/div>\n\n<\/div>\n\n<style>\n.equipo-directivo-container {\n    max-width: 1200px;\n    margin: 0 auto;\n    padding: 20px;\n    font-family: Arial, sans-serif;\n}\n\n.titulo-principal {\n    text-align: center;\n    color: #83072d;\n    font-size: 2.3rem;\n    margin-bottom: 20px;\n}\n\n.descripcion {\n    text-align: center;\n    max-width: 850px;\n    margin: 0 auto 40px auto;\n    color: #555;\n    line-height: 1.7;\n    font-size: 1.05rem;\n}\n\n.equipo-grid {\n    display: grid;\n    grid-template-columns: repeat(auto-fit, minmax(280px, 1fr));\n    gap: 25px;\n}\n\n.miembro {\n    background: #ffffff;\n    border-top: 5px solid #83072d;\n    border-radius: 15px;\n    padding: 25px;\n    text-align: center;\n    box-shadow: 0 6px 18px rgba(0,0,0,0.08);\n    transition: all 0.3s ease;\n}\n\n.miembro:hover {\n    transform: translateY(-5px);\n    box-shadow: 0 10px 24px rgba(131, 7, 45, 0.15);\n}\n\n.cargo {\n    color: #83072d;\n    font-weight: bold;\n    font-size: 1rem;\n    margin-bottom: 12px;\n    line-height: 1.4;\n}\n\n.nombre {\n    color: #333;\n    font-size: 1.15rem;\n    font-weight: 600;\n    line-height: 1.5;\n}\n\n@media (max-width: 768px) {\n    .titulo-principal {\n        font-size: 1.9rem;\n    }\n\n    .descripcion {\n        font-size: 1rem;\n    }\n}\n<\/style>\n","protected":false},"excerpt":{"rendered":"<p>Equipo Directivo Direcci\u00f3n Pilar Mu\u00f1oz Morales Jefa de Estudios (ma\u00f1ana) Natalia Almena Bule Jefe de Estudios Adjunto (ma\u00f1ana) \u00c1ngel [&hellip;]<\/p>\n","protected":false},"author":3,"featured_media":0,"parent":0,"menu_order":0,"comment_status":"closed","ping_status":"closed","template":"rttpg_full_width","meta":{"footnotes":""},"folder":[48],"class_list":["post-1501","page","type-page","status-publish","hentry"],"rttpg_featured_image_url":null,"rttpg_author":{"display_name":"ies.salvadordali.leganes","author_link":"https:\/\/site.educa.madrid.org\/ies.salvadordali.leganes\/index.php\/author\/cuenta_ies-salvadordali-leganes\/"},"rttpg_comment":0,"rttpg_category":" <a href=\"https:\/\/site.educa.madrid.org\/ies.salvadordali.leganes\/?taxonomy=folder&#038;term=centro-1781941451-3\" rel=\"tag\">Centro<\/a>","rttpg_excerpt":"Equipo Directivo Direcci\u00f3n Pilar Mu\u00f1oz Morales Jefa de Estudios (ma\u00f1ana) Natalia Almena Bule Jefe de Estudios Adjunto (ma\u00f1ana) \u00c1ngel [&hellip;]","post_mailing_queue_ids":[],"_links":{"self":[{"href":"https:\/\/site.educa.madrid.org\/ies.salvadordali.leganes\/index.php\/wp-json\/wp\/v2\/pages\/1501","targetHints":{"allow":["GET"]}}],"collection":[{"href":"https:\/\/site.educa.madrid.org\/ies.salvadordali.leganes\/index.php\/wp-json\/wp\/v2\/pages"}],"about":[{"href":"https:\/\/site.educa.madrid.org\/ies.salvadordali.leganes\/index.php\/wp-json\/wp\/v2\/types\/page"}],"author":[{"embeddable":true,"href":"https:\/\/site.educa.madrid.org\/ies.salvadordali.leganes\/index.php\/wp-json\/wp\/v2\/users\/3"}],"replies":[{"embeddable":true,"href":"https:\/\/site.educa.madrid.org\/ies.salvadordali.leganes\/index.php\/wp-json\/wp\/v2\/comments?post=1501"}],"version-history":[{"count":3,"href":"https:\/\/site.educa.madrid.org\/ies.salvadordali.leganes\/index.php\/wp-json\/wp\/v2\/pages\/1501\/revisions"}],"predecessor-version":[{"id":1591,"href":"https:\/\/site.educa.madrid.org\/ies.salvadordali.leganes\/index.php\/wp-json\/wp\/v2\/pages\/1501\/revisions\/1591"}],"wp:attachment":[{"href":"https:\/\/site.educa.madrid.org\/ies.salvadordali.leganes\/index.php\/wp-json\/wp\/v2\/media?parent=1501"}],"wp:term":[{"taxonomy":"folder","embeddable":true,"href":"https:\/\/site.educa.madrid.org\/ies.salvadordali.leganes\/index.php\/wp-json\/wp\/v2\/folder?post=1501"}],"curies":[{"name":"wp","href":"https:\/\/api.w.org\/{rel}","templated":true}]}}

<div class="equipo-directivo-container">

    <h2 class="titulo-principal">Equipo Directivo</h2>

 

    <div class="equipo-grid">

        <div class="miembro">
            <div class="cargo">Dirección</div>
            <div class="nombre">Pilar Muñoz Morales</div>
        </div>

        <div class="miembro">
            <div class="cargo">Jefa de Estudios (mañana)</div>
            <div class="nombre">Natalia Almena Bule</div>
        </div>

        <div class="miembro">
            <div class="cargo">Jefe de Estudios Adjunto (mañana)</div>
            <div class="nombre">Ángel Paredes García</div>
        </div>

        <div class="miembro">
            <div class="cargo">Jefa de Estudios (tarde)</div>
            <div class="nombre">Silvia Ferro López</div>
        </div>

        <div class="miembro">
            <div class="cargo">Jefa de Estudios Adjunta (tarde)</div>
            <div class="nombre">Lidia Viñas Rojas</div>
        </div>

        <div class="miembro">
            <div class="cargo">Secretario</div>
            <div class="nombre">Rafael Expósito Chicharro</div>
        </div>

    </div>

</div>

<style>
.equipo-directivo-container {
    max-width: 1200px;
    margin: 0 auto;
    padding: 20px;
    font-family: Arial, sans-serif;
}

.titulo-principal {
    text-align: center;
    color: #83072d;
    font-size: 2.3rem;
    margin-bottom: 20px;
}

.descripcion {
    text-align: center;
    max-width: 850px;
    margin: 0 auto 40px auto;
    color: #555;
    line-height: 1.7;
    font-size: 1.05rem;
}

.equipo-grid {
    display: grid;
    grid-template-columns: repeat(auto-fit, minmax(280px, 1fr));
    gap: 25px;
}

.miembro {
    background: #ffffff;
    border-top: 5px solid #83072d;
    border-radius: 15px;
    padding: 25px;
    text-align: center;
    box-shadow: 0 6px 18px rgba(0,0,0,0.08);
    transition: all 0.3s ease;
}

.miembro:hover {
    transform: translateY(-5px);
    box-shadow: 0 10px 24px rgba(131, 7, 45, 0.15);
}

.cargo {
    color: #83072d;
    font-weight: bold;
    font-size: 1rem;
    margin-bottom: 12px;
    line-height: 1.4;
}

.nombre {
    color: #333;
    font-size: 1.15rem;
    font-weight: 600;
    line-height: 1.5;
}

@media (max-width: 768px) {
    .titulo-principal {
        font-size: 1.9rem;
    }

    .descripcion {
        font-size: 1rem;
    }
}
</style>

<p>Equipo Directivo Dirección Pilar Muñoz Morales Jefa de Estudios (mañana) Natalia Almena Bule Jefe de Estudios Adjunto (mañana) Ángel [&hellip;]</p>

Equipo Directivo Dirección Pilar Muñoz Morales Jefa de Estudios (mañana) Natalia Almena Bule Jefe de Estudios Adjunto (mañana) Ángel [&hellip;]
