{"id":1511,"date":"2026-06-20T09:57:14","date_gmt":"2026-06-20T07:57:14","guid":{"rendered":"https:\/\/site.educa.madrid.org\/ies.salvadordali.leganes\/?page_id=1511"},"modified":"2026-06-21T19:05:54","modified_gmt":"2026-06-21T17:05:54","slug":"documentos-e-impresos","status":"publish","type":"page","link":"https:\/\/site.educa.madrid.org\/ies.salvadordali.leganes\/index.php\/documentos-e-impresos\/","title":{"rendered":"Documentos e Impresos"},"content":{"rendered":"\n<style>\n:root{\n  --dali:#83072d;\n  --dali-hover:#a00b38;\n  --texto:#222;\n  --gris:#f7f7f7;\n  --borde:#e5e5e5;\n}\n\n.docs-secretaria{\n  max-width:1150px;\n  margin:0 auto;\n  padding:25px 15px;\n  font-family:inherit;\n  color:var(--texto);\n}\n\n.docs-secretaria h1{\n  text-align:center;\n  color:var(--dali);\n  font-size:2.3rem;\n  margin-bottom:35px;\n  font-weight:800;\n}\n\n.docs-section{\n  margin-bottom:35px;\n}\n\n.docs-section h2{\n  color:var(--dali);\n  font-size:1.5rem;\n  text-align:center;\n  margin-bottom:20px;\n  padding-bottom:10px;\n  border-bottom:2px solid var(--dali);\n}\n\n.docs-grid{\n  display:flex;\n  flex-wrap:wrap;\n  justify-content:center;\n  gap:16px;\n}\n\n.doc-btn{\n  display:flex;\n  align-items:center;\n  justify-content:center;\n  flex:0 1 280px;\n  min-height:58px;\n  padding:14px 18px;\n  background:#fff;\n  border:1px solid var(--borde);\n  border-radius:12px;\n  color:#000000 !important;\n  text-decoration:none !important;\n  font-weight:600;\n  text-align:center;\n  box-shadow:0 4px 12px rgba(0,0,0,.06);\n  transition:.25s ease;\n}\n.doc-btn:hover{\n  background:var(--dali);\n  color:#fff !important;\n  transform:translateY(-3px);\n  box-shadow:0 8px 20px rgba(0,0,0,.12);\n}\n\n.info-box{\n  background:var(--gris);\n  border-left:5px solid var(--dali);\n  border-radius:12px;\n  padding:22px;\n  margin-bottom:22px;\n}\n\n.info-box h3{\n  color:var(--dali);\n  margin-top:0;\n  margin-bottom:10px;\n  font-size:1.25rem;\n}\n\n.info-box h4{\n  color:#000;\n  margin:16px 0 8px;\n  font-size:1.05rem;\n}\n\n.info-box p{\n  margin:0 0 10px;\n  line-height:1.6;\n}\n\n@media(max-width:700px){\n  .docs-secretaria h1{\n    font-size:1.8rem;\n  }\n\n  .docs-section h2{\n    font-size:1.25rem;\n  }\n}\n<\/style>\n\n<div class=\"docs-secretaria\">\n\n  <h1>Documentos e Impresos<\/h1>\n\n  <div class=\"docs-section\">\n    <h2>Documentos Generales<\/h2>\n\n    <div class=\"docs-grid\">\n      <a class=\"doc-btn\" href=\"https:\/\/site.educa.madrid.org\/ies.salvadordali.leganes\/\/wp-content\/uploads\/ies.salvadordali.leganes\/2026\/06\/IMPRESO-RECOGIDA-DOCUMENTOS.pdf\" target=\"_blank\" rel=\"noopener\">\n        Impreso Recogida Documentos\n      <\/a>\n\n      <a class=\"doc-btn\" href=\"https:\/\/site.educa.madrid.org\/ies.salvadordali.leganes\/\/wp-content\/uploads\/ies.salvadordali.leganes\/2026\/06\/INSTANCIA-GENERAL.pdf\" target=\"_blank\" rel=\"noopener\">\n        Instancia General\n      <\/a>\n\n      <a class=\"doc-btn\" href=\"https:\/\/site.educa.madrid.org\/ies.salvadordali.leganes\/\/wp-content\/uploads\/ies.salvadordali.leganes\/2026\/06\/DECLARACION-RESPONSABLE.pdf\" target=\"_blank\" rel=\"noopener\">\n        Declaraci\u00f3n Responsable\n      <\/a>\n    <\/div>\n  <\/div>\n\n  <div class=\"docs-section\">\n    <h2>Documentos ESO y Bachillerato<\/h2>\n\n    <div class=\"docs-grid\">\n      <a class=\"doc-btn\" href=\"https:\/\/site.educa.madrid.org\/ies.salvadordali.leganes\/\/wp-content\/uploads\/ies.salvadordali.leganes\/2026\/06\/IMPRESO-BAJA-ESO.pdf\" target=\"_blank\" rel=\"noopener\">\n        Impreso Baja ESO\n      <\/a>\n\n      <a class=\"doc-btn\" href=\"https:\/\/site.educa.madrid.org\/ies.salvadordali.leganes\/\/wp-content\/uploads\/ies.salvadordali.leganes\/2026\/06\/ANULACION-BACHILLERATO.pdf\" target=\"_blank\" rel=\"noopener\">\n        Anulaci\u00f3n Bachillerato\n      <\/a>\n\n      <a class=\"doc-btn\" href=\"https:\/\/site.educa.madrid.org\/ies.salvadordali.leganes\/\/wp-content\/uploads\/ies.salvadordali.leganes\/2026\/06\/CONVALIDACION-ESO-Y-BACHILLERATO.pdf\" target=\"_blank\" rel=\"noopener\">\n        Convalidaci\u00f3n ESO y Bachillerato\n      <\/a>\n\n      <a class=\"doc-btn\" href=\"https:\/\/site.educa.madrid.org\/ies.salvadordali.leganes\/\/wp-content\/uploads\/ies.salvadordali.leganes\/2026\/06\/Solicitud-revision-examenes.pdf\" target=\"_blank\" rel=\"noopener\">\n        Revisi\u00f3n de Ex\u00e1menes\n      <\/a>\n\n      <a class=\"doc-btn\" href=\"https:\/\/site.educa.madrid.org\/ies.salvadordali.leganes\/\/wp-content\/uploads\/ies.salvadordali.leganes\/2026\/06\/Solicitud-revision-califiacion-final.pdf\" target=\"_blank\" rel=\"noopener\">\n        Revisi\u00f3n Calificaci\u00f3n Final\n      <\/a>\n\n      <a class=\"doc-btn\" href=\"https:\/\/site.educa.madrid.org\/ies.salvadordali.leganes\/\/wp-content\/uploads\/ies.salvadordali.leganes\/2026\/06\/Solicitud-reclamacion-promocion.pdf\" target=\"_blank\" rel=\"noopener\">\n        Reclamaci\u00f3n Promoci\u00f3n ESO\n      <\/a>\n\n      <a class=\"doc-btn\" href=\"https:\/\/site.educa.madrid.org\/ies.salvadordali.leganes\/\/wp-content\/uploads\/ies.salvadordali.leganes\/2026\/06\/RENUNCIA-ASIGNATURAS-APROBADAS.pdf\" target=\"_blank\" rel=\"noopener\">\n        Renuncia Asignaturas Aprobadas\n      <\/a>\n    <\/div>\n  <\/div>\n\n  <div class=\"docs-section\">\n    <h2>Documentos Formaci\u00f3n Profesional<\/h2>\n\n    <div class=\"docs-grid\">\n      <a class=\"doc-btn\" href=\"https:\/\/site.educa.madrid.org\/ies.salvadordali.leganes\/\/wp-content\/uploads\/ies.salvadordali.leganes\/2026\/06\/Cancelacion-matricula.pdf\" target=\"_blank\" rel=\"noopener\">\n        Cancelaci\u00f3n de Matr\u00edcula\n      <\/a>\n\n      <a class=\"doc-btn\" href=\"https:\/\/site.educa.madrid.org\/ies.salvadordali.leganes\/\/wp-content\/uploads\/ies.salvadordali.leganes\/2026\/06\/Solicitud-de-Convalidaciones-de-modulos-1.pdf\" target=\"_blank\" rel=\"noopener\">\n        Solicitud de Convalidaciones de M\u00f3dulos\n      <\/a>\n\n      <a class=\"doc-btn\" href=\"https:\/\/site.educa.madrid.org\/ies.salvadordali.leganes\/\/wp-content\/uploads\/ies.salvadordali.leganes\/2026\/06\/Solicitud-exencion-Modulo-FCT.pdf\" target=\"_blank\" rel=\"noopener\">\n        Solicitud Exenci\u00f3n M\u00f3dulo FCT\n      <\/a>\n\n      <a class=\"doc-btn\" href=\"https:\/\/site.educa.madrid.org\/ies.salvadordali.leganes\/\/wp-content\/uploads\/ies.salvadordali.leganes\/2026\/06\/Renuncia-de-convocatorias-de-modulos-1.pdf\" target=\"_blank\" rel=\"noopener\">\n        Renuncia de Convocatorias de M\u00f3dulos\n      <\/a>\n\n      <a class=\"doc-btn\" href=\"https:\/\/site.educa.madrid.org\/ies.salvadordali.leganes\/\/wp-content\/uploads\/ies.salvadordali.leganes\/2026\/06\/Aplazamiento-calificacion-FCT-1.pdf\" target=\"_blank\" rel=\"noopener\">\n        Aplazamiento Calificaci\u00f3n FCT\n      <\/a>\n    <\/div>\n  <\/div>\n\n  <div class=\"docs-section\">\n    <h2>Informaci\u00f3n Administrativa<\/h2>\n\n    <div class=\"info-box\">\n      <h3>Certificaciones Acad\u00e9micas Oficiales<\/h3>\n      <p>Las Certificaciones acad\u00e9micas se entregar\u00e1n al interesado o persona autorizada.<\/p>\n    <\/div>\n\n    <div class=\"info-box\">\n      <h3>T\u00edtulo de Educaci\u00f3n Secundaria<\/h3>\n      <p>\n        La solicitud de expedici\u00f3n se realizar\u00e1 por el Centro de oficio, para todos los alumnos de Cuarto Curso de ESO que hayan sido propuestos en las actas oficiales correspondientes para la obtenci\u00f3n de dicho t\u00edtulo.\n      <\/p>\n    <\/div>\n\n    <div class=\"info-box\">\n      <h3>T\u00edtulo de Bachillerato<\/h3>\n      <p>\n        Los alumnos de Segundo Curso de Bachillerato que tengan aprobadas todas las asignaturas de Bachillerato deber\u00e1n solicitar la expedici\u00f3n de su T\u00edtulo de Bachiller en la Secretar\u00eda del Centro, en los plazos y con los requisitos que se establezcan anualmente y de los que se dar\u00e1 publicidad suficiente.\n      <\/p>\n    <\/div>\n\n    <div class=\"info-box\">\n      <h3>Traslado de un centro educativo<\/h3>\n\n      <h4>ESO\/Bachillerato<\/h4>\n      <p>\n        Cuando un alumno se traslade de Centro, el centro de origen remitir\u00e1 al de destino, a petici\u00f3n de \u00e9ste, el Historial Acad\u00e9mico debidamente cumplimentado del\/de la alumno\/a.\n      <\/p>\n      <p>\n        En el momento del traslado, el alumno deber\u00e1 solicitar del Centro de origen una Certificaci\u00f3n para Traslado, cuyo modelo se facilitar\u00e1 en la Secretar\u00eda del Centro, en la que consten los estudios que realiza o ha realizado en el a\u00f1o acad\u00e9mico correspondiente, as\u00ed como la decisi\u00f3n, seg\u00fan proceda, de promoci\u00f3n.\n      <\/p>\n    <\/div>\n  <\/div>\n\n<\/div>\n\n\n\n<p><\/p>\n","protected":false},"excerpt":{"rendered":"<p>Documentos e Impresos Documentos Generales Impreso Recogida Documentos Instancia General Declaraci\u00f3n Responsable Documentos ESO y Bachillerato Impreso Baja ESO [&hellip;]<\/p>\n","protected":false},"author":3,"featured_media":0,"parent":0,"menu_order":0,"comment_status":"closed","ping_status":"closed","template":"rttpg_full_width","meta":{"footnotes":""},"folder":[51],"class_list":["post-1511","page","type-page","status-publish","hentry"],"rttpg_featured_image_url":null,"rttpg_author":{"display_name":"ies.salvadordali.leganes","author_link":"https:\/\/site.educa.madrid.org\/ies.salvadordali.leganes\/index.php\/author\/cuenta_ies-salvadordali-leganes\/"},"rttpg_comment":0,"rttpg_category":" <a href=\"https:\/\/site.educa.madrid.org\/ies.salvadordali.leganes\/?taxonomy=folder&#038;term=secretaria-1781941485-3\" rel=\"tag\">Secretar\u00eda<\/a>","rttpg_excerpt":"Documentos e Impresos Documentos Generales Impreso Recogida Documentos Instancia General Declaraci\u00f3n Responsable Documentos ESO y Bachillerato Impreso Baja ESO [&hellip;]","post_mailing_queue_ids":[],"_links":{"self":[{"href":"https:\/\/site.educa.madrid.org\/ies.salvadordali.leganes\/index.php\/wp-json\/wp\/v2\/pages\/1511","targetHints":{"allow":["GET"]}}],"collection":[{"href":"https:\/\/site.educa.madrid.org\/ies.salvadordali.leganes\/index.php\/wp-json\/wp\/v2\/pages"}],"about":[{"href":"https:\/\/site.educa.madrid.org\/ies.salvadordali.leganes\/index.php\/wp-json\/wp\/v2\/types\/page"}],"author":[{"embeddable":true,"href":"https:\/\/site.educa.madrid.org\/ies.salvadordali.leganes\/index.php\/wp-json\/wp\/v2\/users\/3"}],"replies":[{"embeddable":true,"href":"https:\/\/site.educa.madrid.org\/ies.salvadordali.leganes\/index.php\/wp-json\/wp\/v2\/comments?post=1511"}],"version-history":[{"count":5,"href":"https:\/\/site.educa.madrid.org\/ies.salvadordali.leganes\/index.php\/wp-json\/wp\/v2\/pages\/1511\/revisions"}],"predecessor-version":[{"id":1758,"href":"https:\/\/site.educa.madrid.org\/ies.salvadordali.leganes\/index.php\/wp-json\/wp\/v2\/pages\/1511\/revisions\/1758"}],"wp:attachment":[{"href":"https:\/\/site.educa.madrid.org\/ies.salvadordali.leganes\/index.php\/wp-json\/wp\/v2\/media?parent=1511"}],"wp:term":[{"taxonomy":"folder","embeddable":true,"href":"https:\/\/site.educa.madrid.org\/ies.salvadordali.leganes\/index.php\/wp-json\/wp\/v2\/folder?post=1511"}],"curies":[{"name":"wp","href":"https:\/\/api.w.org\/{rel}","templated":true}]}}

<style>
:root{
  --dali:#83072d;
  --dali-hover:#a00b38;
  --texto:#222;
  --gris:#f7f7f7;
  --borde:#e5e5e5;
}

.docs-secretaria{
  max-width:1150px;
  margin:0 auto;
  padding:25px 15px;
  font-family:inherit;
  color:var(--texto);
}

.docs-secretaria h1{
  text-align:center;
  color:var(--dali);
  font-size:2.3rem;
  margin-bottom:35px;
  font-weight:800;
}

.docs-section{
  margin-bottom:35px;
}

.docs-section h2{
  color:var(--dali);
  font-size:1.5rem;
  text-align:center;
  margin-bottom:20px;
  padding-bottom:10px;
  border-bottom:2px solid var(--dali);
}

.docs-grid{
  display:flex;
  flex-wrap:wrap;
  justify-content:center;
  gap:16px;
}

.doc-btn{
  display:flex;
  align-items:center;
  justify-content:center;
  flex:0 1 280px;
  min-height:58px;
  padding:14px 18px;
  background:#fff;
  border:1px solid var(--borde);
  border-radius:12px;
  color:#000000 !important;
  text-decoration:none !important;
  font-weight:600;
  text-align:center;
  box-shadow:0 4px 12px rgba(0,0,0,.06);
  transition:.25s ease;
}
.doc-btn:hover{
  background:var(--dali);
  color:#fff !important;
  transform:translateY(-3px);
  box-shadow:0 8px 20px rgba(0,0,0,.12);
}

.info-box{
  background:var(--gris);
  border-left:5px solid var(--dali);
  border-radius:12px;
  padding:22px;
  margin-bottom:22px;
}

.info-box h3{
  color:var(--dali);
  margin-top:0;
  margin-bottom:10px;
  font-size:1.25rem;
}

.info-box h4{
  color:#000;
  margin:16px 0 8px;
  font-size:1.05rem;
}

.info-box p{
  margin:0 0 10px;
  line-height:1.6;
}

@media(max-width:700px){
  .docs-secretaria h1{
    font-size:1.8rem;
  }

  .docs-section h2{
    font-size:1.25rem;
  }
}
</style>

<div class="docs-secretaria">

  <h1>Documentos e Impresos</h1>

  <div class="docs-section">
    <h2>Documentos Generales</h2>

    <div class="docs-grid">
      <a class="doc-btn" href="https://site.educa.madrid.org/ies.salvadordali.leganes//wp-content/uploads/ies.salvadordali.leganes/2026/06/IMPRESO-RECOGIDA-DOCUMENTOS.pdf" target="_blank" rel="noopener">
        Impreso Recogida Documentos
      </a>

      <a class="doc-btn" href="https://site.educa.madrid.org/ies.salvadordali.leganes//wp-content/uploads/ies.salvadordali.leganes/2026/06/INSTANCIA-GENERAL.pdf" target="_blank" rel="noopener">
        Instancia General
      </a>

      <a class="doc-btn" href="https://site.educa.madrid.org/ies.salvadordali.leganes//wp-content/uploads/ies.salvadordali.leganes/2026/06/DECLARACION-RESPONSABLE.pdf" target="_blank" rel="noopener">
        Declaración Responsable
      </a>
    </div>
  </div>

  <div class="docs-section">
    <h2>Documentos ESO y Bachillerato</h2>

    <div class="docs-grid">
      <a class="doc-btn" href="https://site.educa.madrid.org/ies.salvadordali.leganes//wp-content/uploads/ies.salvadordali.leganes/2026/06/IMPRESO-BAJA-ESO.pdf" target="_blank" rel="noopener">
        Impreso Baja ESO
      </a>

      <a class="doc-btn" href="https://site.educa.madrid.org/ies.salvadordali.leganes//wp-content/uploads/ies.salvadordali.leganes/2026/06/ANULACION-BACHILLERATO.pdf" target="_blank" rel="noopener">
        Anulación Bachillerato
      </a>

      <a class="doc-btn" href="https://site.educa.madrid.org/ies.salvadordali.leganes//wp-content/uploads/ies.salvadordali.leganes/2026/06/CONVALIDACION-ESO-Y-BACHILLERATO.pdf" target="_blank" rel="noopener">
        Convalidación ESO y Bachillerato
      </a>

      <a class="doc-btn" href="https://site.educa.madrid.org/ies.salvadordali.leganes//wp-content/uploads/ies.salvadordali.leganes/2026/06/Solicitud-revision-examenes.pdf" target="_blank" rel="noopener">
        Revisión de Exámenes
      </a>

      <a class="doc-btn" href="https://site.educa.madrid.org/ies.salvadordali.leganes//wp-content/uploads/ies.salvadordali.leganes/2026/06/Solicitud-revision-califiacion-final.pdf" target="_blank" rel="noopener">
        Revisión Calificación Final
      </a>

      <a class="doc-btn" href="https://site.educa.madrid.org/ies.salvadordali.leganes//wp-content/uploads/ies.salvadordali.leganes/2026/06/Solicitud-reclamacion-promocion.pdf" target="_blank" rel="noopener">
        Reclamación Promoción ESO
      </a>

      <a class="doc-btn" href="https://site.educa.madrid.org/ies.salvadordali.leganes//wp-content/uploads/ies.salvadordali.leganes/2026/06/RENUNCIA-ASIGNATURAS-APROBADAS.pdf" target="_blank" rel="noopener">
        Renuncia Asignaturas Aprobadas
      </a>
    </div>
  </div>

  <div class="docs-section">
    <h2>Documentos Formación Profesional</h2>

    <div class="docs-grid">
      <a class="doc-btn" href="https://site.educa.madrid.org/ies.salvadordali.leganes//wp-content/uploads/ies.salvadordali.leganes/2026/06/Cancelacion-matricula.pdf" target="_blank" rel="noopener">
        Cancelación de Matrícula
      </a>

      <a class="doc-btn" href="https://site.educa.madrid.org/ies.salvadordali.leganes//wp-content/uploads/ies.salvadordali.leganes/2026/06/Solicitud-de-Convalidaciones-de-modulos-1.pdf" target="_blank" rel="noopener">
        Solicitud de Convalidaciones de Módulos
      </a>

      <a class="doc-btn" href="https://site.educa.madrid.org/ies.salvadordali.leganes//wp-content/uploads/ies.salvadordali.leganes/2026/06/Solicitud-exencion-Modulo-FCT.pdf" target="_blank" rel="noopener">
        Solicitud Exención Módulo FCT
      </a>

      <a class="doc-btn" href="https://site.educa.madrid.org/ies.salvadordali.leganes//wp-content/uploads/ies.salvadordali.leganes/2026/06/Renuncia-de-convocatorias-de-modulos-1.pdf" target="_blank" rel="noopener">
        Renuncia de Convocatorias de Módulos
      </a>

      <a class="doc-btn" href="https://site.educa.madrid.org/ies.salvadordali.leganes//wp-content/uploads/ies.salvadordali.leganes/2026/06/Aplazamiento-calificacion-FCT-1.pdf" target="_blank" rel="noopener">
        Aplazamiento Calificación FCT
      </a>
    </div>
  </div>

  <div class="docs-section">
    <h2>Información Administrativa</h2>

    <div class="info-box">
      <h3>Certificaciones Académicas Oficiales</h3>
      <p>Las Certificaciones académicas se entregarán al interesado o persona autorizada.</p>
    </div>

    <div class="info-box">
      <h3>Título de Educación Secundaria</h3>
      <p>
        La solicitud de expedición se realizará por el Centro de oficio, para todos los alumnos de Cuarto Curso de ESO que hayan sido propuestos en las actas oficiales correspondientes para la obtención de dicho título.
      </p>
    </div>

    <div class="info-box">
      <h3>Título de Bachillerato</h3>
      <p>
        Los alumnos de Segundo Curso de Bachillerato que tengan aprobadas todas las asignaturas de Bachillerato deberán solicitar la expedición de su Título de Bachiller en la Secretaría del Centro, en los plazos y con los requisitos que se establezcan anualmente y de los que se dará publicidad suficiente.
      </p>
    </div>

    <div class="info-box">
      <h3>Traslado de un centro educativo</h3>

      <h4>ESO/Bachillerato</h4>
      <p>
        Cuando un alumno se traslade de Centro, el centro de origen remitirá al de destino, a petición de éste, el Historial Académico debidamente cumplimentado del/de la alumno/a.
      </p>
      <p>
        En el momento del traslado, el alumno deberá solicitar del Centro de origen una Certificación para Traslado, cuyo modelo se facilitará en la Secretaría del Centro, en la que consten los estudios que realiza o ha realizado en el año académico correspondiente, así como la decisión, según proceda, de promoción.
      </p>
    </div>
  </div>

</div>



<p></p>

<p>Documentos e Impresos Documentos Generales Impreso Recogida Documentos Instancia General Declaración Responsable Documentos ESO y Bachillerato Impreso Baja ESO [&hellip;]</p>

<a href="https://site.educa.madrid.org/ies.salvadordali.leganes/?taxonomy=folder&#038;term=secretaria-1781941485-3" rel="tag">Secretaría</a>

Documentos e Impresos Documentos Generales Impreso Recogida Documentos Instancia General Declaración Responsable Documentos ESO y Bachillerato Impreso Baja ESO [&hellip;]
