{"id":1834,"date":"2026-06-22T19:46:05","date_gmt":"2026-06-22T17:46:05","guid":{"rendered":"https:\/\/site.educa.madrid.org\/ies.salvadordali.leganes\/?page_id=1834"},"modified":"2026-06-24T16:34:44","modified_gmt":"2026-06-24T14:34:44","slug":"erasmus","status":"publish","type":"page","link":"https:\/\/site.educa.madrid.org\/ies.salvadordali.leganes\/index.php\/erasmus\/","title":{"rendered":"Erasmus +"},"content":{"rendered":"\n<style>\n:root{\n  --dali:#83072d;\n  --dali-dark:#650522;\n}\n\n.erasmus-soon{\n  max-width:900px;\n  margin:60px auto;\n  padding:50px 30px;\n  text-align:center;\n  font-family:Arial, Helvetica, sans-serif;\n}\n\n.erasmus-card{\n  background:#fff;\n  border-radius:20px;\n  padding:50px 40px;\n  box-shadow:0 8px 25px rgba(0,0,0,.08);\n  border-top:6px solid var(--dali);\n}\n\n.erasmus-icon{\n  font-size:4rem;\n  margin-bottom:20px;\n}\n\n.erasmus-card h1{\n  color:var(--dali);\n  margin-bottom:20px;\n  font-size:2.5rem;\n}\n\n.erasmus-card p{\n  font-size:1.15rem;\n  line-height:1.8;\n  color:#555;\n  max-width:650px;\n  margin:auto;\n}\n\n.erasmus-note{\n  margin-top:25px;\n  color:var(--dali);\n  font-weight:700;\n  font-size:1.05rem;\n}\n<\/style>\n\n<div class=\"erasmus-soon\">\n  <div class=\"erasmus-card\">\n\n    <div class=\"erasmus-icon\">\ud83c\uddea\ud83c\uddfa<\/div>\n\n    <h1>Erasmus+<\/h1>\n\n    <p>\n      Estamos trabajando en los contenidos de esta p\u00e1gina para ofrecer informaci\u00f3n actualizada sobre los proyectos, actividades, movilidades y oportunidades que el programa Erasmus+ brinda a nuestro alumnado y profesorado.\n    <\/p>\n\n    <div class=\"erasmus-note\">\n      Pr\u00f3ximamente estar\u00e1 disponible toda la informaci\u00f3n.\n    <\/div>\n\n  <\/div>\n<\/div>\n","protected":false},"excerpt":{"rendered":"<p>\ud83c\uddea\ud83c\uddfa Erasmus+ Estamos trabajando en los contenidos de esta p\u00e1gina para ofrecer informaci\u00f3n actualizada sobre los proyectos, actividades, movilidades [&hellip;]<\/p>\n","protected":false},"author":3,"featured_media":0,"parent":0,"menu_order":0,"comment_status":"closed","ping_status":"closed","template":"rttpg_full_width","meta":{"footnotes":""},"folder":[84],"class_list":["post-1834","page","type-page","status-publish","hentry"],"rttpg_featured_image_url":null,"rttpg_author":{"display_name":"ies.salvadordali.leganes","author_link":"https:\/\/site.educa.madrid.org\/ies.salvadordali.leganes\/index.php\/author\/cuenta_ies-salvadordali-leganes\/"},"rttpg_comment":0,"rttpg_category":" <a href=\"https:\/\/site.educa.madrid.org\/ies.salvadordali.leganes\/?taxonomy=folder&#038;term=proyectos-de-centro-1782149976-3\" rel=\"tag\">Proyectos de Centro<\/a>","rttpg_excerpt":"\ud83c\uddea\ud83c\uddfa Erasmus+ Estamos trabajando en los contenidos de esta p\u00e1gina para ofrecer informaci\u00f3n actualizada sobre los proyectos, actividades, movilidades [&hellip;]","post_mailing_queue_ids":[],"_links":{"self":[{"href":"https:\/\/site.educa.madrid.org\/ies.salvadordali.leganes\/index.php\/wp-json\/wp\/v2\/pages\/1834","targetHints":{"allow":["GET"]}}],"collection":[{"href":"https:\/\/site.educa.madrid.org\/ies.salvadordali.leganes\/index.php\/wp-json\/wp\/v2\/pages"}],"about":[{"href":"https:\/\/site.educa.madrid.org\/ies.salvadordali.leganes\/index.php\/wp-json\/wp\/v2\/types\/page"}],"author":[{"embeddable":true,"href":"https:\/\/site.educa.madrid.org\/ies.salvadordali.leganes\/index.php\/wp-json\/wp\/v2\/users\/3"}],"replies":[{"embeddable":true,"href":"https:\/\/site.educa.madrid.org\/ies.salvadordali.leganes\/index.php\/wp-json\/wp\/v2\/comments?post=1834"}],"version-history":[{"count":2,"href":"https:\/\/site.educa.madrid.org\/ies.salvadordali.leganes\/index.php\/wp-json\/wp\/v2\/pages\/1834\/revisions"}],"predecessor-version":[{"id":1855,"href":"https:\/\/site.educa.madrid.org\/ies.salvadordali.leganes\/index.php\/wp-json\/wp\/v2\/pages\/1834\/revisions\/1855"}],"wp:attachment":[{"href":"https:\/\/site.educa.madrid.org\/ies.salvadordali.leganes\/index.php\/wp-json\/wp\/v2\/media?parent=1834"}],"wp:term":[{"taxonomy":"folder","embeddable":true,"href":"https:\/\/site.educa.madrid.org\/ies.salvadordali.leganes\/index.php\/wp-json\/wp\/v2\/folder?post=1834"}],"curies":[{"name":"wp","href":"https:\/\/api.w.org\/{rel}","templated":true}]}}

<style>
:root{
  --dali:#83072d;
  --dali-dark:#650522;
}

.erasmus-soon{
  max-width:900px;
  margin:60px auto;
  padding:50px 30px;
  text-align:center;
  font-family:Arial, Helvetica, sans-serif;
}

.erasmus-card{
  background:#fff;
  border-radius:20px;
  padding:50px 40px;
  box-shadow:0 8px 25px rgba(0,0,0,.08);
  border-top:6px solid var(--dali);
}

.erasmus-icon{
  font-size:4rem;
  margin-bottom:20px;
}

.erasmus-card h1{
  color:var(--dali);
  margin-bottom:20px;
  font-size:2.5rem;
}

.erasmus-card p{
  font-size:1.15rem;
  line-height:1.8;
  color:#555;
  max-width:650px;
  margin:auto;
}

.erasmus-note{
  margin-top:25px;
  color:var(--dali);
  font-weight:700;
  font-size:1.05rem;
}
</style>

<div class="erasmus-soon">
  <div class="erasmus-card">

    <div class="erasmus-icon">🇪🇺</div>

    <h1>Erasmus+</h1>

    <p>
      Estamos trabajando en los contenidos de esta página para ofrecer información actualizada sobre los proyectos, actividades, movilidades y oportunidades que el programa Erasmus+ brinda a nuestro alumnado y profesorado.
    </p>

    <div class="erasmus-note">
      Próximamente estará disponible toda la información.
    </div>

  </div>
</div>

<p>🇪🇺 Erasmus+ Estamos trabajando en los contenidos de esta página para ofrecer información actualizada sobre los proyectos, actividades, movilidades [&hellip;]</p>

🇪🇺 Erasmus+ Estamos trabajando en los contenidos de esta página para ofrecer información actualizada sobre los proyectos, actividades, movilidades [&hellip;]
