{"id":1837,"date":"2026-06-22T19:47:10","date_gmt":"2026-06-22T17:47:10","guid":{"rendered":"https:\/\/site.educa.madrid.org\/ies.salvadordali.leganes\/?page_id=1837"},"modified":"2026-06-24T16:36:48","modified_gmt":"2026-06-24T14:36:48","slug":"proa","status":"publish","type":"page","link":"https:\/\/site.educa.madrid.org\/ies.salvadordali.leganes\/index.php\/proa\/","title":{"rendered":"Proa +"},"content":{"rendered":"\n<div style=\"max-width:900px;margin:0 auto;padding:40px 20px;font-family:Arial,Helvetica,sans-serif;text-align:center;\">\n\n  <div style=\"background:#f7eef2;border-radius:22px;padding:45px 30px;box-shadow:0 6px 18px rgba(0,0,0,.08);border-top:6px solid #83072d;\">\n\n    <div style=\"font-size:3rem;margin-bottom:15px;\">\ud83d\udee0\ufe0f<\/div>\n\n    <h1 style=\"color:#83072d;font-size:2.4rem;margin:0 0 15px;font-weight:800;\">\n      PROA+\n    <\/h1>\n\n    <h2 style=\"color:#333;font-size:1.5rem;margin:0 0 25px;font-weight:700;\">\n      Estamos trabajando en el contenido de esta p\u00e1gina\n    <\/h2>\n\n    <p style=\"color:#555;font-size:1.05rem;line-height:1.7;max-width:700px;margin:0 auto 18px;\">\n      Actualmente nos encontramos actualizando y ampliando la informaci\u00f3n relativa al programa\n      <strong>PROA+ (Programa para la Orientaci\u00f3n, Avance y Enriquecimiento Educativo)<\/strong>\n      del IES Salvador Dal\u00ed.\n    <\/p>\n\n    <p style=\"color:#555;font-size:1.05rem;line-height:1.7;max-width:700px;margin:0 auto 25px;\">\n      Pr\u00f3ximamente estar\u00e1 disponible toda la informaci\u00f3n sobre los objetivos, actuaciones,\n      documentaci\u00f3n y recursos relacionados con este proyecto educativo.\n    <\/p>\n\n    <p style=\"color:#83072d;font-size:1.05rem;font-weight:700;margin:0;\">\n      IES Salvador Dal\u00ed \u00b7 Legan\u00e9s\n    <\/p>\n\n  <\/div>\n\n<\/div>\n","protected":false},"excerpt":{"rendered":"<p>\ud83d\udee0\ufe0f PROA+ Estamos trabajando en el contenido de esta p\u00e1gina Actualmente nos encontramos actualizando y ampliando la informaci\u00f3n relativa [&hellip;]<\/p>\n","protected":false},"author":3,"featured_media":0,"parent":0,"menu_order":0,"comment_status":"closed","ping_status":"closed","template":"rttpg_full_width","meta":{"footnotes":""},"folder":[84],"class_list":["post-1837","page","type-page","status-publish","hentry"],"rttpg_featured_image_url":null,"rttpg_author":{"display_name":"ies.salvadordali.leganes","author_link":"https:\/\/site.educa.madrid.org\/ies.salvadordali.leganes\/index.php\/author\/cuenta_ies-salvadordali-leganes\/"},"rttpg_comment":0,"rttpg_category":" <a href=\"https:\/\/site.educa.madrid.org\/ies.salvadordali.leganes\/?taxonomy=folder&#038;term=proyectos-de-centro-1782149976-3\" rel=\"tag\">Proyectos de Centro<\/a>","rttpg_excerpt":"\ud83d\udee0\ufe0f PROA+ Estamos trabajando en el contenido de esta p\u00e1gina Actualmente nos encontramos actualizando y ampliando la informaci\u00f3n relativa [&hellip;]","post_mailing_queue_ids":[],"_links":{"self":[{"href":"https:\/\/site.educa.madrid.org\/ies.salvadordali.leganes\/index.php\/wp-json\/wp\/v2\/pages\/1837","targetHints":{"allow":["GET"]}}],"collection":[{"href":"https:\/\/site.educa.madrid.org\/ies.salvadordali.leganes\/index.php\/wp-json\/wp\/v2\/pages"}],"about":[{"href":"https:\/\/site.educa.madrid.org\/ies.salvadordali.leganes\/index.php\/wp-json\/wp\/v2\/types\/page"}],"author":[{"embeddable":true,"href":"https:\/\/site.educa.madrid.org\/ies.salvadordali.leganes\/index.php\/wp-json\/wp\/v2\/users\/3"}],"replies":[{"embeddable":true,"href":"https:\/\/site.educa.madrid.org\/ies.salvadordali.leganes\/index.php\/wp-json\/wp\/v2\/comments?post=1837"}],"version-history":[{"count":3,"href":"https:\/\/site.educa.madrid.org\/ies.salvadordali.leganes\/index.php\/wp-json\/wp\/v2\/pages\/1837\/revisions"}],"predecessor-version":[{"id":1857,"href":"https:\/\/site.educa.madrid.org\/ies.salvadordali.leganes\/index.php\/wp-json\/wp\/v2\/pages\/1837\/revisions\/1857"}],"wp:attachment":[{"href":"https:\/\/site.educa.madrid.org\/ies.salvadordali.leganes\/index.php\/wp-json\/wp\/v2\/media?parent=1837"}],"wp:term":[{"taxonomy":"folder","embeddable":true,"href":"https:\/\/site.educa.madrid.org\/ies.salvadordali.leganes\/index.php\/wp-json\/wp\/v2\/folder?post=1837"}],"curies":[{"name":"wp","href":"https:\/\/api.w.org\/{rel}","templated":true}]}}

<div style="max-width:900px;margin:0 auto;padding:40px 20px;font-family:Arial,Helvetica,sans-serif;text-align:center;">

  <div style="background:#f7eef2;border-radius:22px;padding:45px 30px;box-shadow:0 6px 18px rgba(0,0,0,.08);border-top:6px solid #83072d;">

    <div style="font-size:3rem;margin-bottom:15px;">🛠️</div>

    <h1 style="color:#83072d;font-size:2.4rem;margin:0 0 15px;font-weight:800;">
      PROA+
    </h1>

    <h2 style="color:#333;font-size:1.5rem;margin:0 0 25px;font-weight:700;">
      Estamos trabajando en el contenido de esta página
    </h2>

    <p style="color:#555;font-size:1.05rem;line-height:1.7;max-width:700px;margin:0 auto 18px;">
      Actualmente nos encontramos actualizando y ampliando la información relativa al programa
      <strong>PROA+ (Programa para la Orientación, Avance y Enriquecimiento Educativo)</strong>
      del IES Salvador Dalí.
    </p>

    <p style="color:#555;font-size:1.05rem;line-height:1.7;max-width:700px;margin:0 auto 25px;">
      Próximamente estará disponible toda la información sobre los objetivos, actuaciones,
      documentación y recursos relacionados con este proyecto educativo.
    </p>

    <p style="color:#83072d;font-size:1.05rem;font-weight:700;margin:0;">
      IES Salvador Dalí · Leganés
    </p>

  </div>

</div>

<p>🛠️ PROA+ Estamos trabajando en el contenido de esta página Actualmente nos encontramos actualizando y ampliando la información relativa [&hellip;]</p>

🛠️ PROA+ Estamos trabajando en el contenido de esta página Actualmente nos encontramos actualizando y ampliando la información relativa [&hellip;]
