{"id":1037,"date":"2022-04-05T10:47:41","date_gmt":"2022-04-05T08:47:41","guid":{"rendered":"https:\/\/site.educa.madrid.org\/ies.satafi.getafe\/?page_id=1037"},"modified":"2025-09-25T09:46:40","modified_gmt":"2025-09-25T07:46:40","slug":"admision-de-alumnos","status":"publish","type":"page","link":"https:\/\/site.educa.madrid.org\/ies.satafi.getafe\/index.php\/fp-a-distancia\/admision-de-alumnos\/","title":{"rendered":"Admisi\u00f3n de alumnos FP VIRTUAL"},"content":{"rendered":"\n<p><\/p>\n\n\n\n<p class=\"has-text-color\" style=\"color:#03476e;font-size:35px\"><strong>CICLOS FORMATIVOS DE GRADO MEDIO Y GRADO SUPERIOR. CURSO 2025-2026. MODALIDAD  VIRTUAL<\/strong><\/p>\n\n\n<h2><span style=\"color: #000080;\"><strong>INFORMACI\u00d3N IMPORTANTE<\/strong><\/span><\/h2>\n<hr \/>\n<h1 style=\"text-align: center;\"><strong><span style=\"color: #ff0000;\">NOTICIAS DE \u00daLTIMA HORA<\/span><\/strong><\/h1>\n<h1 style=\"text-align: center;\"><span style=\"color: #ff0000;\">YA SE HAN CORREGIDO LOS LISTADOS Y SE HAN PUBLICADO LOS CORRECTOS. SE HA AMPLIADO EL PLAZO DE MATR\u00cdCULA SE HA AMPLIADO HASTA EL 29 DE SEPTIEMBRE SEG\u00daN SE INDICA EN LA SIGUIENTE <a href=\"https:\/\/site.educa.madrid.org\/ies.satafi.getafe\/\/wp-content\/uploads\/ies.satafi.getafe\/2025\/09\/Resolucion-ampliacion-plazos-matricula-FP-virtual.pdf\">RESOLUCI\u00d3N<\/a><br \/><\/span><\/h1>\n<hr \/>\n<h1><span style=\"color: #000000;\">ANTES DE REALIZAR LA MATR\u00cdCULA ES IMPORTANTE LEER LA INFORMACI\u00d3N INDICADA EN EL SIGUIENTE<\/span> <a href=\"https:\/\/site.educa.madrid.org\/ies.satafi.getafe\/index.php\/ffe-y-proyecto-intermodular\/\">ENLACE<\/a><\/h1>\n\n\n<div style=\"height:66px\" aria-hidden=\"true\" class=\"wp-block-spacer\"><\/div>\n\n\n<h3>Listados de admitidos<\/h3>\n<h3 class=\"has-vivid-red-color has-text-color has-medium-font-size\"><strong><em>Los alumnos admitidos, deber\u00e1n realizar la matr\u00edcula 24, 25, 26 y 29 de septiembre de 2025, a trav\u00e9s de la secretar\u00eda virtual. Se deber\u00e1n seguir las instrucciones indicadas en el siguiente <a href=\"https:\/\/site.educa.madrid.org\/ies.satafi.getafe\/index.php\/fp-virtual-matricula-nuevos-alumnos\/\">ENLACE<\/a>.<\/em><\/strong><\/h3>\n<h2><span style=\"color: #008000;\"><strong>PARA LOS ALUMNOS QUE NO HAN SIDO ADMITIDOS EN EL CFGS DE AUTOMATIZACI\u00d3N Y ROB\u00d3TICA INDUSTRIAL, INFORMAR QUE TENEMOS PLAZAS DISPONIBLES EN MODALIDAD PRESENCIAL EN TURNO VESPERTINO (HORARIO DE 15:00 A 20:40)<\/strong><\/span><\/h2>\n<p><strong>GRADO SUPERIOR<\/strong><\/p>\n<ul>\n<li><a href=\"https:\/\/site.educa.madrid.org\/ies.satafi.getafe\/\/wp-content\/uploads\/ies.satafi.getafe\/2025\/09\/Listado-de-admitidos-GS-por-centro-de-admision-1.pdf\"><strong>Listado de admitidos GS por centro de admisi\u00f3n<\/strong><\/a><\/li>\n<li><a href=\"https:\/\/site.educa.madrid.org\/ies.satafi.getafe\/\/wp-content\/uploads\/ies.satafi.getafe\/2025\/09\/Listado-de-admitidos-GS-por-centro-de-solicitud-1.pdf\"><strong>Listado de admitidos GS por centro de solicitud<\/strong><\/a><\/li>\n<li><a href=\"https:\/\/site.educa.madrid.org\/ies.satafi.getafe\/\/wp-content\/uploads\/ies.satafi.getafe\/2025\/09\/Listado-de-NO-admitidos-GS-Via-A1-1.pdf\"><strong>Listado de NO admitidos GS\u00a0 (V\u00eda A1)<\/strong><\/a><\/li>\n<li><a href=\"https:\/\/site.educa.madrid.org\/ies.satafi.getafe\/\/wp-content\/uploads\/ies.satafi.getafe\/2025\/09\/Listado-de-NO-admitidos-GS-Via-A2-1.pdf\"><strong>Listado de NO admitidos GS\u00a0 (V\u00eda A2)<\/strong><\/a><\/li>\n<li><a href=\"https:\/\/site.educa.madrid.org\/ies.satafi.getafe\/\/wp-content\/uploads\/ies.satafi.getafe\/2025\/09\/Listado-de-NO-admitidos-GS-Via-B-1.pdf\"><strong>Listado de NO admitidos GS\u00a0 (V\u00eda B)<\/strong><\/a><\/li>\n<li><a href=\"https:\/\/site.educa.madrid.org\/ies.satafi.getafe\/\/wp-content\/uploads\/ies.satafi.getafe\/2025\/09\/Listado-de-NO-admitidos-GS-Via-C-1.pdf\"><strong>Listado de NO admitidos GS\u00a0 (V\u00eda C)<\/strong><\/a><\/li>\n<\/ul>\n<p><strong>GRADO MEDIO<br \/><\/strong><\/p>\n<ul>\n<li><a href=\"https:\/\/site.educa.madrid.org\/ies.satafi.getafe\/\/wp-content\/uploads\/ies.satafi.getafe\/2025\/09\/Listado-de-admitidos-GM-por-centro-de-admision-Via-A-1.pdf\"><strong>Listado de admitidos GM por centro de admisi\u00f3n (V\u00eda A)<\/strong><\/a><strong><br \/><\/strong><\/li>\n<li><a href=\"https:\/\/site.educa.madrid.org\/ies.satafi.getafe\/\/wp-content\/uploads\/ies.satafi.getafe\/2025\/09\/Listado-de-admitidos-GM-por-centro-de-admision-Via-B-1.pdf\"><strong>Listado de admitidos GM por centro de admisi\u00f3n (V\u00eda B)<\/strong><\/a><\/li>\n<li><a href=\"https:\/\/site.educa.madrid.org\/ies.satafi.getafe\/\/wp-content\/uploads\/ies.satafi.getafe\/2025\/09\/Listado-de-admitidos-GM-por-centro-de-admision-Via-C-1.pdf\"><strong>Listado de admitidos GM por centro de admisi\u00f3n (V\u00eda C)<\/strong><\/a><\/li>\n<li><a href=\"https:\/\/site.educa.madrid.org\/ies.satafi.getafe\/\/wp-content\/uploads\/ies.satafi.getafe\/2025\/09\/Listado-de-admitidos-GM-por-centro-de-solicitud-1.pdf\"><strong>Listado de admitidos GM por centro de solicitud<\/strong><\/a><\/li>\n<li><a href=\"https:\/\/site.educa.madrid.org\/ies.satafi.getafe\/\/wp-content\/uploads\/ies.satafi.getafe\/2025\/09\/Listado-de-NO-admitidos-GM-Via-A-1.pdf\"><strong>Listado de NO admitidos GM\u00a0 (V\u00eda A)<\/strong><\/a><\/li>\n<li><a href=\"https:\/\/site.educa.madrid.org\/ies.satafi.getafe\/\/wp-content\/uploads\/ies.satafi.getafe\/2025\/09\/Listado-de-NO-admitidos-GM-Via-C-1.pdf\"><strong>Listado de NO admitidos GM\u00a0 (V\u00eda C)<\/strong><\/a><\/li>\n<\/ul>\n\n\n<div style=\"height:46px\" aria-hidden=\"true\" class=\"wp-block-spacer\"><\/div>\n\n\n\n<hr class=\"wp-block-separator has-alpha-channel-opacity\"\/>\n\n\n<h3><span style=\"color: #333399;\">Listados provisionales de solicitudes baremadas\u00a0<\/span><\/h3>\n<ul>\n<li><a href=\"https:\/\/site.educa.madrid.org\/ies.satafi.getafe\/\/wp-content\/uploads\/ies.satafi.getafe\/2025\/09\/Vacantes-admision-virtual-2025_2026.pdf\">Relaci\u00f3n de plazas ofertadas en el proceso de admisi\u00f3n<\/a><\/li>\n<\/ul>\n\n\n<div style=\"height:28px\" aria-hidden=\"true\" class=\"wp-block-spacer\"><\/div>\n\n\n\n<hr class=\"wp-block-separator has-alpha-channel-opacity\"\/>\n\n\n<h3><span style=\"color: #333399;\">Listados provisionales de solicitudes baremadas\u00a0<\/span><\/h3>\n<h3 class=\"has-vivid-red-color has-text-color has-medium-font-size\"><strong><em>Reclamaciones del 17, 18 y 19 de septiembre de 2025<\/em><\/strong><\/h3>\n<p><strong>GRADO SUPERIOR<\/strong><\/p>\n<ul>\n<li><a href=\"https:\/\/site.educa.madrid.org\/ies.satafi.getafe\/\/wp-content\/uploads\/ies.satafi.getafe\/2025\/09\/Listado_de_solicitudes_baremadas_centro.pdf\"><strong>Listado solicitudes baremadas centro (baremaci\u00f3n de la primera opci\u00f3n)\u00a0<\/strong><\/a><strong><br \/><\/strong><\/li>\n<li><a href=\"https:\/\/site.educa.madrid.org\/ies.satafi.getafe\/\/wp-content\/uploads\/ies.satafi.getafe\/2025\/09\/Listado_de_solicitudes_baremadas_de_centros_alternativos.pdf\"><strong>Listado solicitudes baremadas de centros alternativos (baremaci\u00f3n de todas las opciones pedidas)\u00a0<\/strong><\/a><\/li>\n<\/ul>\n<p><strong>GRADO MEDIO<br \/><\/strong><\/p>\n<ul>\n<li><a href=\"https:\/\/site.educa.madrid.org\/ies.satafi.getafe\/\/wp-content\/uploads\/ies.satafi.getafe\/2025\/09\/GMedio-Via-A.pdf\"><strong>Listado solicitudes baremadas centro (baremaci\u00f3n de la primera opci\u00f3n) V\u00eda A<\/strong><\/a><strong><br \/><\/strong><\/li>\n<li><strong><a href=\"https:\/\/site.educa.madrid.org\/ies.satafi.getafe\/\/wp-content\/uploads\/ies.satafi.getafe\/2025\/09\/GMedio-Via-C.pdf\">Listado solicitudes baremadas centro (baremaci\u00f3n de la primera opci\u00f3n) V\u00eda C<\/a><br \/><\/strong><\/li>\n<li><a href=\"https:\/\/site.educa.madrid.org\/ies.satafi.getafe\/\/wp-content\/uploads\/ies.satafi.getafe\/2025\/09\/GMedio-Via-Grado-C.pdf\"><strong>Listado solicitudes baremadas centro (baremaci\u00f3n de la primera opci\u00f3n) Grado C<\/strong><\/a><\/li>\n<li><a href=\"https:\/\/site.educa.madrid.org\/ies.satafi.getafe\/\/wp-content\/uploads\/ies.satafi.getafe\/2025\/09\/GMedio-Excluidas.pdf\"><strong>Listado solicitudes excluidas<\/strong><\/a><\/li>\n<\/ul>\n\n\n<div style=\"height:48px\" aria-hidden=\"true\" class=\"wp-block-spacer\"><\/div>\n\n\n\n<hr class=\"wp-block-separator has-alpha-channel-opacity\"\/>\n\n\n<div\n\t\t\t\n\t\t\tclass=\"so-widget-sow-editor so-widget-sow-editor-base\"\n\t\t\t\n\t\t>\n<div class=\"siteorigin-widget-tinymce textwidget\">\n\t<ul>\n<li>PLAZO \u00daNICO DE ADMISI\u00d3N: Las solicitudes de admisi\u00f3n se presentar\u00e1n desde el\u00a0<strong> 3 al 11 de septiembre de 2025<\/strong>, ambas fechas incluidas.<\/li>\n<li><strong>PRESENTACI\u00d3N DE LA SOLICITUD<\/strong>\n<ul>\n<li><a href=\"https:\/\/site.educa.madrid.org\/ies.satafi.getafe\/\/wp-content\/uploads\/ies.satafi.getafe\/2025\/09\/Solicitud-2025-26_virtual.pdf\">Solicitud de admisi\u00f3n FP virtual 2025-2026<\/a><\/li>\n<li>La solicitud de admisi\u00f3n se cumplimentar\u00e1 y presentar\u00e1 de forma preferente a trav\u00e9s de la <a href=\"https:\/\/raices.madrid.org\/secretariavirtual\/solicitudes\/#ADMS1\">secretar\u00eda virtual<\/a><\/li>\n<\/ul>\n<\/li>\n<li><a href=\"https:\/\/site.educa.madrid.org\/ies.satafi.getafe\/\/wp-content\/uploads\/ies.satafi.getafe\/2025\/07\/fp_virtual_instrucciones_admision_25-26.pdf\">Instrucciones de admisi\u00f3n curso 2025-2026<\/a><\/li>\n<li><a href=\"https:\/\/site.educa.madrid.org\/ies.satafi.getafe\/\/wp-content\/uploads\/ies.satafi.getafe\/2025\/07\/calendario_virtual_25-26.pdf\">Calendario de actuaciones<\/a><\/li>\n<li>Oferta educativa (pendiente de publicar)<\/li>\n<li><a href=\"https:\/\/www.comunidad.madrid\/servicios\/educacion\/admision-formacion-profesional\">Informaci\u00f3n de la Comunidad de Madrid.<\/a><\/li>\n<\/ul>\n<\/div>\n<\/div>","protected":false},"excerpt":{"rendered":"<p>CICLOS FORMATIVOS DE GRADO MEDIO Y GRADO SUPERIOR. CURSO 2025-2026. MODALIDAD VIRTUAL INFORMACI\u00d3N IMPORTANTE NOTICIAS DE \u00daLTIMA HORA YA SE HAN CORREGIDO LOS LISTADOS Y SE HAN PUBLICADO LOS CORRECTOS. SE HA AMPLIADO EL PLAZO DE MATR\u00cdCULA SE HA AMPLIADO HASTA EL 29 DE SEPTIEMBRE SEG\u00daN SE INDICA EN LA SIGUIENTE RESOLUCI\u00d3N ANTES DE REALIZAR<\/p><\/div>\n<div class=\"blog-btn\"><a href=\"https:\/\/site.educa.madrid.org\/ies.satafi.getafe\/index.php\/fp-a-distancia\/admision-de-alumnos\/\" class=\"home-blog-btn\">Leer m\u00e1s<\/a><\/p>\n","protected":false},"author":4,"featured_media":0,"parent":177,"menu_order":0,"comment_status":"closed","ping_status":"closed","template":"","meta":{"footnotes":""},"folder":[68],"class_list":["post-1037","page","type-page","status-publish","hentry"],"rttpg_featured_image_url":null,"rttpg_author":{"display_name":"Jes\u00fas Ba\u00f1os Sancho","author_link":"https:\/\/site.educa.madrid.org\/ies.satafi.getafe\/index.php\/author\/jess_baos-sancho\/"},"rttpg_comment":0,"rttpg_category":" <a href=\"https:\/\/site.educa.madrid.org\/ies.satafi.getafe\/?taxonomy=folder&#038;term=admision-1688545914-3\" rel=\"tag\">Admisi\u00f3n<\/a>","rttpg_excerpt":"CICLOS FORMATIVOS DE GRADO MEDIO Y GRADO SUPERIOR. CURSO 2025-2026. MODALIDAD VIRTUAL INFORMACI\u00d3N IMPORTANTE NOTICIAS DE \u00daLTIMA HORA YA SE HAN CORREGIDO LOS LISTADOS Y SE HAN PUBLICADO LOS CORRECTOS. SE HA AMPLIADO EL PLAZO DE MATR\u00cdCULA SE HA AMPLIADO HASTA EL 29 DE SEPTIEMBRE SEG\u00daN SE INDICA EN LA SIGUIENTE RESOLUCI\u00d3N ANTES DE REALIZARLeer&hellip;","post_mailing_queue_ids":[],"_links":{"self":[{"href":"https:\/\/site.educa.madrid.org\/ies.satafi.getafe\/index.php\/wp-json\/wp\/v2\/pages\/1037","targetHints":{"allow":["GET"]}}],"collection":[{"href":"https:\/\/site.educa.madrid.org\/ies.satafi.getafe\/index.php\/wp-json\/wp\/v2\/pages"}],"about":[{"href":"https:\/\/site.educa.madrid.org\/ies.satafi.getafe\/index.php\/wp-json\/wp\/v2\/types\/page"}],"author":[{"embeddable":true,"href":"https:\/\/site.educa.madrid.org\/ies.satafi.getafe\/index.php\/wp-json\/wp\/v2\/users\/4"}],"replies":[{"embeddable":true,"href":"https:\/\/site.educa.madrid.org\/ies.satafi.getafe\/index.php\/wp-json\/wp\/v2\/comments?post=1037"}],"version-history":[{"count":50,"href":"https:\/\/site.educa.madrid.org\/ies.satafi.getafe\/index.php\/wp-json\/wp\/v2\/pages\/1037\/revisions"}],"predecessor-version":[{"id":9774,"href":"https:\/\/site.educa.madrid.org\/ies.satafi.getafe\/index.php\/wp-json\/wp\/v2\/pages\/1037\/revisions\/9774"}],"up":[{"embeddable":true,"href":"https:\/\/site.educa.madrid.org\/ies.satafi.getafe\/index.php\/wp-json\/wp\/v2\/pages\/177"}],"wp:attachment":[{"href":"https:\/\/site.educa.madrid.org\/ies.satafi.getafe\/index.php\/wp-json\/wp\/v2\/media?parent=1037"}],"wp:term":[{"taxonomy":"folder","embeddable":true,"href":"https:\/\/site.educa.madrid.org\/ies.satafi.getafe\/index.php\/wp-json\/wp\/v2\/folder?post=1037"}],"curies":[{"name":"wp","href":"https:\/\/api.w.org\/{rel}","templated":true}]}}