{"id":1224,"date":"2022-04-13T12:49:39","date_gmt":"2022-04-13T10:49:39","guid":{"rendered":"https:\/\/site.educa.madrid.org\/ies.satafi.getafe\/?page_id=1224"},"modified":"2023-10-16T12:19:49","modified_gmt":"2023-10-16T10:19:49","slug":"raices-roble","status":"publish","type":"page","link":"https:\/\/site.educa.madrid.org\/ies.satafi.getafe\/index.php\/familias\/raices-roble\/","title":{"rendered":"Ra\u00edces &#8211; Roble"},"content":{"rendered":"\n<h2 class=\"wp-block-heading\">Comunicaci\u00f3n centro &#8211; familias<\/h2>\n\n\n\n<p>A continuaci\u00f3n se muestra la gu\u00eda de comunicaci\u00f3n con el instituto. <\/p>\n\n\n\n<div data-wp-interactive=\"core\/file\" class=\"wp-block-file\"><object data-wp-bind--hidden=\"!state.hasPdfPreview\" hidden class=\"wp-block-file__embed\" data=\"https:\/\/site.educa.madrid.org\/ies.satafi.getafe\/\/wp-content\/uploads\/ies.satafi.getafe\/2022\/09\/Comunicacion-centro-familias.pdf\" type=\"application\/pdf\" style=\"width:100%;height:600px\" aria-label=\"Incrustado de Comunicacion-centro-familias.\"><\/object><a id=\"wp-block-file--media-1f1ff740-1be8-46cd-8930-b0a6142c8de8\" href=\"https:\/\/site.educa.madrid.org\/ies.satafi.getafe\/\/wp-content\/uploads\/ies.satafi.getafe\/2022\/09\/Comunicacion-centro-familias.pdf\">Comunicacion-centro-familias<\/a><a href=\"https:\/\/site.educa.madrid.org\/ies.satafi.getafe\/\/wp-content\/uploads\/ies.satafi.getafe\/2022\/09\/Comunicacion-centro-familias.pdf\" class=\"wp-block-file__button wp-element-button\" download aria-describedby=\"wp-block-file--media-1f1ff740-1be8-46cd-8930-b0a6142c8de8\">Descarga<\/a><\/div>\n\n\n\n<h1 class=\"wp-block-heading has-large-font-size\">Ra\u00edces &#8211; Roble<\/h1>\n\n\n\n<p>RA\u00cdCES-ROBLE es el sistema de Gesti\u00f3n Educativa Integral de la Comunidad de Madrid, concebido por la Consejer\u00eda de Educaci\u00f3n e Investigaci\u00f3n para modernizar e integrar las herramientas de gesti\u00f3n de los centros de ense\u00f1anzas no universitarias de la Comunidad de Madrid. Es un sistema que permite la participaci\u00f3n de todos los integrantes de la comunidad educativa.<\/p>\n\n\n\n<p>A continuaci\u00f3n puede encontrar las gu\u00edas de usuario al portal web Ra\u00edces (si accede desde un ordenador) y a la aplicaci\u00f3n Robles (app instalada en un m\u00f3vil o tableta).<\/p>\n\n\n\n<div class=\"wp-block-columns is-layout-flex wp-container-core-columns-is-layout-9d6595d7 wp-block-columns-is-layout-flex\">\n<div class=\"wp-block-column is-layout-flow wp-block-column-is-layout-flow\">\n<figure class=\"wp-block-image size-full is-resized\"><a href=\"https:\/\/site.educa.madrid.org\/ies.satafi.getafe\/\/wp-content\/uploads\/ies.satafi.getafe\/2022\/04\/Guia-Familias-Roble.pdf\" target=\"_blank\" rel=\"noopener\"><img loading=\"lazy\" decoding=\"async\" src=\"https:\/\/site.educa.madrid.org\/ies.satafi.getafe\/\/wp-content\/uploads\/ies.satafi.getafe\/2022\/04\/Raices.png\" alt=\"\" class=\"wp-image-1228\" width=\"245\" height=\"126\"\/><\/a><figcaption class=\"wp-element-caption\"><a href=\"https:\/\/site.educa.madrid.org\/ies.satafi.getafe\/\/wp-content\/uploads\/ies.satafi.getafe\/2022\/04\/Guia-Familias-Roble.pdf\" target=\"_blank\" rel=\"noreferrer noopener\">Gu\u00eda para familias web Roble<\/a><\/figcaption><\/figure>\n<\/div>\n\n\n\n<div class=\"wp-block-column is-layout-flow wp-block-column-is-layout-flow\">\n<figure class=\"wp-block-image size-full is-resized\"><a href=\"https:\/\/site.educa.madrid.org\/ies.satafi.getafe\/\/wp-content\/uploads\/ies.satafi.getafe\/2022\/04\/Guia-Familias-Roble-App.pdf\" target=\"_blank\" rel=\"noopener\"><img loading=\"lazy\" decoding=\"async\" src=\"https:\/\/site.educa.madrid.org\/ies.satafi.getafe\/\/wp-content\/uploads\/ies.satafi.getafe\/2022\/04\/Roble.png\" alt=\"\" class=\"wp-image-1227\" width=\"114\" height=\"125\"\/><\/a><figcaption class=\"wp-element-caption\"><a href=\"https:\/\/site.educa.madrid.org\/ies.satafi.getafe\/\/wp-content\/uploads\/ies.satafi.getafe\/2022\/04\/Guia-Familias-Roble-App.pdf\" target=\"_blank\" rel=\"noreferrer noopener\">Gu\u00eda para familias app Roble<\/a><\/figcaption><\/figure>\n<\/div>\n<\/div>\n\n\n\n<p>Si necesita obtener credenciales de acceso (usuario y contrase\u00f1a), comun\u00edquelo a Jefatura de Estudios a trav\u00e9s del tutor\/a de su hijo\/a. Puede descargar la aplicaci\u00f3n aqu\u00ed:<\/p>\n\n\n\n<div class=\"wp-block-columns is-layout-flex wp-container-core-columns-is-layout-9d6595d7 wp-block-columns-is-layout-flex\">\n<div class=\"wp-block-column is-layout-flow wp-block-column-is-layout-flow\">\n<figure class=\"wp-block-image size-full is-resized\"><img loading=\"lazy\" decoding=\"async\" src=\"https:\/\/site.educa.madrid.org\/ies.satafi.getafe\/\/wp-content\/uploads\/ies.satafi.getafe\/2022\/04\/QR-APP-ROBLE.png\" alt=\"\" class=\"wp-image-1232\" width=\"142\" height=\"142\" srcset=\"https:\/\/site.educa.madrid.org\/ies.satafi.getafe\/\/wp-content\/uploads\/ies.satafi.getafe\/2022\/04\/QR-APP-ROBLE.png 300w, https:\/\/site.educa.madrid.org\/ies.satafi.getafe\/\/wp-content\/uploads\/ies.satafi.getafe\/2022\/04\/QR-APP-ROBLE-150x150.png 150w\" sizes=\"auto, (max-width: 142px) 100vw, 142px\" \/><figcaption class=\"wp-element-caption\"><a href=\"https:\/\/play.google.com\/store\/apps\/details?id=org.madrid.raiz.roble&amp;hl=es_419\" target=\"_blank\" rel=\"noreferrer noopener\">Descarga APP ROBLE Play Store<\/a><\/figcaption><\/figure>\n<\/div>\n\n\n\n<div class=\"wp-block-column is-layout-flow wp-block-column-is-layout-flow\">\n<figure class=\"wp-block-image size-full is-resized\"><img loading=\"lazy\" decoding=\"async\" src=\"https:\/\/site.educa.madrid.org\/ies.satafi.getafe\/\/wp-content\/uploads\/ies.satafi.getafe\/2022\/04\/QR-APP-ROBLE-IOS.png\" alt=\"\" class=\"wp-image-1233\" width=\"140\" height=\"140\" srcset=\"https:\/\/site.educa.madrid.org\/ies.satafi.getafe\/\/wp-content\/uploads\/ies.satafi.getafe\/2022\/04\/QR-APP-ROBLE-IOS.png 300w, https:\/\/site.educa.madrid.org\/ies.satafi.getafe\/\/wp-content\/uploads\/ies.satafi.getafe\/2022\/04\/QR-APP-ROBLE-IOS-150x150.png 150w\" sizes=\"auto, (max-width: 140px) 100vw, 140px\" \/><figcaption class=\"wp-element-caption\"><a href=\"https:\/\/apps.apple.com\/es\/app\/roble\/id1458472789\" target=\"_blank\" rel=\"noreferrer noopener\">Descarga APP ROBLE Apple Store<\/a><\/figcaption><\/figure>\n<\/div>\n<\/div>\n\n\n\n<p><strong>C\u00d3MO SUBIR MI FOTO A RA\u00cdCES<\/strong><\/p>\n\n\n\n<p>En esta gu\u00eda se describen los pasos a seguir para que desde los perfiles ALUMNADO o TUTORES LEGALES pueda subir su foto en Ra\u00edces.<br>La foto saldr\u00e1 en mi ficha, en la lista del profesor y en el carn\u00e9 de estudiante<\/p>\n\n\n\n<div data-wp-interactive=\"core\/file\" class=\"wp-block-file\"><object data-wp-bind--hidden=\"!state.hasPdfPreview\" hidden class=\"wp-block-file__embed\" data=\"https:\/\/site.educa.madrid.org\/ies.satafi.getafe\/\/wp-content\/uploads\/ies.satafi.getafe\/2023\/10\/Guia-subir-foto-del-alumno-en-Raices.pdf\" type=\"application\/pdf\" style=\"width:100%;height:600px\" aria-label=\"Incrustado de Guia-subir-foto-del-alumno-en-Raices.\"><\/object><a id=\"wp-block-file--media-7f685b01-0b27-4a3f-8671-cac2a24e1586\" href=\"https:\/\/site.educa.madrid.org\/ies.satafi.getafe\/\/wp-content\/uploads\/ies.satafi.getafe\/2023\/10\/Guia-subir-foto-del-alumno-en-Raices.pdf\">Guia-subir-foto-del-alumno-en-Raices<\/a><a href=\"https:\/\/site.educa.madrid.org\/ies.satafi.getafe\/\/wp-content\/uploads\/ies.satafi.getafe\/2023\/10\/Guia-subir-foto-del-alumno-en-Raices.pdf\" class=\"wp-block-file__button wp-element-button\" download aria-describedby=\"wp-block-file--media-7f685b01-0b27-4a3f-8671-cac2a24e1586\">Descarga<\/a><\/div>\n\n\n\n<div data-wp-interactive=\"core\/file\" class=\"wp-block-file\"><object data-wp-bind--hidden=\"!state.hasPdfPreview\" hidden class=\"wp-block-file__embed\" data=\"https:\/\/site.educa.madrid.org\/ies.satafi.getafe\/\/wp-content\/uploads\/ies.satafi.getafe\/2023\/10\/Guia-Subir-mi-foto-en-Raices-perfiles-ALUMNADO-o-TUTORES-LEGALES-v1-04-10-2023docx-4.pdf\" type=\"application\/pdf\" style=\"width:100%;height:600px\" aria-label=\"Incrustado de Guia-Subir-mi-foto-en-Raices-perfiles-ALUMNADO-o-TUTORES-LEGALES-v1-04-10-2023docx.\"><\/object><a id=\"wp-block-file--media-b2d7db35-69f2-475c-b896-5b3692d54ce4\" href=\"https:\/\/site.educa.madrid.org\/ies.satafi.getafe\/\/wp-content\/uploads\/ies.satafi.getafe\/2023\/10\/Guia-Subir-mi-foto-en-Raices-perfiles-ALUMNADO-o-TUTORES-LEGALES-v1-04-10-2023docx-4.pdf\">Guia-Subir-mi-foto-en-Raices-perfiles-ALUMNADO-o-TUTORES-LEGALES-v1-04-10-2023docx<\/a><a href=\"https:\/\/site.educa.madrid.org\/ies.satafi.getafe\/\/wp-content\/uploads\/ies.satafi.getafe\/2023\/10\/Guia-Subir-mi-foto-en-Raices-perfiles-ALUMNADO-o-TUTORES-LEGALES-v1-04-10-2023docx-4.pdf\" class=\"wp-block-file__button wp-element-button\" download aria-describedby=\"wp-block-file--media-b2d7db35-69f2-475c-b896-5b3692d54ce4\">Descarga<\/a><\/div>\n\n\n\n\n\n\n\n\n\n\n\n\n\n\n","protected":false},"excerpt":{"rendered":"<p>Comunicaci\u00f3n centro &#8211; familias A continuaci\u00f3n se muestra la gu\u00eda de comunicaci\u00f3n con el instituto. Ra\u00edces &#8211; Roble RA\u00cdCES-ROBLE es el sistema de Gesti\u00f3n Educativa Integral de la Comunidad de Madrid, concebido por la Consejer\u00eda de Educaci\u00f3n e Investigaci\u00f3n para modernizar e integrar las herramientas de gesti\u00f3n de los centros de ense\u00f1anzas no universitarias de<\/p><\/div>\n<div class=\"blog-btn\"><a href=\"https:\/\/site.educa.madrid.org\/ies.satafi.getafe\/index.php\/familias\/raices-roble\/\" class=\"home-blog-btn\">Leer m\u00e1s<\/a><\/p>\n","protected":false},"author":5,"featured_media":0,"parent":2531,"menu_order":1,"comment_status":"closed","ping_status":"closed","template":"","meta":{"footnotes":""},"folder":[],"class_list":["post-1224","page","type-page","status-publish","hentry"],"rttpg_featured_image_url":null,"rttpg_author":{"display_name":"Inmaculada Alonso Casarrubios","author_link":"https:\/\/site.educa.madrid.org\/ies.satafi.getafe\/index.php\/author\/inmaculada_alonso-casarrubios\/"},"rttpg_comment":0,"rttpg_category":false,"rttpg_excerpt":"Comunicaci\u00f3n centro &#8211; familias A continuaci\u00f3n se muestra la gu\u00eda de comunicaci\u00f3n con el instituto. Ra\u00edces &#8211; Roble RA\u00cdCES-ROBLE es el sistema de Gesti\u00f3n Educativa Integral de la Comunidad de Madrid, concebido por la Consejer\u00eda de Educaci\u00f3n e Investigaci\u00f3n para modernizar e integrar las herramientas de gesti\u00f3n de los centros de ense\u00f1anzas no universitarias deLeer&hellip;","post_mailing_queue_ids":[],"_links":{"self":[{"href":"https:\/\/site.educa.madrid.org\/ies.satafi.getafe\/index.php\/wp-json\/wp\/v2\/pages\/1224","targetHints":{"allow":["GET"]}}],"collection":[{"href":"https:\/\/site.educa.madrid.org\/ies.satafi.getafe\/index.php\/wp-json\/wp\/v2\/pages"}],"about":[{"href":"https:\/\/site.educa.madrid.org\/ies.satafi.getafe\/index.php\/wp-json\/wp\/v2\/types\/page"}],"author":[{"embeddable":true,"href":"https:\/\/site.educa.madrid.org\/ies.satafi.getafe\/index.php\/wp-json\/wp\/v2\/users\/5"}],"replies":[{"embeddable":true,"href":"https:\/\/site.educa.madrid.org\/ies.satafi.getafe\/index.php\/wp-json\/wp\/v2\/comments?post=1224"}],"version-history":[{"count":12,"href":"https:\/\/site.educa.madrid.org\/ies.satafi.getafe\/index.php\/wp-json\/wp\/v2\/pages\/1224\/revisions"}],"predecessor-version":[{"id":4061,"href":"https:\/\/site.educa.madrid.org\/ies.satafi.getafe\/index.php\/wp-json\/wp\/v2\/pages\/1224\/revisions\/4061"}],"up":[{"embeddable":true,"href":"https:\/\/site.educa.madrid.org\/ies.satafi.getafe\/index.php\/wp-json\/wp\/v2\/pages\/2531"}],"wp:attachment":[{"href":"https:\/\/site.educa.madrid.org\/ies.satafi.getafe\/index.php\/wp-json\/wp\/v2\/media?parent=1224"}],"wp:term":[{"taxonomy":"folder","embeddable":true,"href":"https:\/\/site.educa.madrid.org\/ies.satafi.getafe\/index.php\/wp-json\/wp\/v2\/folder?post=1224"}],"curies":[{"name":"wp","href":"https:\/\/api.w.org\/{rel}","templated":true}]}}