{"id":1464,"date":"2022-04-27T00:06:39","date_gmt":"2022-04-26T22:06:39","guid":{"rendered":"https:\/\/site.educa.madrid.org\/ies.satafi.getafe\/?page_id=1464"},"modified":"2022-04-30T11:47:36","modified_gmt":"2022-04-30T09:47:36","slug":"programa-de-mediacion","status":"publish","type":"page","link":"https:\/\/site.educa.madrid.org\/ies.satafi.getafe\/index.php\/proyectos\/programa-de-mediacion\/","title":{"rendered":"Programa de Mediaci\u00f3n"},"content":{"rendered":"\n<p>La mediaci\u00f3n escolar es un m\u00e9todo de resoluci\u00f3n pac\u00edfica de conflictos generados en los espacios escolares. La mediaci\u00f3n se da cuando las partes del conflicto no son capaces de resolver la situaci\u00f3n por ellos mismos y necesitan que otra persona o personas de forma neutral intervengan para llegar a acuerdos.<\/p>\n\n\n\n<div class=\"wp-block-image\"><figure class=\"aligncenter size-full\"><img loading=\"lazy\" decoding=\"async\" width=\"169\" height=\"110\" src=\"https:\/\/site.educa.madrid.org\/ies.satafi.getafe\/\/wp-content\/uploads\/ies.satafi.getafe\/2022\/04\/Mediacion.png\" alt=\"\" class=\"wp-image-1534\"\/><\/figure><\/div>\n\n\n\n<p>En nuestro centro existe un equipo mediador, constituido por docentes y alumnos, que ayuda a resolver situaciones de conflicto de manera positiva. Este equipo ayuda a resolver los conflictos de manera pac\u00edfica en un ambiente distendido y favorece la comunicaci\u00f3n entre los miembros de la comunidad educativa, as\u00ed como su implicaci\u00f3n en el funcionamiento del centro, en el aprendizaje de la cultura de la paz y en el clima escolar. <\/p>\n\n\n\n<p>El equipo de mediaci\u00f3n es presentado a los alumnos durante el primer mes del curso en las sesiones de tutor\u00eda para que los chicos\/as conozcan su existencia y puedan acudir a \u00e9l cuando lo necesiten.<\/p>\n\n\n\n<p class=\"has-vivid-green-cyan-color has-text-color\"><strong>\u00bfC\u00f3mo se lleva a cabo el proceso de mediaci\u00f3n?<\/strong><\/p>\n\n\n\n<p class=\"has-light-green-cyan-color has-text-color\"><strong>Fase I: Premediaci\u00f3n<\/strong><\/p>\n\n\n\n<ul class=\"wp-block-list\"><li>Por separado, las partes explican al mediador lo qu\u00e9 ha ocurrido, c\u00f3mo se sienten dentro del conflicto y firman las normas del contrato de mediaci\u00f3n.<\/li><\/ul>\n\n\n\n<p class=\"has-light-green-cyan-color has-text-color\">Fa<strong>se II: Mediaci\u00f3n<\/strong><\/p>\n\n\n\n<ul class=\"wp-block-list\"><li>Ambas partes juntas, en presencia del mediador, clarifican lo ocurrido, exponen a la otra parte c\u00f3mo se sienten, y buscan soluciones para llegar a acuerdos. Tras ello, firman un contrato de compromisos.<\/li><\/ul>\n\n\n\n<p><\/p>\n","protected":false},"excerpt":{"rendered":"<p>La mediaci\u00f3n escolar es un m\u00e9todo de resoluci\u00f3n pac\u00edfica de conflictos generados en los espacios escolares. La mediaci\u00f3n se da cuando las partes del conflicto no son capaces de resolver la situaci\u00f3n por ellos mismos y necesitan que otra persona o personas de forma neutral intervengan para llegar a acuerdos. En nuestro centro existe un<\/p><\/div>\n<div class=\"blog-btn\"><a href=\"https:\/\/site.educa.madrid.org\/ies.satafi.getafe\/index.php\/proyectos\/programa-de-mediacion\/\" class=\"home-blog-btn\">Leer m\u00e1s<\/a><\/p>\n","protected":false},"author":7,"featured_media":0,"parent":886,"menu_order":0,"comment_status":"closed","ping_status":"closed","template":"","meta":{"footnotes":""},"folder":[],"class_list":["post-1464","page","type-page","status-publish","hentry"],"rttpg_featured_image_url":null,"rttpg_author":{"display_name":"Miguel \u00c1ngel Bonache G\u00f3mez","author_link":"https:\/\/site.educa.madrid.org\/ies.satafi.getafe\/index.php\/author\/miguel-angel_bonache-gomez\/"},"rttpg_comment":0,"rttpg_category":false,"rttpg_excerpt":"La mediaci\u00f3n escolar es un m\u00e9todo de resoluci\u00f3n pac\u00edfica de conflictos generados en los espacios escolares. La mediaci\u00f3n se da cuando las partes del conflicto no son capaces de resolver la situaci\u00f3n por ellos mismos y necesitan que otra persona o personas de forma neutral intervengan para llegar a acuerdos. En nuestro centro existe unLeer&hellip;","post_mailing_queue_ids":[],"_links":{"self":[{"href":"https:\/\/site.educa.madrid.org\/ies.satafi.getafe\/index.php\/wp-json\/wp\/v2\/pages\/1464","targetHints":{"allow":["GET"]}}],"collection":[{"href":"https:\/\/site.educa.madrid.org\/ies.satafi.getafe\/index.php\/wp-json\/wp\/v2\/pages"}],"about":[{"href":"https:\/\/site.educa.madrid.org\/ies.satafi.getafe\/index.php\/wp-json\/wp\/v2\/types\/page"}],"author":[{"embeddable":true,"href":"https:\/\/site.educa.madrid.org\/ies.satafi.getafe\/index.php\/wp-json\/wp\/v2\/users\/7"}],"replies":[{"embeddable":true,"href":"https:\/\/site.educa.madrid.org\/ies.satafi.getafe\/index.php\/wp-json\/wp\/v2\/comments?post=1464"}],"version-history":[{"count":2,"href":"https:\/\/site.educa.madrid.org\/ies.satafi.getafe\/index.php\/wp-json\/wp\/v2\/pages\/1464\/revisions"}],"predecessor-version":[{"id":1535,"href":"https:\/\/site.educa.madrid.org\/ies.satafi.getafe\/index.php\/wp-json\/wp\/v2\/pages\/1464\/revisions\/1535"}],"up":[{"embeddable":true,"href":"https:\/\/site.educa.madrid.org\/ies.satafi.getafe\/index.php\/wp-json\/wp\/v2\/pages\/886"}],"wp:attachment":[{"href":"https:\/\/site.educa.madrid.org\/ies.satafi.getafe\/index.php\/wp-json\/wp\/v2\/media?parent=1464"}],"wp:term":[{"taxonomy":"folder","embeddable":true,"href":"https:\/\/site.educa.madrid.org\/ies.satafi.getafe\/index.php\/wp-json\/wp\/v2\/folder?post=1464"}],"curies":[{"name":"wp","href":"https:\/\/api.w.org\/{rel}","templated":true}]}}