{"id":3077,"date":"2023-06-01T16:57:53","date_gmt":"2023-06-01T14:57:53","guid":{"rendered":"https:\/\/site.educa.madrid.org\/ies.satafi.getafe\/?page_id=3077"},"modified":"2024-11-07T17:21:13","modified_gmt":"2024-11-07T16:21:13","slug":"getafe-joven","status":"publish","type":"page","link":"https:\/\/site.educa.madrid.org\/ies.satafi.getafe\/index.php\/servicios-y-actividades\/getafe-joven\/","title":{"rendered":"Getafe joven con el Ayto"},"content":{"rendered":"\n<div class=\"wp-block-columns is-layout-flex wp-container-core-columns-is-layout-9d6595d7 wp-block-columns-is-layout-flex\">\n<div class=\"wp-block-column is-layout-flow wp-block-column-is-layout-flow\"><\/div>\n\n\n\n<div class=\"wp-block-column is-layout-flow wp-block-column-is-layout-flow\">\n<figure class=\"wp-block-gallery aligncenter has-nested-images columns-default wp-block-gallery-1 is-layout-flex wp-block-gallery-is-layout-flex\">\n<figure class=\"wp-block-image size-full is-style-default\"><img loading=\"lazy\" decoding=\"async\" width=\"160\" height=\"76\" data-id=\"6691\" src=\"https:\/\/site.educa.madrid.org\/ies.satafi.getafe\/\/wp-content\/uploads\/ies.satafi.getafe\/2024\/11\/logoPrincipal.png\" alt=\"\" class=\"wp-image-6691\"\/><\/figure>\n<\/figure>\n<\/div>\n\n\n\n<div class=\"wp-block-column is-layout-flow wp-block-column-is-layout-flow\"><\/div>\n<\/div>\n\n\n<p>Accede a la pagina de GETAFE JOVEN pinchando <a href=\"https:\/\/www.getafejoven.com\/inicio\">aqu\u00ed,<\/a> para ver las ultimas novedades publicadas.<\/p>\n\n\n<div style=\"height:30px\" aria-hidden=\"true\" class=\"wp-block-spacer\"><\/div>\n\n\n\n<p class=\"has-white-color has-vivid-red-background-color has-text-color has-background has-link-color has-medium-font-size wp-elements-db2d0d69ef5523c27704a6afeb10d4d4\">NOTICIAS SIAJ Relacionadas con el IES Satafi<\/p>\n\n\n<ul class=\"wp-block-latest-posts__list wp-block-latest-posts\"><li><div class=\"wp-block-latest-posts__featured-image\"><img loading=\"lazy\" decoding=\"async\" width=\"150\" height=\"150\" src=\"https:\/\/site.educa.madrid.org\/ies.satafi.getafe\/\/wp-content\/uploads\/ies.satafi.getafe\/2026\/04\/Captura-incibe-150x150.jpg\" class=\"attachment-thumbnail size-thumbnail wp-post-image\" alt=\"\" style=\"\" srcset=\"https:\/\/site.educa.madrid.org\/ies.satafi.getafe\/\/wp-content\/uploads\/ies.satafi.getafe\/2026\/04\/Captura-incibe-150x150.jpg 150w, https:\/\/site.educa.madrid.org\/ies.satafi.getafe\/\/wp-content\/uploads\/ies.satafi.getafe\/2026\/04\/Captura-incibe-300x300.jpg 300w, https:\/\/site.educa.madrid.org\/ies.satafi.getafe\/\/wp-content\/uploads\/ies.satafi.getafe\/2026\/04\/Captura-incibe-500x500.jpg 500w, https:\/\/site.educa.madrid.org\/ies.satafi.getafe\/\/wp-content\/uploads\/ies.satafi.getafe\/2026\/04\/Captura-incibe-375x375.jpg 375w\" sizes=\"auto, (max-width: 150px) 100vw, 150px\" \/><\/div><a class=\"wp-block-latest-posts__post-title\" href=\"https:\/\/site.educa.madrid.org\/ies.satafi.getafe\/index.php\/2026\/04\/07\/experiencia-incibe-getafe\/\">Experiencia INCIBE Getafe<\/a><div class=\"wp-block-latest-posts__post-full-content\"><!-- wp:spacer {\"height\":\"30px\"} -->\n<div style=\"height:30px\" aria-hidden=\"true\" class=\"wp-block-spacer\"><\/div>\n<!-- \/wp:spacer -->\n\n<p>El\u00a0<strong><a href=\"https:\/\/www.incibe.es\/experiencia-incibe\">Instituto Nacional de Ciberseguridad de Espa\u00f1a (INCIBE)<\/a>,\u00a0<\/strong>entidad dependiente del Ministerio para la Transformaci\u00f3n Digital y de la Funci\u00f3n P\u00fablica, a trav\u00e9s de la Secretar\u00eda de Estado de Telecomunicaciones e Infraestructuras Digitales,\u00a0<strong>visitar\u00e1 Getafe, del 7 al 11 de abril, con el roadshow<\/strong>.<\/p>\n<p>Se trata de un cami\u00f3n desplegable que viaja por toda Espa\u00f1a para capacitar en materia de ciberseguridad a toda la ciudadan\u00eda (desde familias y menores, hasta p\u00fablico s\u00e9nior) y las empresas.<\/p>\n<p>A trav\u00e9s de esta iniciativa, que se realiza en el marco de los fondos del Plan de Recuperaci\u00f3n, Transformaci\u00f3n y Resiliencia, financiada por la Uni\u00f3n Europea (Next Generation),\u00a0<strong>INCIBE quiere elevar los niveles necesarios de cultura en ciberseguridad que cualquier usuario debe poseer para desenvolverse con confianza y seguridad en la era digital.<\/strong><\/p>\n\n<!-- wp:spacer {\"height\":\"30px\"} -->\n<div style=\"height:30px\" aria-hidden=\"true\" class=\"wp-block-spacer\"><\/div>\n<!-- \/wp:spacer -->\n\n<!-- wp:embed {\"url\":\"https:\/\/www.youtube.com\/watch?v=b1GSmww3kAw\",\"type\":\"video\",\"providerNameSlug\":\"youtube\",\"responsive\":true,\"className\":\"wp-embed-aspect-16-9 wp-has-aspect-ratio\"} -->\n<figure class=\"wp-block-embed is-type-video is-provider-youtube wp-block-embed-youtube wp-embed-aspect-16-9 wp-has-aspect-ratio\"><div class=\"wp-block-embed__wrapper\">\nhttps:\/\/www.youtube.com\/watch?v=b1GSmww3kAw\n<\/div><\/figure>\n<!-- \/wp:embed -->\n\n<!-- wp:spacer {\"height\":\"30px\"} -->\n<div style=\"height:30px\" aria-hidden=\"true\" class=\"wp-block-spacer\"><\/div>\n<!-- \/wp:spacer -->\n\n<!-- wp:details -->\n<details class=\"wp-block-details\"><summary>Dossier de la experiencia INCIBE<\/summary><!-- wp:file {\"id\":10717,\"href\":\"https:\/\/site.educa.madrid.org\/ies.satafi.getafe\/\/wp-content\/uploads\/ies.satafi.getafe\/2026\/04\/Dosier_ExperienciaINCIBE.pdf\",\"displayPreview\":true,\"previewHeight\":1088,\"align\":\"center\"} -->\n<div class=\"wp-block-file aligncenter\"><object class=\"wp-block-file__embed\" data=\"https:\/\/site.educa.madrid.org\/ies.satafi.getafe\/\/wp-content\/uploads\/ies.satafi.getafe\/2026\/04\/Dosier_ExperienciaINCIBE.pdf\" type=\"application\/pdf\" style=\"width:100%;height:1088px\" aria-label=\"Dosier_ExperienciaINCIBE\"><\/object><a id=\"wp-block-file--media-cabd38b8-5038-4064-b90c-51b1807cd15c\" href=\"https:\/\/site.educa.madrid.org\/ies.satafi.getafe\/\/wp-content\/uploads\/ies.satafi.getafe\/2026\/04\/Dosier_ExperienciaINCIBE.pdf\">Dosier_ExperienciaINCIBE<\/a><a href=\"https:\/\/site.educa.madrid.org\/ies.satafi.getafe\/\/wp-content\/uploads\/ies.satafi.getafe\/2026\/04\/Dosier_ExperienciaINCIBE.pdf\" class=\"wp-block-file__button wp-element-button\" download aria-describedby=\"wp-block-file--media-cabd38b8-5038-4064-b90c-51b1807cd15c\">Descarga<\/a><\/div>\n<!-- \/wp:file --><\/details>\n<!-- \/wp:details --><\/div><\/li>\n<li><div class=\"wp-block-latest-posts__featured-image\"><img loading=\"lazy\" decoding=\"async\" width=\"150\" height=\"150\" src=\"https:\/\/site.educa.madrid.org\/ies.satafi.getafe\/\/wp-content\/uploads\/ies.satafi.getafe\/2025\/05\/Captura-brujula-mentores-150x150.jpg\" class=\"attachment-thumbnail size-thumbnail wp-post-image\" alt=\"\" style=\"\" srcset=\"https:\/\/site.educa.madrid.org\/ies.satafi.getafe\/\/wp-content\/uploads\/ies.satafi.getafe\/2025\/05\/Captura-brujula-mentores-150x150.jpg 150w, https:\/\/site.educa.madrid.org\/ies.satafi.getafe\/\/wp-content\/uploads\/ies.satafi.getafe\/2025\/05\/Captura-brujula-mentores-300x300.jpg 300w\" sizes=\"auto, (max-width: 150px) 100vw, 150px\" \/><\/div><a class=\"wp-block-latest-posts__post-title\" href=\"https:\/\/site.educa.madrid.org\/ies.satafi.getafe\/index.php\/2025\/04\/03\/taller-de-orientacion-educativa\/\">Taller de Orientaci\u00f3n Educativa<\/a><div class=\"wp-block-latest-posts__post-full-content\"><p><span style=\"font-weight: 400\">Los alumnos de 4\u00baESO y 2\u00ba Bachillerato han participado en un Taller de orientaci\u00f3n coordinado con <a href=\"https:\/\/www.getafejoven.com\/inicio\">SIAJ (Servicio de informaci\u00f3n y asesoramiento juvenil) del Ayuntamiento de Getafe<\/a>, en el que han participado coordinadores del <a href=\"https:\/\/www.comunidad.madrid\/servicios\/educacion\/mentores-fp\">Programa Br\u00fajula Mentor de Formaci\u00f3n Profesional<\/a> as\u00ed como representantes de diversas Universidades para facilitarles informaci\u00f3n sobre la oferta educativa de la Comunidad de Madrid y posibles itinerarios formativos para el pr\u00f3ximo curso, con el objetivo de ayudar al alumnado en su proceso de toma de decisiones, todo ello dentro de las actividades que desde el Departamento de Orientaci\u00f3n del IES Satafi se organizan en el POAP (Plan de orientaci\u00f3n acad\u00e9mico y profesional).<\/span><\/p>\n\n<!-- wp:spacer {\"height\":\"30px\"} -->\n<div style=\"height:30px\" aria-hidden=\"true\" class=\"wp-block-spacer\"><\/div>\n<!-- \/wp:spacer -->\n\n<!-- wp:columns -->\n<div class=\"wp-block-columns\"><!-- wp:column -->\n<div class=\"wp-block-column\"><!-- wp:image {\"id\":8109,\"sizeSlug\":\"full\",\"linkDestination\":\"none\",\"align\":\"center\"} -->\n<figure class=\"wp-block-image aligncenter size-full\"><img loading=\"lazy\" decoding=\"async\" width=\"160\" height=\"76\" src=\"https:\/\/site.educa.madrid.org\/ies.satafi.getafe\/\/wp-content\/uploads\/ies.satafi.getafe\/2025\/05\/logoPrincipal-siaj.png\" alt=\"\" class=\"wp-image-8109\" \/><\/figure>\n<!-- \/wp:image --><\/div>\n<!-- \/wp:column -->\n\n<!-- wp:column -->\n<div class=\"wp-block-column\"><!-- wp:image {\"id\":8110,\"width\":\"162px\",\"height\":\"auto\",\"sizeSlug\":\"full\",\"linkDestination\":\"none\",\"align\":\"center\"} -->\n<figure class=\"wp-block-image aligncenter size-full is-resized\"><img loading=\"lazy\" decoding=\"async\" width=\"257\" height=\"178\" src=\"https:\/\/site.educa.madrid.org\/ies.satafi.getafe\/\/wp-content\/uploads\/ies.satafi.getafe\/2025\/05\/logotipo_mentores_fp_fpmad.png\" alt=\"\" class=\"wp-image-8110\" style=\"width:162px;height:auto\" \/><\/figure>\n<!-- \/wp:image --><\/div>\n<!-- \/wp:column --><\/div>\n<!-- \/wp:columns -->\n\n<!-- wp:spacer {\"height\":\"30px\"} -->\n<div style=\"height:30px\" aria-hidden=\"true\" class=\"wp-block-spacer\"><\/div>\n<!-- \/wp:spacer -->\n\n<!-- wp:image {\"id\":8108,\"width\":\"600px\",\"height\":\"auto\",\"sizeSlug\":\"large\",\"linkDestination\":\"none\",\"align\":\"center\"} -->\n<figure class=\"wp-block-image aligncenter size-large is-resized\"><img loading=\"lazy\" decoding=\"async\" width=\"1024\" height=\"768\" src=\"https:\/\/site.educa.madrid.org\/ies.satafi.getafe\/\/wp-content\/uploads\/ies.satafi.getafe\/2025\/05\/66fe9234-fe0b-4fe9-a780-6db9f62c6c79-1024x768.jpg\" alt=\"\" class=\"wp-image-8108\" style=\"width:600px;height:auto\" srcset=\"https:\/\/site.educa.madrid.org\/ies.satafi.getafe\/\/wp-content\/uploads\/ies.satafi.getafe\/2025\/05\/66fe9234-fe0b-4fe9-a780-6db9f62c6c79-1024x768.jpg 1024w, https:\/\/site.educa.madrid.org\/ies.satafi.getafe\/\/wp-content\/uploads\/ies.satafi.getafe\/2025\/05\/66fe9234-fe0b-4fe9-a780-6db9f62c6c79-300x225.jpg 300w, https:\/\/site.educa.madrid.org\/ies.satafi.getafe\/\/wp-content\/uploads\/ies.satafi.getafe\/2025\/05\/66fe9234-fe0b-4fe9-a780-6db9f62c6c79-768x576.jpg 768w, https:\/\/site.educa.madrid.org\/ies.satafi.getafe\/\/wp-content\/uploads\/ies.satafi.getafe\/2025\/05\/66fe9234-fe0b-4fe9-a780-6db9f62c6c79-1536x1152.jpg 1536w, https:\/\/site.educa.madrid.org\/ies.satafi.getafe\/\/wp-content\/uploads\/ies.satafi.getafe\/2025\/05\/66fe9234-fe0b-4fe9-a780-6db9f62c6c79.jpg 2048w\" sizes=\"auto, (max-width: 1024px) 100vw, 1024px\" \/><\/figure>\n<!-- \/wp:image --><\/div><\/li>\n<li><div class=\"wp-block-latest-posts__featured-image\"><img loading=\"lazy\" decoding=\"async\" width=\"150\" height=\"150\" src=\"https:\/\/site.educa.madrid.org\/ies.satafi.getafe\/\/wp-content\/uploads\/ies.satafi.getafe\/2023\/10\/Getafe-se-mueve-150x150.jpeg\" class=\"attachment-thumbnail size-thumbnail wp-post-image\" alt=\"\" style=\"\" srcset=\"https:\/\/site.educa.madrid.org\/ies.satafi.getafe\/\/wp-content\/uploads\/ies.satafi.getafe\/2023\/10\/Getafe-se-mueve-150x150.jpeg 150w, https:\/\/site.educa.madrid.org\/ies.satafi.getafe\/\/wp-content\/uploads\/ies.satafi.getafe\/2023\/10\/Getafe-se-mueve-300x300.jpeg 300w\" sizes=\"auto, (max-width: 150px) 100vw, 150px\" \/><\/div><a class=\"wp-block-latest-posts__post-title\" href=\"https:\/\/site.educa.madrid.org\/ies.satafi.getafe\/index.php\/2023\/10\/20\/getafe-se-mueve\/\">GETAFE SE MUEVE<\/a><div class=\"wp-block-latest-posts__post-full-content\">GETAFE SE MUEVE vuelve al centro IES SATAFI. Los recreos de lunes y mi\u00e9rcoles en el Aula F02. \u00a1An\u00edmate!<\/div><\/li>\n<li><div class=\"wp-block-latest-posts__featured-image\"><img loading=\"lazy\" decoding=\"async\" width=\"150\" height=\"79\" src=\"https:\/\/site.educa.madrid.org\/ies.satafi.getafe\/\/wp-content\/uploads\/ies.satafi.getafe\/2023\/06\/Captura-150x79.png\" class=\"attachment-thumbnail size-thumbnail wp-post-image\" alt=\"\" style=\"\" \/><\/div><a class=\"wp-block-latest-posts__post-title\" href=\"https:\/\/site.educa.madrid.org\/ies.satafi.getafe\/index.php\/2023\/06\/01\/te-apuntas-a-ser-corresponsal-juvenil-con-el-siaj\/\">\u00bfTe apuntas a ser corresponsal juvenil con el SIAJ?<\/a><div class=\"wp-block-latest-posts__post-full-content\"><h1 class=\"Titulo\">Getafe Joven presenta los Premios EnR\u00e9date con Getafe<\/h1>\nEl Ayuntamiento de Getafe, desde la Delegaci\u00f3n de Juventud lanza el <strong>Certamen de Corresponsales Juveniles EnR\u00e9date con Getafe,<\/strong> dirigido a j\u00f3venes matriculados en Centros de Ense\u00f1anza del municipio de Getafe, en los cursos de cuarto de Educaci\u00f3n Secundaria Obligatoria, Bachillerato, Formaci\u00f3n Profesional B\u00e1sica y Ciclos Formativos de Grado Medio, o de Grado Superior.\n\nLos interesados ten\u00e9is de plazo hasta el 30 de junio para presentar su proyecto. Si sois elegidos corresponsales, y cumpl\u00eds bien la funci\u00f3n durante el curso 2023-24 tendr\u00e9is una beca de 405\u20ac.<\/div><\/li>\n<\/ul>","protected":false},"excerpt":{"rendered":"<p>Accede a la pagina de GETAFE JOVEN pinchando aqu\u00ed, para ver las ultimas novedades publicadas. NOTICIAS SIAJ Relacionadas con el IES Satafi<\/p>\n","protected":false},"author":3,"featured_media":0,"parent":166,"menu_order":4,"comment_status":"closed","ping_status":"closed","template":"","meta":{"footnotes":""},"folder":[61],"class_list":["post-3077","page","type-page","status-publish","hentry"],"rttpg_featured_image_url":null,"rttpg_author":{"display_name":"ies.satafi.getafe","author_link":"https:\/\/site.educa.madrid.org\/ies.satafi.getafe\/index.php\/author\/cuenta_ies-satafi-getafe\/"},"rttpg_comment":0,"rttpg_category":" <a href=\"https:\/\/site.educa.madrid.org\/ies.satafi.getafe\/?taxonomy=folder&#038;term=getafe-joven\" rel=\"tag\">Getafe joven<\/a>","rttpg_excerpt":"Accede a la pagina de GETAFE JOVEN pinchando aqu\u00ed, para ver las ultimas novedades publicadas. NOTICIAS SIAJ Relacionadas con el IES Satafi","post_mailing_queue_ids":[],"_links":{"self":[{"href":"https:\/\/site.educa.madrid.org\/ies.satafi.getafe\/index.php\/wp-json\/wp\/v2\/pages\/3077","targetHints":{"allow":["GET"]}}],"collection":[{"href":"https:\/\/site.educa.madrid.org\/ies.satafi.getafe\/index.php\/wp-json\/wp\/v2\/pages"}],"about":[{"href":"https:\/\/site.educa.madrid.org\/ies.satafi.getafe\/index.php\/wp-json\/wp\/v2\/types\/page"}],"author":[{"embeddable":true,"href":"https:\/\/site.educa.madrid.org\/ies.satafi.getafe\/index.php\/wp-json\/wp\/v2\/users\/3"}],"replies":[{"embeddable":true,"href":"https:\/\/site.educa.madrid.org\/ies.satafi.getafe\/index.php\/wp-json\/wp\/v2\/comments?post=3077"}],"version-history":[{"count":6,"href":"https:\/\/site.educa.madrid.org\/ies.satafi.getafe\/index.php\/wp-json\/wp\/v2\/pages\/3077\/revisions"}],"predecessor-version":[{"id":6695,"href":"https:\/\/site.educa.madrid.org\/ies.satafi.getafe\/index.php\/wp-json\/wp\/v2\/pages\/3077\/revisions\/6695"}],"up":[{"embeddable":true,"href":"https:\/\/site.educa.madrid.org\/ies.satafi.getafe\/index.php\/wp-json\/wp\/v2\/pages\/166"}],"wp:attachment":[{"href":"https:\/\/site.educa.madrid.org\/ies.satafi.getafe\/index.php\/wp-json\/wp\/v2\/media?parent=3077"}],"wp:term":[{"taxonomy":"folder","embeddable":true,"href":"https:\/\/site.educa.madrid.org\/ies.satafi.getafe\/index.php\/wp-json\/wp\/v2\/folder?post=3077"}],"curies":[{"name":"wp","href":"https:\/\/api.w.org\/{rel}","templated":true}]}}