{"id":3555,"date":"2023-07-06T12:20:02","date_gmt":"2023-07-06T10:20:02","guid":{"rendered":"https:\/\/site.educa.madrid.org\/ies.satafi.getafe\/?page_id=3555"},"modified":"2025-09-09T16:13:51","modified_gmt":"2025-09-09T14:13:51","slug":"admision-ciclos-formativos-de-grado-superior-modalida-presencial-2","status":"publish","type":"page","link":"https:\/\/site.educa.madrid.org\/ies.satafi.getafe\/index.php\/secretaria\/admision-formacion-profesional\/admision-ciclos-formativos-de-grado-superior-modalida-presencial-2\/","title":{"rendered":"Ciclos Formativos de Grado Superior"},"content":{"rendered":"\n<p class=\"has-text-color\" style=\"color:#03476e;font-size:35px\"><strong>CICLOS FORMATIVOS DE GRADO SUPERIOR. CURSO 2025-2026. MODALIDAD PRESENCIAL<\/strong>.<\/p>\n\n\n\n<div style=\"height:23px\" aria-hidden=\"true\" class=\"wp-block-spacer\"><\/div>\n\n\n\n<figure class=\"wp-block-image size-full\"><a href=\"https:\/\/site.educa.madrid.org\/ies.satafi.getafe\/\/wp-content\/uploads\/ies.satafi.getafe\/2025\/09\/OBTENCION-DE-PLAZAS-DE-FORMACION-PROFESIONAL-SEPTIEMBRE.pdf\"><img loading=\"lazy\" decoding=\"async\" width=\"631\" height=\"900\" src=\"https:\/\/site.educa.madrid.org\/ies.satafi.getafe\/\/wp-content\/uploads\/ies.satafi.getafe\/2025\/09\/Admision_septiembre_cartel_2.png\" alt=\"\" class=\"wp-image-9600\" srcset=\"https:\/\/site.educa.madrid.org\/ies.satafi.getafe\/\/wp-content\/uploads\/ies.satafi.getafe\/2025\/09\/Admision_septiembre_cartel_2.png 631w, https:\/\/site.educa.madrid.org\/ies.satafi.getafe\/\/wp-content\/uploads\/ies.satafi.getafe\/2025\/09\/Admision_septiembre_cartel_2-210x300.png 210w\" sizes=\"auto, (max-width: 631px) 100vw, 631px\" \/><\/a><\/figure>\n\n\n\n<div style=\"height:36px\" aria-hidden=\"true\" class=\"wp-block-spacer\"><\/div>\n\n\n<h3><span style=\"color: #333399;\">Admisi\u00f3n FASE 3<br \/><\/span><\/h3>\n<ul>\n<li><a href=\"https:\/\/site.educa.madrid.org\/ies.satafi.getafe\/\/wp-content\/uploads\/ies.satafi.getafe\/2025\/09\/listados_de_vacantes_final_gs_25.08.21_GS.pdf\">Listado de vacantes Grado Superior septiembre<\/a><\/li>\n<li><a href=\"https:\/\/site.educa.madrid.org\/ies.satafi.getafe\/\/wp-content\/uploads\/ies.satafi.getafe\/2025\/09\/acta_sorteo_vacantes_admision_fp_GS.pdf\">Acta sorteo<\/a><\/li>\n<li><a href=\"https:\/\/site.educa.madrid.org\/ies.satafi.getafe\/\/wp-content\/uploads\/ies.satafi.getafe\/2025\/09\/ADMITIDOS-Fase-3-GS.pdf\">LISTADO DE ADMITIDOS GRADO MEDIO FASE 3<\/a><br \/>\n<h3 class=\"has-vivid-red-color has-text-color has-medium-font-size\"><strong><em>Los alumnos admitidos deber\u00e1n recoger el sobre de matr\u00edcula en la conserjer\u00eda del centro y realizar la matr\u00edcula los d\u00edas 10 y 11 de septiembre<\/em><\/strong><\/h3>\n<\/li>\n<\/ul>\n\n\n<div style=\"height:67px\" aria-hidden=\"true\" class=\"wp-block-spacer\"><\/div>\n\n\n\n<hr class=\"wp-block-separator has-alpha-channel-opacity\"\/>\n\n\n<h3><span style=\"color: #333399;\">Listados definitivos de admitidos y no admitidos en FASE 2<\/span><\/h3>\n<h3 class=\"has-vivid-red-color has-text-color has-medium-font-size\"><strong><em>Los alumnos admitidos deber\u00e1n recoger el sobre de matr\u00edcula en la conserjer\u00eda del centro y realizar la matr\u00edcula los d\u00edas 29 y 30 de julio de 2025<\/em><\/strong><\/h3>\n<ul>\n<li><a href=\"https:\/\/site.educa.madrid.org\/ies.satafi.getafe\/\/wp-content\/uploads\/ies.satafi.getafe\/2025\/07\/Sistemas-Electrotecnicos-y-Automatizados-por-centro-de-admision-FASE-2.pdf\">Sistemas Electrot\u00e9cnicos y Automatizados por centro de admisi\u00f3n<\/a><\/li>\n<li><a href=\"https:\/\/site.educa.madrid.org\/ies.satafi.getafe\/\/wp-content\/uploads\/ies.satafi.getafe\/2025\/07\/STI-por-centro-de-admision-FASE-2.pdf\">Sistemas de Telecomunicaciones e Inform\u00e1ticos por centro de admisi\u00f3n<\/a><\/li>\n<li><a href=\"https:\/\/site.educa.madrid.org\/ies.satafi.getafe\/\/wp-content\/uploads\/ies.satafi.getafe\/2025\/07\/ER-por-centro-de-admision-FASE-2.pdf\">Energ\u00edas Renovables por centro centro de admisi\u00f3n<\/a><\/li>\n<li><a href=\"https:\/\/site.educa.madrid.org\/ies.satafi.getafe\/\/wp-content\/uploads\/ies.satafi.getafe\/2025\/07\/No-admitidos-Via-A1-FASE-2.pdf\">No admitidos V\u00eda A1<\/a><\/li>\n<li><a href=\"https:\/\/site.educa.madrid.org\/ies.satafi.getafe\/\/wp-content\/uploads\/ies.satafi.getafe\/2025\/07\/No-admitidos-Via-A2-FASE-2.pdf\">No admitidos V\u00eda A2<\/a><\/li>\n<li><a href=\"https:\/\/site.educa.madrid.org\/ies.satafi.getafe\/\/wp-content\/uploads\/ies.satafi.getafe\/2025\/07\/Admitidos-por-centro-y-ciclo-de-solicitud-FASE-2.pdf\">Admitidos por centro y ciclo de solicitud<\/a><\/li>\n<\/ul>\n\n\n<div style=\"height:55px\" aria-hidden=\"true\" class=\"wp-block-spacer\"><\/div>\n\n\n\n<hr class=\"wp-block-separator has-alpha-channel-opacity\"\/>\n\n\n<h3><span style=\"color: #333399;\">Listados definitivos de admitidos y no admitidos en FASE 1<\/span><\/h3>\n<h3 class=\"has-vivid-red-color has-text-color has-medium-font-size\"><strong><em>Los alumnos admitidos deber\u00e1n recoger el sobre de matr\u00edcula en la conserjer\u00eda del centro y realizar la matr\u00edcula los d\u00edas 18, 21 y 22 de julio de 2025<\/em><\/strong><\/h3>\n<ul>\n<li><a href=\"https:\/\/site.educa.madrid.org\/ies.satafi.getafe\/\/wp-content\/uploads\/ies.satafi.getafe\/2025\/07\/Administracion-y-Finanzas-por-centro-de-admision.pdf\">Administraci\u00f3n y Finanzas por centro de admisi\u00f3n<\/a><strong><br \/><\/strong><\/li>\n<li><a href=\"https:\/\/site.educa.madrid.org\/ies.satafi.getafe\/\/wp-content\/uploads\/ies.satafi.getafe\/2025\/07\/Sistemas-Electrotecnicos-y-Automatizados-por-centro-de-admision.pdf\">Sistemas Electrot\u00e9cnicos y Automatizados por centro de admisi\u00f3n<\/a><\/li>\n<li><a href=\"https:\/\/site.educa.madrid.org\/ies.satafi.getafe\/\/wp-content\/uploads\/ies.satafi.getafe\/2025\/07\/Sistemas-de-Telecomunicaciones-e-Informaticos-por-centro-de-admision.pdf\">Sistemas de Telecomunicaciones e Inform\u00e1ticos por centro de admisi\u00f3n<\/a><\/li>\n<li><a href=\"https:\/\/site.educa.madrid.org\/ies.satafi.getafe\/\/wp-content\/uploads\/ies.satafi.getafe\/2025\/07\/Mantenimiento-Electronico-por-centro-de-admision.pdf\">Mantenimiento Electr\u00f3nico por centro de admisi\u00f3n<\/a><\/li>\n<li><a href=\"https:\/\/site.educa.madrid.org\/ies.satafi.getafe\/\/wp-content\/uploads\/ies.satafi.getafe\/2025\/07\/Energias-Renovables-por-centro-de-admision.pdf\">Energ\u00edas Renovables por centro centro de admisi\u00f3n<\/a><\/li>\n<li><a href=\"https:\/\/site.educa.madrid.org\/ies.satafi.getafe\/\/wp-content\/uploads\/ies.satafi.getafe\/2025\/07\/Automatizacion-y-Robotica-Industrial-por-centro-de-admision.pdf\">Automatizaci\u00f3n y Rob\u00f3tica Industrial por\u00a0centro de admisi\u00f3n<\/a><\/li>\n<li><a href=\"https:\/\/site.educa.madrid.org\/ies.satafi.getafe\/\/wp-content\/uploads\/ies.satafi.getafe\/2025\/07\/No-admitidos-Via-A1.pdf\">No admitidos V\u00eda A1<\/a><\/li>\n<li><a href=\"https:\/\/site.educa.madrid.org\/ies.satafi.getafe\/\/wp-content\/uploads\/ies.satafi.getafe\/2025\/07\/No-admitidos-Via-A2.pdf\">No admitidos V\u00eda A2<\/a><\/li>\n<li><a href=\"https:\/\/site.educa.madrid.org\/ies.satafi.getafe\/\/wp-content\/uploads\/ies.satafi.getafe\/2025\/07\/Admitidos-por-centro-y-ciclo-de-solicitud.pdf\">Admitidos por centro y ciclo de solicitud<\/a><\/li>\n<\/ul>\n\n\n<div style=\"height:53px\" aria-hidden=\"true\" class=\"wp-block-spacer\"><\/div>\n\n\n\n<hr class=\"wp-block-separator has-alpha-channel-opacity\"\/>\n\n\n<h3><span style=\"color: #333399;\">Listados provisionales de solicitudes baremadas\u00a0<\/span><\/h3>\n<h3 class=\"has-vivid-red-color has-text-color has-medium-font-size\"><strong><em>Reclamaciones del 11, 14 y 15 de julio de 2025<\/em><\/strong><\/h3>\n<ul>\n<li><a href=\"https:\/\/site.educa.madrid.org\/ies.satafi.getafe\/\/wp-content\/uploads\/ies.satafi.getafe\/2025\/07\/Listado_de_solicitudes_baremadas_centro-AF-.pdf\">Administraci\u00f3n y Finanzas por centro (baremaci\u00f3n de la primera opci\u00f3n)\u00a0<\/a><strong><br \/><\/strong><\/li>\n<li><a href=\"https:\/\/site.educa.madrid.org\/ies.satafi.getafe\/\/wp-content\/uploads\/ies.satafi.getafe\/2025\/07\/Listado_de_solicitudes_baremadas_centro-SEA.pdf\">Sistemas Electrot\u00e9cnicos y Automatizados por centro (baremaci\u00f3n de la primera opci\u00f3n)<\/a><\/li>\n<li><a href=\"https:\/\/site.educa.madrid.org\/ies.satafi.getafe\/\/wp-content\/uploads\/ies.satafi.getafe\/2025\/07\/Listado_de_solicitudes_baremadas_centro-STI-.pdf\">Sistemas de Telecomunicaciones e Inform\u00e1ticos por centro (baremaci\u00f3n de la primera opci\u00f3n)<\/a><\/li>\n<li><a href=\"https:\/\/site.educa.madrid.org\/ies.satafi.getafe\/\/wp-content\/uploads\/ies.satafi.getafe\/2025\/07\/Listado_de_solicitudes_baremadas_centro-ME-.pdf\">Mantenimiento Electr\u00f3nico por centro (baremaci\u00f3n de la primera opci\u00f3n)<\/a><\/li>\n<li><a href=\"https:\/\/site.educa.madrid.org\/ies.satafi.getafe\/\/wp-content\/uploads\/ies.satafi.getafe\/2025\/07\/Listado_de_solicitudes_baremadas_centro-ER.pdf\">Energ\u00edas Renovables por centro (baremaci\u00f3n de la primera opci\u00f3n)\u00a0<\/a><\/li>\n<li><a href=\"https:\/\/site.educa.madrid.org\/ies.satafi.getafe\/\/wp-content\/uploads\/ies.satafi.getafe\/2025\/07\/Listado_de_solicitudes_baremadas_centro-ARI-.pdf\">Automatizaci\u00f3n y Rob\u00f3tica Industrial por centro (baremaci\u00f3n de la primera opci\u00f3n)\u00a0<\/a><\/li>\n<li><a href=\"https:\/\/site.educa.madrid.org\/ies.satafi.getafe\/\/wp-content\/uploads\/ies.satafi.getafe\/2025\/07\/Baremadas-Centros-Alternativos-AF-1.pdf\">Administraci\u00f3n y Finanzas de centros alternativos (baremaci\u00f3n de todas las opciones solicitadas)\u00a0<\/a><strong><br \/><\/strong><\/li>\n<li><a href=\"https:\/\/site.educa.madrid.org\/ies.satafi.getafe\/\/wp-content\/uploads\/ies.satafi.getafe\/2025\/07\/Baremadas-Centros-Alternativos-SEA-1.pdf\">Sistemas Electrot\u00e9cnicos y Automatizados de centros alternativos (baremaci\u00f3n de todas las opciones solicitadas)\u00a0<\/a><\/li>\n<li><a href=\"https:\/\/site.educa.madrid.org\/ies.satafi.getafe\/\/wp-content\/uploads\/ies.satafi.getafe\/2025\/07\/Baremadas-Centros-Alternativos-STI-1.pdf\">Sistemas de Telecomunicaciones e Inform\u00e1ticos de centros alternativos (baremaci\u00f3n de todas las opciones solicitadas)\u00a0<\/a><\/li>\n<li><a href=\"https:\/\/site.educa.madrid.org\/ies.satafi.getafe\/\/wp-content\/uploads\/ies.satafi.getafe\/2025\/07\/Baremadas-Centros-Alternativos-ME-1.pdf\">Mantenimiento Electr\u00f3nico de centros alternativos (baremaci\u00f3n de todas las opciones solicitadas)\u00a0<\/a><\/li>\n<li><a href=\"https:\/\/site.educa.madrid.org\/ies.satafi.getafe\/\/wp-content\/uploads\/ies.satafi.getafe\/2025\/07\/Baremadas-Centros-Alternativos-ER-1.pdf\">Energ\u00edas Renovables de centros alternativos (baremaci\u00f3n de todas las opciones solicitadas)\u00a0<\/a><\/li>\n<li><a href=\"https:\/\/site.educa.madrid.org\/ies.satafi.getafe\/\/wp-content\/uploads\/ies.satafi.getafe\/2025\/07\/Baremadas-Centros-Alternativos-ARI-1.pdf\">Automatizaci\u00f3n y Rob\u00f3tica Industrial de centros alternativos (baremaci\u00f3n de todas las opciones solicitadas)\u00a0<\/a><\/li>\n<\/ul>\n\n\n<div style=\"height:38px\" aria-hidden=\"true\" class=\"wp-block-spacer\"><\/div>\n\n\n\n<hr class=\"wp-block-separator has-alpha-channel-opacity\"\/>\n\n\n<div\n\t\t\t\n\t\t\tclass=\"so-widget-sow-editor so-widget-sow-editor-base\"\n\t\t\t\n\t\t>\n<div class=\"siteorigin-widget-tinymce textwidget\">\n\t<ul>\n<li>PLAZO \u00daNICO DE ADMISI\u00d3N: Las solicitudes de admisi\u00f3n a los Ciclos Formativos de Grado Superior se presentar\u00e1n desde el <strong>27 de junio al 4 de julio<\/strong> de 2025, ambas fechas incluidas.<\/li>\n<li><strong>PRESENTACI\u00d3N DE LA SOLICITUD<\/strong>\n<ul>\n<li>La solicitud de admisi\u00f3n se cumplimentar\u00e1 y presentar\u00e1 de forma preferente a trav\u00e9s de la <a href=\"https:\/\/raices.madrid.org\/secretariavirtual\/solicitudes\/#ADMS1\">secretar\u00eda virtual<\/a><\/li>\n<li>De forma excepcional se podr\u00e1 presentar de formar presencial, en la secretar\u00eda del centro, mediante la siguiente <em><a href=\"https:\/\/site.educa.madrid.org\/ies.satafi.getafe\/\/wp-content\/uploads\/ies.satafi.getafe\/2025\/06\/solicitud_gb_gm_gs_2025.pdf\">solicitud<\/a> <br \/><\/em><\/li>\n<\/ul>\n<\/li>\n<li><a href=\"https:\/\/site.educa.madrid.org\/ies.satafi.getafe\/\/wp-content\/uploads\/ies.satafi.getafe\/2025\/06\/2025_05_26_instrucciones_admision_cfgs_25_26_vf_copia.pdf\">Instrucciones de admisi\u00f3n a los Ciclos Formativos de Grado Superior<\/a><\/li>\n<li><a href=\"https:\/\/site.educa.madrid.org\/ies.satafi.getafe\/\/wp-content\/uploads\/ies.satafi.getafe\/2025\/06\/calendario_admision_gs_25-26.pdf\">Calendario de actuaciones<\/a><\/li>\n<li><a href=\"https:\/\/site.educa.madrid.org\/ies.satafi.getafe\/\/wp-content\/uploads\/ies.satafi.getafe\/2025\/06\/Oferta-ciclos-GS-2025_2026.pdf\">Oferta educativa<\/a>\n<ul>\n<li><strong>NOVEDAD. El ciclo formativo de Administraci\u00f3n y Finanzas (Primer curso) tendr\u00e1 turno vespertino. El Segundo curso se seguir\u00e1 impartiendo en turno diurno para el curso escolar 2025-2026 y para el curso 2026-2027 se impartir\u00e1 tambi\u00e9n en turno vespertino.<\/strong><\/li>\n<\/ul>\n<\/li>\n<li><a href=\"https:\/\/site.educa.madrid.org\/ies.satafi.getafe\/\/wp-content\/uploads\/ies.satafi.getafe\/2025\/07\/Plazas-Ofertadas-GSuperior.pdf\">Vacantes disponibles<\/a><\/li>\n<li><a href=\"https:\/\/site.educa.madrid.org\/ies.satafi.getafe\/\/wp-content\/uploads\/ies.satafi.getafe\/2025\/04\/Sorteo_publico_posibles_empates_2.pdf\">Resultado del sorteo para el desempate<\/a>\u00a0<\/li>\n<li><a href=\"https:\/\/www.comunidad.madrid\/servicios\/educacion\/admision-formacion-profesional\">Informaci\u00f3n de la Comunidad de Madrid.<\/a><\/li>\n<\/ul>\n<\/div>\n<\/div>","protected":false},"excerpt":{"rendered":"<p>CICLOS FORMATIVOS DE GRADO SUPERIOR. CURSO 2025-2026. MODALIDAD PRESENCIAL. Admisi\u00f3n FASE 3 Listado de vacantes Grado Superior septiembre Acta sorteo LISTADO DE ADMITIDOS GRADO MEDIO FASE 3 Los alumnos admitidos deber\u00e1n recoger el sobre de matr\u00edcula en la conserjer\u00eda del centro y realizar la matr\u00edcula los d\u00edas 10 y 11 de septiembre Listados definitivos de<\/p><\/div>\n<div class=\"blog-btn\"><a href=\"https:\/\/site.educa.madrid.org\/ies.satafi.getafe\/index.php\/secretaria\/admision-formacion-profesional\/admision-ciclos-formativos-de-grado-superior-modalida-presencial-2\/\" class=\"home-blog-btn\">Leer m\u00e1s<\/a><\/p>\n","protected":false},"author":3,"featured_media":0,"parent":3535,"menu_order":0,"comment_status":"closed","ping_status":"closed","template":"","meta":{"footnotes":""},"folder":[68],"class_list":["post-3555","page","type-page","status-publish","hentry"],"rttpg_featured_image_url":null,"rttpg_author":{"display_name":"ies.satafi.getafe","author_link":"https:\/\/site.educa.madrid.org\/ies.satafi.getafe\/index.php\/author\/cuenta_ies-satafi-getafe\/"},"rttpg_comment":0,"rttpg_category":" <a href=\"https:\/\/site.educa.madrid.org\/ies.satafi.getafe\/?taxonomy=folder&#038;term=admision-1688545914-3\" rel=\"tag\">Admisi\u00f3n<\/a>","rttpg_excerpt":"CICLOS FORMATIVOS DE GRADO SUPERIOR. CURSO 2025-2026. MODALIDAD PRESENCIAL. Admisi\u00f3n FASE 3 Listado de vacantes Grado Superior septiembre Acta sorteo LISTADO DE ADMITIDOS GRADO MEDIO FASE 3 Los alumnos admitidos deber\u00e1n recoger el sobre de matr\u00edcula en la conserjer\u00eda del centro y realizar la matr\u00edcula los d\u00edas 10 y 11 de septiembre Listados definitivos deLeer&hellip;","post_mailing_queue_ids":[],"_links":{"self":[{"href":"https:\/\/site.educa.madrid.org\/ies.satafi.getafe\/index.php\/wp-json\/wp\/v2\/pages\/3555","targetHints":{"allow":["GET"]}}],"collection":[{"href":"https:\/\/site.educa.madrid.org\/ies.satafi.getafe\/index.php\/wp-json\/wp\/v2\/pages"}],"about":[{"href":"https:\/\/site.educa.madrid.org\/ies.satafi.getafe\/index.php\/wp-json\/wp\/v2\/types\/page"}],"author":[{"embeddable":true,"href":"https:\/\/site.educa.madrid.org\/ies.satafi.getafe\/index.php\/wp-json\/wp\/v2\/users\/3"}],"replies":[{"embeddable":true,"href":"https:\/\/site.educa.madrid.org\/ies.satafi.getafe\/index.php\/wp-json\/wp\/v2\/comments?post=3555"}],"version-history":[{"count":50,"href":"https:\/\/site.educa.madrid.org\/ies.satafi.getafe\/index.php\/wp-json\/wp\/v2\/pages\/3555\/revisions"}],"predecessor-version":[{"id":9629,"href":"https:\/\/site.educa.madrid.org\/ies.satafi.getafe\/index.php\/wp-json\/wp\/v2\/pages\/3555\/revisions\/9629"}],"up":[{"embeddable":true,"href":"https:\/\/site.educa.madrid.org\/ies.satafi.getafe\/index.php\/wp-json\/wp\/v2\/pages\/3535"}],"wp:attachment":[{"href":"https:\/\/site.educa.madrid.org\/ies.satafi.getafe\/index.php\/wp-json\/wp\/v2\/media?parent=3555"}],"wp:term":[{"taxonomy":"folder","embeddable":true,"href":"https:\/\/site.educa.madrid.org\/ies.satafi.getafe\/index.php\/wp-json\/wp\/v2\/folder?post=3555"}],"curies":[{"name":"wp","href":"https:\/\/api.w.org\/{rel}","templated":true}]}}