{"id":4013,"date":"2023-10-09T10:53:37","date_gmt":"2023-10-09T08:53:37","guid":{"rendered":"https:\/\/site.educa.madrid.org\/ies.satafi.getafe\/?page_id=4013"},"modified":"2025-12-01T14:16:20","modified_gmt":"2025-12-01T13:16:20","slug":"proyecto-actividad-fisica-ipafd-2023-2024","status":"publish","type":"page","link":"https:\/\/site.educa.madrid.org\/ies.satafi.getafe\/index.php\/proyectos\/proyecto-actividad-fisica-ipafd-2023-2024\/","title":{"rendered":"Proyecto Actividad F\u00edsica (IPAFD) 2025\/26"},"content":{"rendered":"<p>El IES Satafi oferta actividades deportivas por la tarde, dentro del programa IPAFD, de institutos deportivos. Este a\u00f1o ofrecemos los deportes de voleibol, f\u00fatbol, baloncesto, tenis de mesa(ping-pong) y lucha.<\/p>\n<p>Seguimos animando a los alumnos de ESO y Bachillerato para que se apunten a esta actividad que permite a los alumnos ejercitar una actividad f\u00edsica con entrenadores de las federaciones correspondientes. Adem\u00e1s, aquellos alumnos inscritos obtendr\u00e1n una subida de nota en la parte de la asignatura de participaci\u00f3n diaria (consultar al profesor de educaci\u00f3n f\u00edsica).<\/p>\n<p>Las actividades comenzar\u00e1n en OCTUBRE.<\/p>\n<p style=\"text-align: center;\"><span style=\"color: #ff0000;\"><strong>\u00a1TODAV\u00cdA POD\u00c9IS APUNTAROS!<\/strong><\/span><\/p>\n<p>Los deportes y horarios son los siguientes:<\/p>\n\n\n<figure class=\"wp-block-table\"><table><tbody><tr><td><strong>DEPORTE<\/strong><\/td><td class=\"has-text-align-center\" data-align=\"center\"><strong>D\u00cdA<\/strong><\/td><td class=\"has-text-align-center\" data-align=\"center\"><strong>HORARIO<\/strong><\/td><\/tr><tr><td>LUCHA<\/td><td class=\"has-text-align-center\" data-align=\"center\">MARTES Y JUEVES<\/td><td class=\"has-text-align-center\" data-align=\"center\">16:30 &#8211; 18:00<\/td><\/tr><tr><td>BALONCESTO<\/td><td class=\"has-text-align-center\" data-align=\"center\">LUNES Y MI\u00c9RCOLES<\/td><td class=\"has-text-align-center\" data-align=\"center\">16:30 &#8211; 18:00<\/td><\/tr><tr><td>F\u00daTBOL<\/td><td class=\"has-text-align-center\" data-align=\"center\">LUNES Y MI\u00c9RCOLES <\/td><td class=\"has-text-align-center\" data-align=\"center\">16:30 &#8211; 18:00<\/td><\/tr><tr><td> VOLEIBOL<\/td><td class=\"has-text-align-center\" data-align=\"center\">MARTES Y JUEVES<\/td><td class=\"has-text-align-center\" data-align=\"center\">16:30 &#8211; 18:00<\/td><\/tr><tr><td>TENIS DE MESA<\/td><td class=\"has-text-align-center\" data-align=\"center\">MARTES Y JUEVES<\/td><td class=\"has-text-align-center\" data-align=\"center\">16:30 &#8211; 18:00<\/td><\/tr><\/tbody><\/table><\/figure>\n\n\n\n<p>Los alumnos participantes deben rellenar una ficha que se encuentra en Jefatura de Estudios. En esa ficha indica c\u00f3mo realizar el pago de 14 \u20ac que cuesta la actividad durante todo el curso. Es un pago \u00fanico, no mensual. <strong><em>\u00a1PUEDES APUNTARTE A DOS DEPORTES TODO EL A\u00d1O POR TAN SOLO 14 EUROS!<\/em><\/strong><\/p>\n\n\n\n<p><strong>IMPORTE<\/strong>: 14 EUROS ANUALES.<\/p>\n\n\n\n<p><strong>BANCO<\/strong>: CAJA RURAL DE JA\u00c9N (NOVANCA)<\/p>\n\n\n\n<p><strong>TITULAR<\/strong>: Asociaci\u00f3n de Madres y Padres de Alumnos del IES Satafi.<\/p>\n\n\n\n<p><strong>N\u00ba CUENTA<\/strong>: ES37 3067 0163 1428 1267 5623<\/p>\n\n\n\n<p><strong>CONCEPTO<\/strong>: NOMBRE DEL ALUMNO COMPLETO + CURSO  <span style=\"color: #ff0000;\"><strong>\u00a1\u00a1MUY IMPORTANTE\u00a1\u00a1<\/strong><\/span><\/p>\n\n\n\n<p><\/p>\n","protected":false},"excerpt":{"rendered":"<p>El IES Satafi oferta actividades deportivas por la tarde, dentro del programa IPAFD, de institutos deportivos. Este a\u00f1o ofrecemos los deportes de voleibol, f\u00fatbol, baloncesto, tenis de mesa(ping-pong) y lucha. Seguimos animando a los alumnos de ESO y Bachillerato para que se apunten a esta actividad que permite a los alumnos ejercitar una actividad f\u00edsica<\/p><\/div>\n<div class=\"blog-btn\"><a href=\"https:\/\/site.educa.madrid.org\/ies.satafi.getafe\/index.php\/proyectos\/proyecto-actividad-fisica-ipafd-2023-2024\/\" class=\"home-blog-btn\">Leer m\u00e1s<\/a><\/p>\n","protected":false},"author":3,"featured_media":0,"parent":886,"menu_order":0,"comment_status":"closed","ping_status":"closed","template":"","meta":{"footnotes":""},"folder":[],"class_list":["post-4013","page","type-page","status-publish","hentry"],"rttpg_featured_image_url":null,"rttpg_author":{"display_name":"ies.satafi.getafe","author_link":"https:\/\/site.educa.madrid.org\/ies.satafi.getafe\/index.php\/author\/cuenta_ies-satafi-getafe\/"},"rttpg_comment":0,"rttpg_category":false,"rttpg_excerpt":"El IES Satafi oferta actividades deportivas por la tarde, dentro del programa IPAFD, de institutos deportivos. Este a\u00f1o ofrecemos los deportes de voleibol, f\u00fatbol, baloncesto, tenis de mesa(ping-pong) y lucha. Seguimos animando a los alumnos de ESO y Bachillerato para que se apunten a esta actividad que permite a los alumnos ejercitar una actividad f\u00edsicaLeer&hellip;","post_mailing_queue_ids":[],"_links":{"self":[{"href":"https:\/\/site.educa.madrid.org\/ies.satafi.getafe\/index.php\/wp-json\/wp\/v2\/pages\/4013","targetHints":{"allow":["GET"]}}],"collection":[{"href":"https:\/\/site.educa.madrid.org\/ies.satafi.getafe\/index.php\/wp-json\/wp\/v2\/pages"}],"about":[{"href":"https:\/\/site.educa.madrid.org\/ies.satafi.getafe\/index.php\/wp-json\/wp\/v2\/types\/page"}],"author":[{"embeddable":true,"href":"https:\/\/site.educa.madrid.org\/ies.satafi.getafe\/index.php\/wp-json\/wp\/v2\/users\/3"}],"replies":[{"embeddable":true,"href":"https:\/\/site.educa.madrid.org\/ies.satafi.getafe\/index.php\/wp-json\/wp\/v2\/comments?post=4013"}],"version-history":[{"count":15,"href":"https:\/\/site.educa.madrid.org\/ies.satafi.getafe\/index.php\/wp-json\/wp\/v2\/pages\/4013\/revisions"}],"predecessor-version":[{"id":10220,"href":"https:\/\/site.educa.madrid.org\/ies.satafi.getafe\/index.php\/wp-json\/wp\/v2\/pages\/4013\/revisions\/10220"}],"up":[{"embeddable":true,"href":"https:\/\/site.educa.madrid.org\/ies.satafi.getafe\/index.php\/wp-json\/wp\/v2\/pages\/886"}],"wp:attachment":[{"href":"https:\/\/site.educa.madrid.org\/ies.satafi.getafe\/index.php\/wp-json\/wp\/v2\/media?parent=4013"}],"wp:term":[{"taxonomy":"folder","embeddable":true,"href":"https:\/\/site.educa.madrid.org\/ies.satafi.getafe\/index.php\/wp-json\/wp\/v2\/folder?post=4013"}],"curies":[{"name":"wp","href":"https:\/\/api.w.org\/{rel}","templated":true}]}}