{"id":8617,"date":"2025-05-24T12:43:07","date_gmt":"2025-05-24T10:43:07","guid":{"rendered":"https:\/\/site.educa.madrid.org\/ies.satafi.getafe\/?page_id=8617"},"modified":"2025-07-22T08:24:55","modified_gmt":"2025-07-22T06:24:55","slug":"fct-ffe-y-proyecto","status":"publish","type":"page","link":"https:\/\/site.educa.madrid.org\/ies.satafi.getafe\/index.php\/fct-ffe-y-proyecto\/","title":{"rendered":"FCT y Proyecto (Plan antiguo)"},"content":{"rendered":"<div\n\t\t\t\n\t\t\tclass=\"so-widget-sow-editor so-widget-sow-editor-base\"\n\t\t\t\n\t\t>\n<div class=\"siteorigin-widget-tinymce textwidget\">\n\t<div class=\"entry-content\">\n<p><span style=\"color: #000000;\">Los m\u00f3dulos de FCT (Formaci\u00f3n en centros de trabajo) y \u201cProyecto\u201d presentan las siguientes caracter\u00edsticas en todos los Ciclos formativos de FP, modalidad a distancia:<\/span><\/p>\n<p><span style=\"color: #000000;\">Estos m\u00f3dulos se realizan en dos per\u00edodos:<\/span><\/p>\n<ul>\n<li><span style=\"color: #000000;\">Primer periodo: octubre \u2013 diciembre (aproximadamente) preferentemente, para los alumnos que tienen todos los m\u00f3dulos aprobados.<\/span><\/li>\n<\/ul>\n<ul>\n<li><span style=\"color: #000000;\">Segundo periodo: marzo &#8211; junio (aproximadamente), para los alumnos que los hayan realizado en el primer periodo.<br \/><\/span><\/li>\n<\/ul>\n<p><strong><span style=\"color: #333399;\">La matr\u00edcula en esos m\u00f3dulos no tiene coste alguno<\/span><\/strong>,<span style=\"color: #000000;\">es decir el alumno no tiene que abonar tasas por ellos.<\/span><\/p>\n<p><strong><span style=\"color: #333399;\">El m\u00f3dulo de Proyecto no se puede convalidar<\/span><\/strong> . <span style=\"color: #000000;\">Para poderlo superar existen<\/span> <strong><span style=\"color: #333399;\">cuatro<\/span><\/strong> <span style=\"color: #000000;\">convocatorias.<\/span><\/p>\n<p><span style=\"color: #000000;\">Del m\u00f3dulo de FCT (del que existen<\/span> <strong><span style=\"color: #333399;\">dos<\/span><\/strong> <span style=\"color: #000000;\">convocatorias para poderlo superar) se puede pedir exenci\u00f3n o aplazamiento.<\/span><\/p>\n<h3><strong><span style=\"color: #333399;\">\u00bfQU\u00c9 ES LA FCT? \u00bfC\u00d3MO ACCEDO AL M\u00d3DULO?<\/span><\/strong><\/h3>\n<p><span style=\"color: #000000;\">La Formaci\u00f3n en Centros de Trabajo (FCT)\u00a0es un m\u00f3dulo transversa<\/span>l <strong><span style=\"color: #333399;\">obligatorio<\/span><\/strong> <span style=\"color: #000000;\">de los Ciclos Formativos de Formaci\u00f3n Profesional que los alumnos cursan en empresas. Es lo que conocemos com\u00fanmente como<\/span> <strong><span style=\"color: #333399;\">pr\u00e1cticas en empresas<\/span><\/strong>. <span style=\"color: #000000;\">Son obligatorias y programadas previo convenio con las entidades colaboradoras que permitir\u00e1n al alumno:<\/span><\/p>\n<p><span style=\"color: #000000;\">Realizar\u00e1n sus pr\u00e1cticas en empresa\u00a0 (FCT), y en su caso, al m\u00f3dulo de Proyecto, los alumnos que tengan superados todos los m\u00f3dulos profesionales de formaci\u00f3n en el centro educativo.:<\/span><\/p>\n<h3><strong><span style=\"color: #333399;\">\u00bfPUEDO SOLICITAR LA EXENCI\u00d3N? \u00bfQU\u00c9 TENGO QUE HACER?<\/span><\/strong><\/h3>\n<p><strong><span style=\"color: #333399;\">Puedes solicitar la exenci\u00f3n del m\u00f3dulo de FCT si:<\/span><\/strong><\/p>\n<ol>\n<li><strong><span style=\"color: #333399;\">Est\u00e1 promocionado a FCT por haber superado todos los m\u00f3dulos.<\/span><\/strong><\/li>\n<li><strong><span style=\"color: #333399;\">Est\u00e1s matriculado<\/span><\/strong><span style=\"color: #000000;\"> en dicho m\u00f3dulo.<\/span><\/li>\n<li><span style=\"color: #000000;\">\u00a0Y acreditas<\/span> <span style=\"color: #333399;\"><strong>una experiencia laboral m\u00ednima de un a\u00f1o<\/strong><\/span> <span style=\"color: #000000;\">relacionada con el ciclo formativo que est\u00e9s cursando, dentro de los \u00faltimos 5 a\u00f1os. Esta experiencia laboral debe garantizar que has alcanzado los resultados de aprendizaje del m\u00f3dulo FCT recogidos en el Real Decreto (RD) del t\u00edtulo.\u00a0\u00a0<\/span><\/li>\n<\/ol>\n<p><span style=\"color: #333399;\"><strong>\u00bfC\u00f3mo se solicita?<\/strong><\/span><\/p>\n<p><span style=\"color: #000000;\">Tramita la\u00a0solicitud en la Secretar\u00eda de nuestro centro<\/span> <strong><span style=\"color: #333399;\">hasta dos meses<\/span><\/strong> <span style=\"color: #000000;\">antes del inicio.\u00a0No olvides incluir toda la documentaci\u00f3n necesaria. El alumno que quiera solicitar la renuncia a convocatorias debe entregar la siguiente solicitud en persona en la secretar\u00eda del centro o a trav\u00e9s del aula virtual de Secretar\u00eda.<\/span><\/p>\n<p><span style=\"color: #333399;\"><strong>\u00bfQu\u00e9 documentaci\u00f3n necesito?<\/strong><\/span><\/p>\n<p><span style=\"color: #000000;\">Adem\u00e1s de la<\/span> <strong><span style=\"color: #333399;\">solicitud\u00a0de exenci\u00f3n<\/span><\/strong>, <span style=\"color: #000000;\">que puedes descargar de nuestra web<a style=\"color: #000000;\" href=\"https:\/\/ignacioellacuria.es\/fct-y-proyecto\/\" target=\"_blank\" rel=\"noreferrer noopener\">,<\/a> secci\u00f3n Secretar\u00eda&gt; Impresos necesitar\u00e1s aportar tu<\/span> <span style=\"color: #333399;\"><strong>informe de<\/strong><strong>vida laboral<\/strong><\/span>,\u00a0<span style=\"color: #000000;\"> y un<\/span> <strong><span style=\"color: #333399;\">certificado\u00a0de empresa<\/span><\/strong> <span style=\"color: #000000;\">en el que consten las funciones realizadas.\u00a0<\/span><\/p>\n<p><strong><span style=\"color: #333399;\">\u00bfC\u00f3mo se resuelve?\u00a0<\/span><\/strong><\/p>\n<p><span style=\"color: #000000;\">El director de nuestro centro, a la vista del informe valorativo emitido por el equipo docente del ciclo formativo, resolver\u00e1 tu solicitud y se te comunicar\u00e1 la resoluci\u00f3n antes del inicio del m\u00f3dulo FCT, indic\u00e1ndote si es total o parcial, y en este \u00faltimo caso la duraci\u00f3n y tareas a realizar.<\/span><\/p>\n<\/div>\n<p><strong><span style=\"color: #993366;\">\u00a0<\/span><\/strong><\/p>\n<div class=\"entry-content\">\n<div class=\"wp-block-buttons is-layout-flex wp-block-buttons-is-layout-flex\">\n<div class=\"wp-block-button has-custom-font-size has-small-font-size\">\u00a0<\/div>\n<\/div>\n<div class=\"wp-block-spacer\" aria-hidden=\"true\">\u00a0<\/div>\n<\/div>\n<\/div>\n<\/div>","protected":false},"excerpt":{"rendered":"","protected":false},"author":3,"featured_media":0,"parent":0,"menu_order":0,"comment_status":"closed","ping_status":"closed","template":"","meta":{"footnotes":""},"folder":[31],"class_list":["post-8617","page","type-page","status-publish","hentry"],"rttpg_featured_image_url":null,"rttpg_author":{"display_name":"ies.satafi.getafe","author_link":"https:\/\/site.educa.madrid.org\/ies.satafi.getafe\/index.php\/author\/cuenta_ies-satafi-getafe\/"},"rttpg_comment":0,"rttpg_category":" <a href=\"https:\/\/site.educa.madrid.org\/ies.satafi.getafe\/?taxonomy=folder&#038;term=fpad-1650449529\" rel=\"tag\">FP Virtual<\/a>","rttpg_excerpt":null,"post_mailing_queue_ids":[],"_links":{"self":[{"href":"https:\/\/site.educa.madrid.org\/ies.satafi.getafe\/index.php\/wp-json\/wp\/v2\/pages\/8617","targetHints":{"allow":["GET"]}}],"collection":[{"href":"https:\/\/site.educa.madrid.org\/ies.satafi.getafe\/index.php\/wp-json\/wp\/v2\/pages"}],"about":[{"href":"https:\/\/site.educa.madrid.org\/ies.satafi.getafe\/index.php\/wp-json\/wp\/v2\/types\/page"}],"author":[{"embeddable":true,"href":"https:\/\/site.educa.madrid.org\/ies.satafi.getafe\/index.php\/wp-json\/wp\/v2\/users\/3"}],"replies":[{"embeddable":true,"href":"https:\/\/site.educa.madrid.org\/ies.satafi.getafe\/index.php\/wp-json\/wp\/v2\/comments?post=8617"}],"version-history":[{"count":8,"href":"https:\/\/site.educa.madrid.org\/ies.satafi.getafe\/index.php\/wp-json\/wp\/v2\/pages\/8617\/revisions"}],"predecessor-version":[{"id":9468,"href":"https:\/\/site.educa.madrid.org\/ies.satafi.getafe\/index.php\/wp-json\/wp\/v2\/pages\/8617\/revisions\/9468"}],"wp:attachment":[{"href":"https:\/\/site.educa.madrid.org\/ies.satafi.getafe\/index.php\/wp-json\/wp\/v2\/media?parent=8617"}],"wp:term":[{"taxonomy":"folder","embeddable":true,"href":"https:\/\/site.educa.madrid.org\/ies.satafi.getafe\/index.php\/wp-json\/wp\/v2\/folder?post=8617"}],"curies":[{"name":"wp","href":"https:\/\/api.w.org\/{rel}","templated":true}]}}