{"id":12453,"date":"2026-09-01T18:05:31","date_gmt":"2026-09-01T16:05:31","guid":{"rendered":"https:\/\/site.educa.madrid.org\/ies.sigloveintiuno.leganes\/?page_id=12453"},"modified":"2026-09-02T13:34:02","modified_gmt":"2026-09-02T11:34:02","slug":"calendario-inicio-de-clases-curso-2026-2027","status":"publish","type":"page","link":"https:\/\/site.educa.madrid.org\/ies.sigloveintiuno.leganes\/index.php\/calendario-inicio-de-clases-curso-2026-2027\/","title":{"rendered":"CALENDARIO INICIO DE CLASES CURSO 2026-2027"},"content":{"rendered":"<div id=\"pl-12453\"  class=\"panel-layout\" ><div id=\"pg-12453-0\"  class=\"panel-grid panel-no-style\" ><div id=\"pgc-12453-0-0\"  class=\"panel-grid-cell\" ><div id=\"panel-12453-0-0-0\" class=\"so-panel widget widget_text panel-first-child panel-last-child\" data-index=\"0\" ><h3 class=\"widget-title\">CALENDARIO INICIO DE CURSO 2026-2027<\/h3>\t\t\t<div class=\"textwidget\"><p><strong><u>Lunes 7 de septiembre de 2026:<\/u><\/strong><\/p>\n<ul>\n<li>17:15 h. Acogida familias 1\u00ba ESO por el equipo el directivo.<\/li>\n<\/ul>\n<p><strong><u>Martes 8 de septiembre de 2026:<\/u><\/strong><\/p>\n<ul>\n<li>10:00 h. Acogida del alumnado de 1\u00ba ESO por parte del Equipo Directivo.<\/li>\n<li>10:30 Acogida del alumnado de 1\u00ba ESO por los alumnos ayudantes. Actividades de cohesi\u00f3n grupal y convivencia.<\/li>\n<\/ul>\n<p><strong><u>Mi\u00e9rcoles\u00a0 9 de septiembre de 2026:<\/u><\/strong><\/p>\n<ul>\n<li>09:00 h. Publicaci\u00f3n listado de alumnos de 1\u00ba ESO.<\/li>\n<li>09:30 h. Acogida del alumnado de 1\u00ba ESO por sus tutores y toma de fotograf\u00edas por grupos en secretar\u00eda seg\u00fan horario publicado.<\/li>\n<\/ul>\n<p><strong><u>Jueves\u00a0 10 de septiembre de 2026:<\/u><\/strong><\/p>\n<ul>\n<li>10:00 h. Acogida del alumnado de 1\u00ba ESO por parte de los departamentos de Lengua Castellana (10:00 &#8211; 10:45) y de Matem\u00e1ticas (11:00 &#8211; 11:45).<\/li>\n<li>10:30 h. Publicaci\u00f3n listado de alumnos de 2\u00ba ESO.<\/li>\n<li>11:00 h. Acogida del alumnado de cada grupo de 2\u00ba ESO por sus tutores.<\/li>\n<li>15:00 h. Acogida del alumnado de CFGM y CFGS del turno vespertino por sus tutores. Toma de fotograf\u00edas para alumnos de 1\u00ba de CFGM y 1\u00ba de CFGS\u00a0 seg\u00fan horario publicado.<\/li>\n<\/ul>\n<p><strong><u>Viernes\u00a0 11 de septiembre de 2026:<\/u><\/strong><\/p>\n<ul>\n<li>8:30 h. Publicaci\u00f3n listado de alumnos de 3\u00ba ESO, 4\u00ba ESO, Bachillerato y CAE.<\/li>\n<li>09:00 h. Acogida del alumnado de 1\u00ba y 2\u00ba BCH por sus tutores.<\/li>\n<li>09:00 h. Acogida del alumnado de 1\u00ba ESO por parte del departamento de ingl\u00e9s.<\/li>\n<li>10:00 h. Pruebas de nivel de Lengua Castellana (10:00 &#8211; 11:00) y de Matem\u00e1ticas (11:30 &#8211; 12:30) del alumnado de 1\u00ba y 2\u00ba ESO.<\/li>\n<li>11:00 h. Acogida del alumnado de 3\u00ba y 4\u00ba ESO por sus tutores.<\/li>\n<li>11:00 h. Acogida del alumnado de CFGM del turno diurno por sus tutores. Toma de fotograf\u00edas para alumnos de 1\u00ba seg\u00fan horario publicado.<\/li>\n<li>12:00 h. Acogida del alumnado de CFGS del turno diurno por sus tutores. Toma de fotograf\u00edas para alumnos de 1\u00ba seg\u00fan horario publicado.<\/li>\n<\/ul>\n<p><strong><u>\u00a0<\/u><\/strong><strong><u>Lunes\u00a0 14\u00a0 de septiembre de 2026:<\/u><\/strong><\/p>\n<ul>\n<li>09:20 h. Los tutores entregan horarios a sus grupos en el aula de referencia.<\/li>\n<li>10:15 h. Inicio actividades lectivas con normalidad en turno diurno.<\/li>\n<li>15:15 h. Los tutores entregan horarios a sus grupos en el aula de referencia.<\/li>\n<li>16:20 h. Inicio actividades lectivas con normalidad en turno vespertino.<\/li>\n<\/ul>\n<p>Feliz curso a todos y todas.<\/p>\n<p>&nbsp;<\/p>\n<p>&nbsp;<\/p>\n<\/div>\n\t\t<\/div><\/div><\/div><\/div>","protected":false},"excerpt":{"rendered":"<p>Lunes 7 de septiembre de 2026: 17:15 h. Acogida familias 1\u00ba ESO por el equipo el directivo. Martes 8 de septiembre de 2026: 10:00 h. Acogida del alumnado de 1\u00ba ESO por parte del Equipo Directivo. 10:30 Acogida del alumnado de 1\u00ba ESO por los alumnos ayudantes. Actividades de cohesi\u00f3n grupal y convivencia. Mi\u00e9rcoles\u00a0 9 [&hellip;]<\/p>\n","protected":false},"author":3,"featured_media":0,"parent":0,"menu_order":0,"comment_status":"closed","ping_status":"closed","template":"","meta":{"footnotes":""},"folder":[],"class_list":["post-12453","page","type-page","status-publish","hentry"],"rttpg_featured_image_url":null,"rttpg_author":{"display_name":"IES SIGLO XXI","author_link":"https:\/\/site.educa.madrid.org\/ies.sigloveintiuno.leganes\/index.php\/author\/cuenta_ies-sigloveintiuno-leganes\/"},"rttpg_comment":0,"rttpg_category":false,"rttpg_excerpt":"Lunes 7 de septiembre de 2026: 17:15 h. Acogida familias 1\u00ba ESO por el equipo el directivo. Martes 8 de septiembre de 2026: 10:00 h. Acogida del alumnado de 1\u00ba ESO por parte del Equipo Directivo. 10:30 Acogida del alumnado de 1\u00ba ESO por los alumnos ayudantes. Actividades de cohesi\u00f3n grupal y convivencia. Mi\u00e9rcoles\u00a0 9&hellip;","post_mailing_queue_ids":[],"_links":{"self":[{"href":"https:\/\/site.educa.madrid.org\/ies.sigloveintiuno.leganes\/index.php\/wp-json\/wp\/v2\/pages\/12453","targetHints":{"allow":["GET"]}}],"collection":[{"href":"https:\/\/site.educa.madrid.org\/ies.sigloveintiuno.leganes\/index.php\/wp-json\/wp\/v2\/pages"}],"about":[{"href":"https:\/\/site.educa.madrid.org\/ies.sigloveintiuno.leganes\/index.php\/wp-json\/wp\/v2\/types\/page"}],"author":[{"embeddable":true,"href":"https:\/\/site.educa.madrid.org\/ies.sigloveintiuno.leganes\/index.php\/wp-json\/wp\/v2\/users\/3"}],"replies":[{"embeddable":true,"href":"https:\/\/site.educa.madrid.org\/ies.sigloveintiuno.leganes\/index.php\/wp-json\/wp\/v2\/comments?post=12453"}],"version-history":[{"count":5,"href":"https:\/\/site.educa.madrid.org\/ies.sigloveintiuno.leganes\/index.php\/wp-json\/wp\/v2\/pages\/12453\/revisions"}],"predecessor-version":[{"id":12471,"href":"https:\/\/site.educa.madrid.org\/ies.sigloveintiuno.leganes\/index.php\/wp-json\/wp\/v2\/pages\/12453\/revisions\/12471"}],"wp:attachment":[{"href":"https:\/\/site.educa.madrid.org\/ies.sigloveintiuno.leganes\/index.php\/wp-json\/wp\/v2\/media?parent=12453"}],"wp:term":[{"taxonomy":"folder","embeddable":true,"href":"https:\/\/site.educa.madrid.org\/ies.sigloveintiuno.leganes\/index.php\/wp-json\/wp\/v2\/folder?post=12453"}],"curies":[{"name":"wp","href":"https:\/\/api.w.org\/{rel}","templated":true}]}}

<div id="pl-12453"  class="panel-layout" ><div id="pg-12453-0"  class="panel-grid panel-no-style" ><div id="pgc-12453-0-0"  class="panel-grid-cell" ><div id="panel-12453-0-0-0" class="so-panel widget widget_text panel-first-child panel-last-child" data-index="0" ><h3 class="widget-title">CALENDARIO INICIO DE CURSO 2026-2027</h3>			<div class="textwidget"><p><strong><u>Lunes 7 de septiembre de 2026:</u></strong></p>
<ul>
<li>17:15 h. Acogida familias 1º ESO por el equipo el directivo.</li>
</ul>
<p><strong><u>Martes 8 de septiembre de 2026:</u></strong></p>
<ul>
<li>10:00 h. Acogida del alumnado de 1º ESO por parte del Equipo Directivo.</li>
<li>10:30 Acogida del alumnado de 1º ESO por los alumnos ayudantes. Actividades de cohesión grupal y convivencia.</li>
</ul>
<p><strong><u>Miércoles  9 de septiembre de 2026:</u></strong></p>
<ul>
<li>09:00 h. Publicación listado de alumnos de 1º ESO.</li>
<li>09:30 h. Acogida del alumnado de 1º ESO por sus tutores y toma de fotografías por grupos en secretaría según horario publicado.</li>
</ul>
<p><strong><u>Jueves  10 de septiembre de 2026:</u></strong></p>
<ul>
<li>10:00 h. Acogida del alumnado de 1º ESO por parte de los departamentos de Lengua Castellana (10:00 &#8211; 10:45) y de Matemáticas (11:00 &#8211; 11:45).</li>
<li>10:30 h. Publicación listado de alumnos de 2º ESO.</li>
<li>11:00 h. Acogida del alumnado de cada grupo de 2º ESO por sus tutores.</li>
<li>15:00 h. Acogida del alumnado de CFGM y CFGS del turno vespertino por sus tutores. Toma de fotografías para alumnos de 1º de CFGM y 1º de CFGS  según horario publicado.</li>
</ul>
<p><strong><u>Viernes  11 de septiembre de 2026:</u></strong></p>
<ul>
<li>8:30 h. Publicación listado de alumnos de 3º ESO, 4º ESO, Bachillerato y CAE.</li>
<li>09:00 h. Acogida del alumnado de 1º y 2º BCH por sus tutores.</li>
<li>09:00 h. Acogida del alumnado de 1º ESO por parte del departamento de inglés.</li>
<li>10:00 h. Pruebas de nivel de Lengua Castellana (10:00 &#8211; 11:00) y de Matemáticas (11:30 &#8211; 12:30) del alumnado de 1º y 2º ESO.</li>
<li>11:00 h. Acogida del alumnado de 3º y 4º ESO por sus tutores.</li>
<li>11:00 h. Acogida del alumnado de CFGM del turno diurno por sus tutores. Toma de fotografías para alumnos de 1º según horario publicado.</li>
<li>12:00 h. Acogida del alumnado de CFGS del turno diurno por sus tutores. Toma de fotografías para alumnos de 1º según horario publicado.</li>
</ul>
<p><strong><u> </u></strong><strong><u>Lunes  14  de septiembre de 2026:</u></strong></p>
<ul>
<li>09:20 h. Los tutores entregan horarios a sus grupos en el aula de referencia.</li>
<li>10:15 h. Inicio actividades lectivas con normalidad en turno diurno.</li>
<li>15:15 h. Los tutores entregan horarios a sus grupos en el aula de referencia.</li>
<li>16:20 h. Inicio actividades lectivas con normalidad en turno vespertino.</li>
</ul>
<p>Feliz curso a todos y todas.</p>
<p>&nbsp;</p>
<p>&nbsp;</p>
</div>
		</div></div></div></div>

<p>Lunes 7 de septiembre de 2026: 17:15 h. Acogida familias 1º ESO por el equipo el directivo. Martes 8 de septiembre de 2026: 10:00 h. Acogida del alumnado de 1º ESO por parte del Equipo Directivo. 10:30 Acogida del alumnado de 1º ESO por los alumnos ayudantes. Actividades de cohesión grupal y convivencia. Miércoles  9 [&hellip;]</p>

Lunes 7 de septiembre de 2026: 17:15 h. Acogida familias 1º ESO por el equipo el directivo. Martes 8 de septiembre de 2026: 10:00 h. Acogida del alumnado de 1º ESO por parte del Equipo Directivo. 10:30 Acogida del alumnado de 1º ESO por los alumnos ayudantes. Actividades de cohesión grupal y convivencia. Miércoles  9&hellip;
