{"id":2183,"date":"2024-04-08T10:50:16","date_gmt":"2024-04-08T08:50:16","guid":{"rendered":"https:\/\/site.educa.madrid.org\/ies.tiernogalvan.parla\/?page_id=2183"},"modified":"2024-11-23T07:56:38","modified_gmt":"2024-11-23T06:56:38","slug":"dptos-de-fp","status":"publish","type":"page","link":"https:\/\/site.educa.madrid.org\/ies.tiernogalvan.parla\/index.php\/dptos-general\/dptos-de-fp\/","title":{"rendered":"Dptos. de Familias Profesionales"},"content":{"rendered":"<div id=\"pl-2183\"  class=\"panel-layout\" ><div id=\"pg-2183-0\"  class=\"panel-grid panel-has-style\" ><div class=\"siteorigin-panels-stretch panel-row-style panel-row-style-for-2183-0\" data-stretch-type=\"full-width-stretch\" ><div id=\"pgc-2183-0-0\"  class=\"panel-grid-cell\" ><div id=\"panel-2183-0-0-0\" class=\"so-panel widget widget_sow-headline panel-first-child panel-last-child\" data-index=\"0\" ><div class=\"panel-widget-style panel-widget-style-for-2183-0-0-0\" ><div\n\t\t\t\n\t\t\tclass=\"so-widget-sow-headline so-widget-sow-headline-default-e55f809b2d23-2183\"\n\t\t\t\n\t\t><div class=\"sow-headline-container \">\n\t\t\t\t\t\t\t<h2 class=\"sow-headline\">\n\t\t\t\t\t\tDepartamentos de Familias Profesionales\t\t\t\t\t\t<\/h2>\n\t\t\t\t\t\t\t\t\t\t\t<div class=\"decoration\">\n\t\t\t\t\t\t<div class=\"decoration-inside\"><\/div>\n\t\t\t\t\t<\/div>\n\t\t\t\t\t<\/div>\n<\/div><\/div><\/div><\/div><\/div><\/div><div id=\"pg-2183-1\"  class=\"panel-grid panel-has-style\" ><div class=\"siteorigin-panels-stretch panel-row-style panel-row-style-for-2183-1\" data-stretch-type=\"full-width-stretch\" ><div id=\"pgc-2183-1-0\"  class=\"panel-grid-cell\" ><div id=\"panel-2183-1-0-0\" class=\"so-panel widget widget_sow-icon panel-first-child panel-last-child\" data-index=\"1\" ><div\n\t\t\t\n\t\t\tclass=\"so-widget-sow-icon so-widget-sow-icon-default-9afb56f43b30-2183\"\n\t\t\t\n\t\t>\n<div class=\"sow-icon-container sow-icon\">\n\t\t\t<a href=\"https:\/\/site.educa.madrid.org\/ies.tiernogalvan.parla\/index.php\/dptos-general\/\" >\n\t\t\t<span class=\"sow-icon-typicons\" data-sow-icon=\"&#xe005;\"\n\t\t title=\"Volver\"\n\t\taria-hidden=\"true\"><\/span>\t\t\t<\/a>\n\t<\/div>\n<\/div><\/div><\/div><div id=\"pgc-2183-1-1\"  class=\"panel-grid-cell panel-grid-cell-mobile-last\" ><div id=\"panel-2183-1-1-0\" class=\"so-panel widget widget_sow-features panel-first-child panel-last-child\" data-index=\"2\" ><div\n\t\t\t\n\t\t\tclass=\"so-widget-sow-features so-widget-sow-features-default-c08a59a8cf34-2183\"\n\t\t\t\n\t\t>\n<div class=\"sow-features-list sow-features-responsive\">\n\n\t\t\t\t\t\t\t\t\t<div\n\t\t\t\tclass=\"sow-features-feature sow-icon-container-position-top\"\n\t\t\t\tstyle=\"display: flex; flex-direction: column; width: calc(25% - 25px);\"\n\t\t\t>\n\t\t\t\n\t\t\t\t\t\t\t\t\t<a\n\t\t\t\t\t\thref=\"https:\/\/site.educa.madrid.org\/ies.tiernogalvan.parla\/index.php\/dptos-general\/dptos-de-fp\/administracion-y-gestion\/\"\n\t\t\t\t\t\t\t\t\t\t\t>\n\t\t\t\t\t\t\t\t<div\n\t\t\t\t\tclass=\"sow-icon-container sow-container-none\"\n\t\t\t\t\tstyle=\"color: #404040; \"\n\t\t\t\t\ttitle=\"Administraci\u00f3n y Gesti\u00f3n\"\t\t\t\t>\n\t\t\t\t\t<div class=\"sow-icon-image\" style=\"background-image: url(https:\/\/site.educa.madrid.org\/ies.tiernogalvan.parla\/\/wp-content\/uploads\/ies.tiernogalvan.parla\/2024\/04\/18-1.png); font-size: 150px\"><\/div>\t\t\t\t<\/div>\n\t\t\t\t\t\t\t\t\t<\/a>\n\t\t\t\t\t\n\t\t\t\t<div class=\"textwidget\">\n\t\t\t\t\t\n\t\t\t\t\t\t\t\t\t\t\t<h5>\n\t\t\t\t\t\t\t\t\t\t\t\t\t\t\t<a\n\t\t\t\t\t\t\t\t\thref=\"https:\/\/site.educa.madrid.org\/ies.tiernogalvan.parla\/index.php\/dptos-general\/dptos-de-fp\/administracion-y-gestion\/\"\n\t\t\t\t\t\t\t\t\t\t\t\t\t\t\t\t\t>\n\t\t\t\t\t\t\t\n\t\t\t\t\t\t\tAdministraci\u00f3n y Gesti\u00f3n\t\t\t\t\t\t\t\t\t\t\t\t\t\t\t<\/a>\n\t\t\t\t\t\t\t\t\t\t\t\t\t<\/h5>\n\t\t\t\t\t\n\t\t\t\t\t\n\t\t\t\t\t\t\t\t\t<\/div>\n\t\t\t\t\t\t\t\t\n\t\t\t\t\t\t\t<\/div>\n\n\t\t\t\t\t\t\t\t<div\n\t\t\t\tclass=\"sow-features-feature sow-icon-container-position-top\"\n\t\t\t\tstyle=\"display: flex; flex-direction: column; width: calc(25% - 25px);\"\n\t\t\t>\n\t\t\t\n\t\t\t\t\t\t\t\t\t<a\n\t\t\t\t\t\thref=\"https:\/\/site.educa.madrid.org\/ies.tiernogalvan.parla\/index.php\/dptos-general\/dptos-de-fp\/comercio-y-marketing\/\"\n\t\t\t\t\t\t\t\t\t\t\t>\n\t\t\t\t\t\t\t\t<div\n\t\t\t\t\tclass=\"sow-icon-container sow-container-none\"\n\t\t\t\t\tstyle=\"color: #404040; \"\n\t\t\t\t\ttitle=\"Comercio y Marketing\"\t\t\t\t>\n\t\t\t\t\t<div class=\"sow-icon-image\" style=\"background-image: url(https:\/\/site.educa.madrid.org\/ies.tiernogalvan.parla\/\/wp-content\/uploads\/ies.tiernogalvan.parla\/2024\/04\/19-1.png); font-size: 150px\"><\/div>\t\t\t\t<\/div>\n\t\t\t\t\t\t\t\t\t<\/a>\n\t\t\t\t\t\n\t\t\t\t<div class=\"textwidget\">\n\t\t\t\t\t\n\t\t\t\t\t\t\t\t\t\t\t<h5>\n\t\t\t\t\t\t\t\t\t\t\t\t\t\t\t<a\n\t\t\t\t\t\t\t\t\thref=\"https:\/\/site.educa.madrid.org\/ies.tiernogalvan.parla\/index.php\/dptos-general\/dptos-de-fp\/comercio-y-marketing\/\"\n\t\t\t\t\t\t\t\t\t\t\t\t\t\t\t\t\t>\n\t\t\t\t\t\t\t\n\t\t\t\t\t\t\tComercio y Marketing\t\t\t\t\t\t\t\t\t\t\t\t\t\t\t<\/a>\n\t\t\t\t\t\t\t\t\t\t\t\t\t<\/h5>\n\t\t\t\t\t\n\t\t\t\t\t\n\t\t\t\t\t\t\t\t\t<\/div>\n\t\t\t\t\t\t\t\t\n\t\t\t\t\t\t\t<\/div>\n\n\t\t\t\t\t\t\t\t<div\n\t\t\t\tclass=\"sow-features-feature sow-icon-container-position-top\"\n\t\t\t\tstyle=\"display: flex; flex-direction: column; width: calc(25% - 25px);\"\n\t\t\t>\n\t\t\t\n\t\t\t\t\t\t\t\t\t<a\n\t\t\t\t\t\thref=\"https:\/\/site.educa.madrid.org\/ies.tiernogalvan.parla\/index.php\/dptos-general\/dptos-de-fp\/fol\/\"\n\t\t\t\t\t\t\t\t\t\t\t>\n\t\t\t\t\t\t\t\t<div\n\t\t\t\t\tclass=\"sow-icon-container sow-container-none\"\n\t\t\t\t\tstyle=\"color: #404040; \"\n\t\t\t\t\ttitle=\"FOL\"\t\t\t\t>\n\t\t\t\t\t<div class=\"sow-icon-image\" style=\"background-image: url(https:\/\/site.educa.madrid.org\/ies.tiernogalvan.parla\/\/wp-content\/uploads\/ies.tiernogalvan.parla\/2024\/04\/16-1.png); font-size: 150px\"><\/div>\t\t\t\t<\/div>\n\t\t\t\t\t\t\t\t\t<\/a>\n\t\t\t\t\t\n\t\t\t\t<div class=\"textwidget\">\n\t\t\t\t\t\n\t\t\t\t\t\t\t\t\t\t\t<h5>\n\t\t\t\t\t\t\t\t\t\t\t\t\t\t\t<a\n\t\t\t\t\t\t\t\t\thref=\"https:\/\/site.educa.madrid.org\/ies.tiernogalvan.parla\/index.php\/dptos-general\/dptos-de-fp\/fol\/\"\n\t\t\t\t\t\t\t\t\t\t\t\t\t\t\t\t\t>\n\t\t\t\t\t\t\t\n\t\t\t\t\t\t\tFOL\t\t\t\t\t\t\t\t\t\t\t\t\t\t\t<\/a>\n\t\t\t\t\t\t\t\t\t\t\t\t\t<\/h5>\n\t\t\t\t\t\n\t\t\t\t\t\n\t\t\t\t\t\t\t\t\t<\/div>\n\t\t\t\t\t\t\t\t\n\t\t\t\t\t\t\t<\/div>\n\n\t\t\t\t\t\t\t\t<div\n\t\t\t\tclass=\"sow-features-feature sow-icon-container-position-top\"\n\t\t\t\tstyle=\"display: flex; flex-direction: column; width: calc(25% - 25px);\"\n\t\t\t>\n\t\t\t\n\t\t\t\t\t\t\t\t\t<a\n\t\t\t\t\t\thref=\"https:\/\/site.educa.madrid.org\/ies.tiernogalvan.parla\/index.php\/dptos-general\/dptos-de-fp\/informatica-y-comunicaciones\/\"\n\t\t\t\t\t\t\t\t\t\t\t>\n\t\t\t\t\t\t\t\t<div\n\t\t\t\t\tclass=\"sow-icon-container sow-container-none\"\n\t\t\t\t\tstyle=\"color: #404040; \"\n\t\t\t\t\ttitle=\"Inform\u00e1tica y Comunicaciones\"\t\t\t\t>\n\t\t\t\t\t<div class=\"sow-icon-image\" style=\"background-image: url(https:\/\/site.educa.madrid.org\/ies.tiernogalvan.parla\/\/wp-content\/uploads\/ies.tiernogalvan.parla\/2024\/04\/17-1.png); font-size: 150px\"><\/div>\t\t\t\t<\/div>\n\t\t\t\t\t\t\t\t\t<\/a>\n\t\t\t\t\t\n\t\t\t\t<div class=\"textwidget\">\n\t\t\t\t\t\n\t\t\t\t\t\t\t\t\t\t\t<h5>\n\t\t\t\t\t\t\t\t\t\t\t\t\t\t\t<a\n\t\t\t\t\t\t\t\t\thref=\"https:\/\/site.educa.madrid.org\/ies.tiernogalvan.parla\/index.php\/dptos-general\/dptos-de-fp\/informatica-y-comunicaciones\/\"\n\t\t\t\t\t\t\t\t\t\t\t\t\t\t\t\t\t>\n\t\t\t\t\t\t\t\n\t\t\t\t\t\t\tInform\u00e1tica y Comunicaciones\t\t\t\t\t\t\t\t\t\t\t\t\t\t\t<\/a>\n\t\t\t\t\t\t\t\t\t\t\t\t\t<\/h5>\n\t\t\t\t\t\n\t\t\t\t\t\n\t\t\t\t\t\t\t\t\t<\/div>\n\t\t\t\t\t\t\t\t\n\t\t\t\t\t\t\t<\/div>\n\n\t\t\t\n<\/div>\n<\/div><\/div><\/div><div id=\"pgc-2183-1-2\"  class=\"panel-grid-cell panel-grid-cell-empty\" ><\/div><\/div><\/div><div id=\"pg-2183-2\"  class=\"panel-grid panel-no-style\" ><div id=\"pgc-2183-2-0\"  class=\"panel-grid-cell\" ><div id=\"panel-2183-2-0-0\" class=\"so-panel widget widget_sow-headline panel-first-child\" data-index=\"3\" ><div class=\"panel-widget-style panel-widget-style-for-2183-2-0-0\" ><div\n\t\t\t\n\t\t\tclass=\"so-widget-sow-headline so-widget-sow-headline-default-be7633feb08b-2183\"\n\t\t\t\n\t\t><div class=\"sow-headline-container \">\n\t\t\t\t\t\t\t<h2 class=\"sow-headline\">\n\t\t\t\t\t\tInformaci\u00f3n para Empresas sobre las FCT\t\t\t\t\t\t<\/h2>\n\t\t\t\t\t\t\t\t\t\t\t<div class=\"decoration\">\n\t\t\t\t\t\t<div class=\"decoration-inside\"><\/div>\n\t\t\t\t\t<\/div>\n\t\t\t\t\t<\/div>\n<\/div><\/div><\/div><div id=\"panel-2183-2-0-1\" class=\"so-panel widget widget_siteorigin-panels-postloop panel-last-child\" data-index=\"4\" >\n<article id=\"post-4616\" class=\"post-4616 post type-post status-publish format-standard has-post-thumbnail hentry category-0-novedades category-departamentos-fp tag-empresas tag-fct\">\n\t<header class=\"entry-header\">\n\t\t\t<\/header>\n\n\t<div class=\"entry-content\">\n\t\t<div id=\"pl-4616\"  class=\"panel-layout\" ><div id=\"pg-4616-0\"  class=\"panel-grid panel-has-style\" ><div class=\"panel-row-style panel-row-style-for-4616-0\" ><div id=\"pgc-4616-0-0\"  class=\"panel-grid-cell\" ><div id=\"panel-4616-0-0-0\" class=\"so-panel widget widget_sow-editor panel-first-child\" data-index=\"0\" ><div\n\t\t\t\n\t\t\tclass=\"so-widget-sow-editor so-widget-sow-editor-base\"\n\t\t\t\n\t\t>\n<div class=\"siteorigin-widget-tinymce textwidget\">\n\t<p><strong>INFORMACI\u00d3N IMPORTANTE PARA EMPRESAS:<\/strong><\/p>\n<p>Las empresas o entidades que deseen colaborar con el IES Enrique Tierno Galv\u00e1n en materia de pr\u00e1cticas pueden ponerse en contacto con el centro escribiendo al correo electr\u00f3nico\u00a0<b><span id=\"cloak3c8b1f9e1330fd22efc376ffefcc40f9\"><a href=\"mailto:practicasfp@tiernoparla.es\">practicasfp@tiernoparla.es<\/a><\/span><\/b><\/p>\n<p><strong>Ofertas y periodos de pr\u00e1cticas<\/strong> de formaci\u00f3n de los Ciclos Formativos del Centro:<\/p>\n<ul>\n<li><b><\/b><strong><a href=\"https:\/\/site.educa.madrid.org\/ies.tiernogalvan.parla\/\/wp-content\/uploads\/ies.tiernogalvan.parla\/2024\/12\/COM_FFE.pdf\" target=\"_blank\" rel=\"noopener\">Departamento de Comercio y Marketing<\/a><\/strong><\/li>\n<li><b><a href=\"https:\/\/site.educa.madrid.org\/ies.tiernogalvan.parla\/\/wp-content\/uploads\/ies.tiernogalvan.parla\/2024\/11\/INF_PracticasFFE-FCT.pdf\" target=\"_blank\" rel=\"noopener\">Departamento de Inform\u00e1tica y Comunicaciones<\/a><\/b><\/li>\n<\/ul>\n<\/div>\n<\/div><\/div><div id=\"panel-4616-0-0-1\" class=\"so-panel widget widget_sow-editor\" data-index=\"1\" ><div class=\"panel-widget-style panel-widget-style-for-4616-0-0-1\" ><div\n\t\t\t\n\t\t\tclass=\"so-widget-sow-editor so-widget-sow-editor-base\"\n\t\t\t\n\t\t>\n<div class=\"siteorigin-widget-tinymce textwidget\">\n\t<h4><strong>Empresas interesadas en ofertar plazas para alumnos en pr\u00e1cticas<\/strong><\/h4>\n<\/div>\n<\/div><\/div><\/div><div id=\"panel-4616-0-0-2\" class=\"so-panel widget widget_sow-editor\" data-index=\"2\" ><div class=\"panel-widget-style panel-widget-style-for-4616-0-0-2\" ><div\n\t\t\t\n\t\t\tclass=\"so-widget-sow-editor so-widget-sow-editor-base\"\n\t\t\t\n\t\t>\n<div class=\"siteorigin-widget-tinymce textwidget\">\n\t<p>Rellenar el siguiente formulario:<\/p>\n<\/div>\n<\/div><\/div><\/div><div id=\"panel-4616-0-0-3\" class=\"so-panel widget widget_sow-contact-form panel-last-child\" data-index=\"3\" ><div\n\t\t\t\n\t\t\tclass=\"so-widget-sow-contact-form so-widget-sow-contact-form-default-8e8f92854f84-4616\"\n\t\t\t\n\t\t><h3 class=\"widget-title\">Datos de la empresa u organizaci\u00f3n<\/h3>\t<form\n\t\taction=\"\/ies.tiernogalvan.parla\/index.php\/wp-json\/wp\/v2\/pages\/2183\"\n\t\tmethod=\"POST\"\n\t\tclass=\"sow-contact-form\"\n\t\tid=\"contact-form-fa1f\"\n\t>\n\n\t\t\n\t\t\t\t\t<div class=\"sow-form-field sow-form-field-name\">\n\t\t\t\t<label class=\"sow-form-field-label-above\" for=\"sow-contact-form-field-nombre-o-razn-social-12498499326735159a395b8482120322\">\n\t\t\t\t<strong>\n\t\t\t\t\tNombre o Raz\u00f3n social\t\t\t\t\t\t\t\t\t<\/strong>\n\t\t\t<\/label>\n\t\t\t\t\t\t\t<span class=\"sow-field-container\">\n\t\t\t\t\t\t\t<input\n\t\t\ttype=\"text\"\n\t\t\tname=\"nombre-o-razn-social-12498499326735159a395b8482120322\"\n\t\t\tid=\"sow-contact-form-field-nombre-o-razn-social-12498499326735159a395b8482120322\"\n\t\t\tvalue=\"\"\n\t\t\tclass=\"sow-text-field\"\n\t\t\t\t\t\/>\n\t\t\t\t\t\t<\/span>\n\t\t\t\t\t\t\t<\/div>\n\t\t\t\t\t\t<div class=\"sow-form-field sow-form-field-name\">\n\t\t\t\t<label class=\"sow-form-field-label-above\" for=\"sow-contact-form-field-cif-12498499326735159a395b8482120322\">\n\t\t\t\t<strong>\n\t\t\t\t\tCIF\t\t\t\t\t\t\t\t\t<\/strong>\n\t\t\t<\/label>\n\t\t\t\t\t\t\t<span class=\"sow-field-container\">\n\t\t\t\t\t\t\t<input\n\t\t\ttype=\"text\"\n\t\t\tname=\"cif-12498499326735159a395b8482120322\"\n\t\t\tid=\"sow-contact-form-field-cif-12498499326735159a395b8482120322\"\n\t\t\tvalue=\"\"\n\t\t\tclass=\"sow-text-field\"\n\t\t\t\t\t\/>\n\t\t\t\t\t\t<\/span>\n\t\t\t\t\t\t\t<\/div>\n\t\t\t\t\t\t<div class=\"sow-form-field sow-form-field-textarea\">\n\t\t\t\t<label class=\"sow-form-field-label-above\" for=\"sow-contact-form-field-direccin-completa-12498499326735159a395b8482120322\">\n\t\t\t\t<strong>\n\t\t\t\t\tDirecci\u00f3n completa\t\t\t\t\t\t\t\t\t<\/strong>\n\t\t\t<\/label>\n\t\t\t\t\t\t\t<span class=\"sow-field-container\">\n\t\t\t\t\t\t\t<textarea\n\t\t\tname=\"direccin-completa-12498499326735159a395b8482120322\"\n\t\t\tid=\"sow-contact-form-field-direccin-completa-12498499326735159a395b8482120322\"\n\t\t\trows=\"10\"\n\t\t\t\t\t\t\t\t><\/textarea>\n\t\t\t\t\t\t<\/span>\n\t\t\t\t\t\t\t<\/div>\n\t\t\t\t\t\t<div class=\"sow-form-field sow-form-field-email\">\n\t\t\t\t<label class=\"sow-form-field-label-above\" for=\"sow-contact-form-field-correo-electrnico-12498499326735159a395b8482120322\">\n\t\t\t\t<strong>\n\t\t\t\t\tCorreo electr\u00f3nico\t\t\t\t\t\t\t\t\t<\/strong>\n\t\t\t<\/label>\n\t\t\t\t\t\t\t<span class=\"sow-field-container\">\n\t\t\t\t\t\t\t<input\n\t\t\ttype=\"email\"\n\t\t\tname=\"correo-electrnico-12498499326735159a395b8482120322\"\n\t\t\tid=\"sow-contact-form-field-correo-electrnico-12498499326735159a395b8482120322\"\n\t\t\tvalue=\"\"\n\t\t\tclass=\"sow-text-field\"\t\t\t\t\t\t\t\t\/>\n\t\t\t\t\t\t<\/span>\n\t\t\t\t\t\t\t<\/div>\n\t\t\t\t\t\t<div class=\"sow-form-field sow-form-field-tel\">\n\t\t\t\t<label class=\"sow-form-field-label-above\" for=\"sow-contact-form-field-telfono-de-contacto-12498499326735159a395b8482120322\">\n\t\t\t\t<strong>\n\t\t\t\t\tTel\u00e9fono de contacto\t\t\t\t\t\t\t\t\t<\/strong>\n\t\t\t<\/label>\n\t\t\t\t\t\t\t<span class=\"sow-field-container\">\n\t\t\t\t\t\t\t<input\n\t\t\ttype=\"tel\"\n\t\t\tname=\"telfono-de-contacto-12498499326735159a395b8482120322\"\n\t\t\tid=\"sow-contact-form-field-telfono-de-contacto-12498499326735159a395b8482120322\"\n\t\t\tvalue=\"\"\n\t\t\tclass=\"sow-text-field\"\t\t\t\t\t\t\t\t\/>\n\t\t\t\t\t\t<\/span>\n\t\t\t\t\t\t\t<\/div>\n\t\t\t\t\t\t<div class=\"sow-form-field sow-form-field-name\">\n\t\t\t\t<label class=\"sow-form-field-label-above\" for=\"sow-contact-form-field-nombre-de-la-persona-de-contacto-12498499326735159a395b8482120322\">\n\t\t\t\t<strong>\n\t\t\t\t\tNombre de la persona de contacto\t\t\t\t\t\t\t\t\t<\/strong>\n\t\t\t<\/label>\n\t\t\t\t\t\t\t<span class=\"sow-field-container\">\n\t\t\t\t\t\t\t<input\n\t\t\ttype=\"text\"\n\t\t\tname=\"nombre-de-la-persona-de-contacto-12498499326735159a395b8482120322\"\n\t\t\tid=\"sow-contact-form-field-nombre-de-la-persona-de-contacto-12498499326735159a395b8482120322\"\n\t\t\tvalue=\"\"\n\t\t\tclass=\"sow-text-field\"\n\t\t\t\t\t\/>\n\t\t\t\t\t\t<\/span>\n\t\t\t\t\t\t\t<\/div>\n\t\t\t\t\t\t<div class=\"sow-form-field sow-form-field-textarea\">\n\t\t\t\t<label class=\"sow-form-field-label-above\" for=\"sow-contact-form-field-detalles-de-la-oferta-12498499326735159a395b8482120322\">\n\t\t\t\t<strong>\n\t\t\t\t\tDetalles de la oferta\t\t\t\t\t\t\t\t\t<\/strong>\n\t\t\t<\/label>\n\t\t\t\t\t\t\t<span class=\"sow-field-container\">\n\t\t\t\t\t\t\t<textarea\n\t\t\tname=\"detalles-de-la-oferta-12498499326735159a395b8482120322\"\n\t\t\tid=\"sow-contact-form-field-detalles-de-la-oferta-12498499326735159a395b8482120322\"\n\t\t\trows=\"10\"\n\t\t\t\t\t\t\t\t><\/textarea>\n\t\t\t\t\t\t<\/span>\n\t\t\t\t\t                <div class=\"sow-form-field-description\">\n\t\t\t\t\t\tN\u00famero de puestos a cubrir en pr\u00e1cticas, detalles del perfil, requisitos\u2026\t                <\/div>\n\t\t\t\t\t\t\t\t<\/div>\n\t\t\t\t\t\t<div class=\"sow-form-field sow-form-field-checkboxes\">\n\t\t\t\t<label class=\"sow-form-field-label-above\" for=\"sow-contact-form-field-niveles-educativos-de-la-oferta-12498499326735159a395b8482120322\">\n\t\t\t\t<strong>\n\t\t\t\t\tNiveles educativos de la oferta\t\t\t\t\t\t\t\t\t<\/strong>\n\t\t\t<\/label>\n\t\t\t\t\t\t\t<span class=\"sow-field-container\">\n\t\t\t\t\t\t\t\t<ul>\n\t\t\t\t\t\t\t\t\t\t\t\t\t\t<li>\n\t\t\t\t\t\t<input\n\t\t\t\t\t\t\ttype=\"checkbox\"\n\t\t\t\t\t\t\tvalue=\"CFGB\u00e1sico Servicios Administrativos\"\n\t\t\t\t\t\t\tname=\"niveles-educativos-de-la-oferta-12498499326735159a395b8482120322[]\"\n\t\t\t\t\t\t\tid=\"sow-contact-form-field-niveles-educativos-de-la-oferta-12498499326735159a395b8482120322-0\"\n\t\t\t\t\t\t\t\t\t\t\t\t\t\t\t\t\t\t\t\t\/>\n\t\t\t\t\t\t<label for=\"sow-contact-form-field-niveles-educativos-de-la-oferta-12498499326735159a395b8482120322-0\">\n\t\t\t\t\t\t\tCFGB\u00e1sico Servicios Administrativos\t\t\t\t\t\t<\/label>\n\t\t\t\t\t<\/li>\n\t\t\t\t\t\t\t\t\t\t\t\t\t\t<li>\n\t\t\t\t\t\t<input\n\t\t\t\t\t\t\ttype=\"checkbox\"\n\t\t\t\t\t\t\tvalue=\"CFGB\u00e1sico Servicios Comerciales\"\n\t\t\t\t\t\t\tname=\"niveles-educativos-de-la-oferta-12498499326735159a395b8482120322[]\"\n\t\t\t\t\t\t\tid=\"sow-contact-form-field-niveles-educativos-de-la-oferta-12498499326735159a395b8482120322-1\"\n\t\t\t\t\t\t\t\t\t\t\t\t\t\t\t\t\t\t\t\t\/>\n\t\t\t\t\t\t<label for=\"sow-contact-form-field-niveles-educativos-de-la-oferta-12498499326735159a395b8482120322-1\">\n\t\t\t\t\t\t\tCFGB\u00e1sico Servicios Comerciales\t\t\t\t\t\t<\/label>\n\t\t\t\t\t<\/li>\n\t\t\t\t\t\t\t\t\t\t\t\t\t\t<li>\n\t\t\t\t\t\t<input\n\t\t\t\t\t\t\ttype=\"checkbox\"\n\t\t\t\t\t\t\tvalue=\"CFGMedio Actividades Comerciales\"\n\t\t\t\t\t\t\tname=\"niveles-educativos-de-la-oferta-12498499326735159a395b8482120322[]\"\n\t\t\t\t\t\t\tid=\"sow-contact-form-field-niveles-educativos-de-la-oferta-12498499326735159a395b8482120322-2\"\n\t\t\t\t\t\t\t\t\t\t\t\t\t\t\t\t\t\t\t\t\/>\n\t\t\t\t\t\t<label for=\"sow-contact-form-field-niveles-educativos-de-la-oferta-12498499326735159a395b8482120322-2\">\n\t\t\t\t\t\t\tCFGMedio Actividades Comerciales\t\t\t\t\t\t<\/label>\n\t\t\t\t\t<\/li>\n\t\t\t\t\t\t\t\t\t\t\t\t\t\t<li>\n\t\t\t\t\t\t<input\n\t\t\t\t\t\t\ttype=\"checkbox\"\n\t\t\t\t\t\t\tvalue=\"CFGMedio Gesti\u00f3n Administrativa\"\n\t\t\t\t\t\t\tname=\"niveles-educativos-de-la-oferta-12498499326735159a395b8482120322[]\"\n\t\t\t\t\t\t\tid=\"sow-contact-form-field-niveles-educativos-de-la-oferta-12498499326735159a395b8482120322-3\"\n\t\t\t\t\t\t\t\t\t\t\t\t\t\t\t\t\t\t\t\t\/>\n\t\t\t\t\t\t<label for=\"sow-contact-form-field-niveles-educativos-de-la-oferta-12498499326735159a395b8482120322-3\">\n\t\t\t\t\t\t\tCFGMedio Gesti\u00f3n Administrativa\t\t\t\t\t\t<\/label>\n\t\t\t\t\t<\/li>\n\t\t\t\t\t\t\t\t\t\t\t\t\t\t<li>\n\t\t\t\t\t\t<input\n\t\t\t\t\t\t\ttype=\"checkbox\"\n\t\t\t\t\t\t\tvalue=\"CFGMedio Sistemas Microinform\u00e1ticos y Redes\"\n\t\t\t\t\t\t\tname=\"niveles-educativos-de-la-oferta-12498499326735159a395b8482120322[]\"\n\t\t\t\t\t\t\tid=\"sow-contact-form-field-niveles-educativos-de-la-oferta-12498499326735159a395b8482120322-4\"\n\t\t\t\t\t\t\t\t\t\t\t\t\t\t\t\t\t\t\t\t\/>\n\t\t\t\t\t\t<label for=\"sow-contact-form-field-niveles-educativos-de-la-oferta-12498499326735159a395b8482120322-4\">\n\t\t\t\t\t\t\tCFGMedio Sistemas Microinform\u00e1ticos y Redes\t\t\t\t\t\t<\/label>\n\t\t\t\t\t<\/li>\n\t\t\t\t\t\t\t\t\t\t\t\t\t\t<li>\n\t\t\t\t\t\t<input\n\t\t\t\t\t\t\ttype=\"checkbox\"\n\t\t\t\t\t\t\tvalue=\"CFGSuperior Administraci\u00f3n y Finanzas\"\n\t\t\t\t\t\t\tname=\"niveles-educativos-de-la-oferta-12498499326735159a395b8482120322[]\"\n\t\t\t\t\t\t\tid=\"sow-contact-form-field-niveles-educativos-de-la-oferta-12498499326735159a395b8482120322-5\"\n\t\t\t\t\t\t\t\t\t\t\t\t\t\t\t\t\t\t\t\t\/>\n\t\t\t\t\t\t<label for=\"sow-contact-form-field-niveles-educativos-de-la-oferta-12498499326735159a395b8482120322-5\">\n\t\t\t\t\t\t\tCFGSuperior Administraci\u00f3n y Finanzas\t\t\t\t\t\t<\/label>\n\t\t\t\t\t<\/li>\n\t\t\t\t\t\t\t\t\t\t\t\t\t\t<li>\n\t\t\t\t\t\t<input\n\t\t\t\t\t\t\ttype=\"checkbox\"\n\t\t\t\t\t\t\tvalue=\"CFGSuperior Gesti\u00f3n de Ventas y Espacios Comerciales\"\n\t\t\t\t\t\t\tname=\"niveles-educativos-de-la-oferta-12498499326735159a395b8482120322[]\"\n\t\t\t\t\t\t\tid=\"sow-contact-form-field-niveles-educativos-de-la-oferta-12498499326735159a395b8482120322-6\"\n\t\t\t\t\t\t\t\t\t\t\t\t\t\t\t\t\t\t\t\t\/>\n\t\t\t\t\t\t<label for=\"sow-contact-form-field-niveles-educativos-de-la-oferta-12498499326735159a395b8482120322-6\">\n\t\t\t\t\t\t\tCFGSuperior Gesti\u00f3n de Ventas y Espacios Comerciales\t\t\t\t\t\t<\/label>\n\t\t\t\t\t<\/li>\n\t\t\t\t\t\t\t\t\t\t\t\t\t\t<li>\n\t\t\t\t\t\t<input\n\t\t\t\t\t\t\ttype=\"checkbox\"\n\t\t\t\t\t\t\tvalue=\"CFGSuperior Administraci\u00f3n de Sistemas Inform\u00e1ticos en Red\"\n\t\t\t\t\t\t\tname=\"niveles-educativos-de-la-oferta-12498499326735159a395b8482120322[]\"\n\t\t\t\t\t\t\tid=\"sow-contact-form-field-niveles-educativos-de-la-oferta-12498499326735159a395b8482120322-7\"\n\t\t\t\t\t\t\t\t\t\t\t\t\t\t\t\t\t\t\t\t\/>\n\t\t\t\t\t\t<label for=\"sow-contact-form-field-niveles-educativos-de-la-oferta-12498499326735159a395b8482120322-7\">\n\t\t\t\t\t\t\tCFGSuperior Administraci\u00f3n de Sistemas Inform\u00e1ticos en Red\t\t\t\t\t\t<\/label>\n\t\t\t\t\t<\/li>\n\t\t\t\t\t\t\t\t\t\t\t\t\t\t<li>\n\t\t\t\t\t\t<input\n\t\t\t\t\t\t\ttype=\"checkbox\"\n\t\t\t\t\t\t\tvalue=\"CFGSuperior Dise\u00f1o de Aplicaciones Multiplataforma\"\n\t\t\t\t\t\t\tname=\"niveles-educativos-de-la-oferta-12498499326735159a395b8482120322[]\"\n\t\t\t\t\t\t\tid=\"sow-contact-form-field-niveles-educativos-de-la-oferta-12498499326735159a395b8482120322-8\"\n\t\t\t\t\t\t\t\t\t\t\t\t\t\t\t\t\t\t\t\t\/>\n\t\t\t\t\t\t<label for=\"sow-contact-form-field-niveles-educativos-de-la-oferta-12498499326735159a395b8482120322-8\">\n\t\t\t\t\t\t\tCFGSuperior Dise\u00f1o de Aplicaciones Multiplataforma\t\t\t\t\t\t<\/label>\n\t\t\t\t\t<\/li>\n\t\t\t\t\t\t\t\t\t\t\t\t\t\t<li>\n\t\t\t\t\t\t<input\n\t\t\t\t\t\t\ttype=\"checkbox\"\n\t\t\t\t\t\t\tvalue=\"CFGSuperior Dise\u00f1o de Aplicaciones Web\"\n\t\t\t\t\t\t\tname=\"niveles-educativos-de-la-oferta-12498499326735159a395b8482120322[]\"\n\t\t\t\t\t\t\tid=\"sow-contact-form-field-niveles-educativos-de-la-oferta-12498499326735159a395b8482120322-9\"\n\t\t\t\t\t\t\t\t\t\t\t\t\t\t\t\t\t\t\t\t\/>\n\t\t\t\t\t\t<label for=\"sow-contact-form-field-niveles-educativos-de-la-oferta-12498499326735159a395b8482120322-9\">\n\t\t\t\t\t\t\tCFGSuperior Dise\u00f1o de Aplicaciones Web\t\t\t\t\t\t<\/label>\n\t\t\t\t\t<\/li>\n\t\t\t\t\t\t\t<\/ul>\n\t\t\t\t\t\t<\/span>\n\t\t\t\t\t                <div class=\"sow-form-field-description\">\n\t\t\t\t\t\tSeleccionar los ciclos formativos para los que se requiere alumnos en pr\u00e1cticas\t                <\/div>\n\t\t\t\t\t\t\t\t<\/div>\n\t\t\t\t\t\t<input type=\"text\" name=\"sow-12498499326735159a395b8482120322\" class=\"sow-text-field\" style=\"display: none !important; visibility: hidden !important;\" autocomplete=\"off\" aria-hidden=\"true\">\n\t\t\n\t\t\n\t\t<div class=\"sow-submit-wrapper sow-submit-styled\">\n\n\t\t\t<!----------- EducaMadrid captcha------------------------->\n\n                        <!----------- Educa Madrid FIN captcha------------------------->\n\n\t\t\t<button class=\"sow-submit\"\n\t\t\t\t\t\t\t>\n\t\t\t\tEnviar\t\t\t<\/button>\n\t\t<\/div>\n\t\t<input type=\"hidden\" name=\"instance_hash\" value=\"fa1fd105643b0d1b6ac910a76d033aed\" \/>\n\t\t<input type=\"hidden\" id=\"_wpnonce\" name=\"_wpnonce\" value=\"ae9ee7f202\" \/><input type=\"hidden\" name=\"_wp_http_referer\" value=\"\/ies.tiernogalvan.parla\/index.php\/wp-json\/wp\/v2\/pages\/2183\" \/>\t<\/form>\n\t<\/div><\/div><\/div><\/div><\/div><\/div>\t\t\t<\/div>\n<\/article>\n\n<\/div><\/div><\/div><\/div>","protected":false},"excerpt":{"rendered":"<p>P\u00e1gina de inicio para el acceso a los departamentos did\u00e1cticos de Secundaria.<\/p>\n","protected":false},"author":8,"featured_media":0,"parent":2123,"menu_order":2,"comment_status":"closed","ping_status":"closed","template":"","meta":{"footnotes":""},"folder":[115],"class_list":["post-2183","page","type-page","status-publish","hentry"],"rttpg_featured_image_url":null,"rttpg_author":{"display_name":"Jose Ignacio Gonz\u00e1lez M\u00e9ndez","author_link":"https:\/\/site.educa.madrid.org\/ies.tiernogalvan.parla\/index.php\/author\/jose-ignacio_gonzlez-mendez\/"},"rttpg_comment":0,"rttpg_category":"","rttpg_excerpt":"P\u00e1gina de inicio para el acceso a los departamentos did\u00e1cticos de Secundaria.","post_mailing_queue_ids":[],"_links":{"self":[{"href":"https:\/\/site.educa.madrid.org\/ies.tiernogalvan.parla\/index.php\/wp-json\/wp\/v2\/pages\/2183","targetHints":{"allow":["GET"]}}],"collection":[{"href":"https:\/\/site.educa.madrid.org\/ies.tiernogalvan.parla\/index.php\/wp-json\/wp\/v2\/pages"}],"about":[{"href":"https:\/\/site.educa.madrid.org\/ies.tiernogalvan.parla\/index.php\/wp-json\/wp\/v2\/types\/page"}],"author":[{"embeddable":true,"href":"https:\/\/site.educa.madrid.org\/ies.tiernogalvan.parla\/index.php\/wp-json\/wp\/v2\/users\/8"}],"replies":[{"embeddable":true,"href":"https:\/\/site.educa.madrid.org\/ies.tiernogalvan.parla\/index.php\/wp-json\/wp\/v2\/comments?post=2183"}],"version-history":[{"count":35,"href":"https:\/\/site.educa.madrid.org\/ies.tiernogalvan.parla\/index.php\/wp-json\/wp\/v2\/pages\/2183\/revisions"}],"predecessor-version":[{"id":4852,"href":"https:\/\/site.educa.madrid.org\/ies.tiernogalvan.parla\/index.php\/wp-json\/wp\/v2\/pages\/2183\/revisions\/4852"}],"up":[{"embeddable":true,"href":"https:\/\/site.educa.madrid.org\/ies.tiernogalvan.parla\/index.php\/wp-json\/wp\/v2\/pages\/2123"}],"wp:attachment":[{"href":"https:\/\/site.educa.madrid.org\/ies.tiernogalvan.parla\/index.php\/wp-json\/wp\/v2\/media?parent=2183"}],"wp:term":[{"taxonomy":"folder","embeddable":true,"href":"https:\/\/site.educa.madrid.org\/ies.tiernogalvan.parla\/index.php\/wp-json\/wp\/v2\/folder?post=2183"}],"curies":[{"name":"wp","href":"https:\/\/api.w.org\/{rel}","templated":true}]}}