{"id":2803,"date":"2024-04-29T11:37:13","date_gmt":"2024-04-29T09:37:13","guid":{"rendered":"https:\/\/site.educa.madrid.org\/ies.tiernogalvan.parla\/?page_id=2803"},"modified":"2026-04-09T17:56:47","modified_gmt":"2026-04-09T15:56:47","slug":"becas","status":"publish","type":"page","link":"https:\/\/site.educa.madrid.org\/ies.tiernogalvan.parla\/index.php\/secretaria\/procesos-y-solicitudes\/becas\/","title":{"rendered":"Secretar\u00eda: Becas"},"content":{"rendered":"<div id=\"pl-2803\"  class=\"panel-layout\" ><div id=\"pg-2803-0\"  class=\"panel-grid panel-has-style\" ><div class=\"siteorigin-panels-stretch panel-row-style panel-row-style-for-2803-0\" data-stretch-type=\"full-width-stretch\" ><div id=\"pgc-2803-0-0\"  class=\"panel-grid-cell\" ><div id=\"panel-2803-0-0-0\" class=\"so-panel widget widget_sow-headline panel-first-child panel-last-child\" data-index=\"0\" ><div class=\"panel-widget-style panel-widget-style-for-2803-0-0-0\" ><div\n\t\t\t\n\t\t\tclass=\"so-widget-sow-headline so-widget-sow-headline-default-e55f809b2d23-2803\"\n\t\t\t\n\t\t><div class=\"sow-headline-container \">\n\t\t\t\t\t\t\t<h2 class=\"sow-headline\">\n\t\t\t\t\t\tSecretar\u00eda: Becas\t\t\t\t\t\t<\/h2>\n\t\t\t\t\t\t\t\t\t\t\t<div class=\"decoration\">\n\t\t\t\t\t\t<div class=\"decoration-inside\"><\/div>\n\t\t\t\t\t<\/div>\n\t\t\t\t\t<\/div>\n<\/div><\/div><\/div><\/div><\/div><\/div><div id=\"pg-2803-1\"  class=\"panel-grid panel-no-style\" ><div id=\"pgc-2803-1-0\"  class=\"panel-grid-cell\" ><div id=\"panel-2803-1-0-0\" class=\"so-panel widget widget_sow-editor panel-first-child panel-last-child\" data-index=\"1\" ><div\n\t\t\t\n\t\t\tclass=\"so-widget-sow-editor so-widget-sow-editor-base\"\n\t\t\t\n\t\t>\n<div class=\"siteorigin-widget-tinymce textwidget\">\n\t<h2>Informaci\u00f3n general<\/h2>\n<div>Si vas a pedir beca,\u00a0<b>debes solicitarla dentro de este plazo,\u00a0<\/b>aunque no sepas todav\u00eda qu\u00e9 vas a estudiar,\u00a0e incluso aunque no sepas con seguridad si vas a estudiar o no.<\/div>\n<div>Pon los estudios que consideres m\u00e1s probables, y hacia septiembre podr\u00e1s cambiarlos si lo necesitas.<\/div>\n<div>Si tienes dudas respecto a tu caso concreto, puedes:<\/div>\n<ul>\n<li>consultar el apartado completo de \"<a href=\"https:\/\/www.becaseducacion.gob.es\/normativa\/c\/normativa.html\" target=\"_blank\" rel=\"noopener\">Requisitos acad\u00e9micos de la convocatoria<\/a>\"<\/li>\n<li>llamar al tel\u00e9fono de dudas: <strong>910 837 937<\/strong>.<\/li>\n<\/ul>\n<p><strong><a href=\"https:\/\/www.becaseducacion.gob.es\/portada.html\" target=\"_blank\" rel=\"noopener\">Web Oficial: BECAS DEL MINISTERIO DE EDUCACI\u00d3N PARA FP, BACHILLERATO Y UNIVERSIDAD\u00a0<\/a><\/strong><\/p>\n<\/div>\n<\/div><\/div><\/div><\/div><div id=\"pg-2803-2\"  class=\"panel-grid panel-has-style\" ><div class=\"panel-row-style panel-row-style-for-2803-2\" ><div id=\"pgc-2803-2-0\"  class=\"panel-grid-cell\" ><div id=\"panel-2803-2-0-0\" class=\"so-panel widget widget_sow-editor panel-first-child panel-last-child\" data-index=\"2\" ><div class=\"panel-widget-style panel-widget-style-for-2803-2-0-0\" ><div\n\t\t\t\n\t\t\tclass=\"so-widget-sow-editor so-widget-sow-editor-base\"\n\t\t\t\n\t\t>\n<div class=\"siteorigin-widget-tinymce textwidget\">\n\t<h3><b>BECAS Generales del MEC para Estudiantes<\/b><\/h3>\n<\/div>\n<\/div><\/div><\/div><\/div><\/div><\/div><div id=\"pg-2803-3\"  class=\"panel-grid panel-no-style\" ><div id=\"pgc-2803-3-0\"  class=\"panel-grid-cell\" ><div id=\"panel-2803-3-0-0\" class=\"so-panel widget widget_sow-editor panel-first-child panel-last-child\" data-index=\"3\" ><div\n\t\t\t\n\t\t\tclass=\"so-widget-sow-editor so-widget-sow-editor-base\"\n\t\t\t\n\t\t>\n<div class=\"siteorigin-widget-tinymce textwidget\">\n\t<p>Al igual que en a\u00f1os anteriores los alumnos solicitantes necesitar\u00e1n estar registrados en la Sede Electr\u00f3nica del Ministerio de Educaci\u00f3n y Formaci\u00f3n Profesional.<\/p>\n<p>Posteriormente, una vez abierto el plazo de presentaci\u00f3n, podr\u00e1n acceder al formulario de solicitud en la propia Sede Electr\u00f3nica (<a href=\"https:\/\/sede.educacion.gob.es\/\" target=\"_blank\" rel=\"noopener\" data-saferedirecturl=\"https:\/\/www.google.com\/url?q=https:\/\/sede.educacion.gob.es&amp;source=gmail&amp;ust=1648571337562000&amp;usg=AOvVaw2W4YNmmvQP3Nx0dKX42rMX\">https:\/\/sede.educacion.gob.es<\/a><wbr \/>) o a trav\u00e9s de la propia p\u00e1gina web del Ministerio\u00a0<a href=\"http:\/\/www.educacionyfp.gob.es\/\" target=\"_blank\" rel=\"noopener\" data-saferedirecturl=\"https:\/\/www.google.com\/url?q=http:\/\/www.educacionyfp.gob.es&amp;source=gmail&amp;ust=1648571337562000&amp;usg=AOvVaw0yrRrBWj93dRmxsMFjCtz3\">www.educacionyfp.gob.es<\/a><\/p>\n<\/div>\n<\/div><\/div><\/div><\/div><div id=\"pg-2803-4\"  class=\"panel-grid panel-has-style\" ><div class=\"panel-row-style panel-row-style-for-2803-4\" ><div id=\"pgc-2803-4-0\"  class=\"panel-grid-cell\" ><div id=\"panel-2803-4-0-0\" class=\"so-panel widget widget_sow-editor panel-first-child panel-last-child\" data-index=\"4\" ><div class=\"panel-widget-style panel-widget-style-for-2803-4-0-0\" ><div\n\t\t\t\n\t\t\tclass=\"so-widget-sow-editor so-widget-sow-editor-base\"\n\t\t\t\n\t\t>\n<div class=\"siteorigin-widget-tinymce textwidget\">\n\t<h3><b>BECAS para Alumnos con NEE<\/b><\/h3>\n<\/div>\n<\/div><\/div><\/div><\/div><\/div><\/div><div id=\"pg-2803-5\"  class=\"panel-grid panel-no-style\" ><div id=\"pgc-2803-5-0\"  class=\"panel-grid-cell\" ><div id=\"panel-2803-5-0-0\" class=\"so-panel widget widget_sow-editor panel-first-child panel-last-child\" data-index=\"5\" ><div\n\t\t\t\n\t\t\tclass=\"so-widget-sow-editor so-widget-sow-editor-base\"\n\t\t\t\n\t\t>\n<div class=\"siteorigin-widget-tinymce textwidget\">\n\t<p><strong>\u00bfQu\u00e9 son?<\/strong><\/p>\n<p>Las becas para alumnado con necesidades educativas espec\u00edficas (ACNEAE) son ayudas econ\u00f3micas destinadas a sufragar los gastos generales ocasionados por la escolarizaci\u00f3n de este alumnado en centros educativos sostenidos con fondos p\u00fablicos de la Comunidad de Madrid.<\/p>\n<ul>\n<li><a href=\"https:\/\/www.pap.hacienda.gob.es\/bdnstrans\/GE\/es\/convocatoria\/828444\/document\/1247855\" target=\"_blank\" rel=\"noopener\">Convocatoria (completa)<\/a><\/li>\n<li><a href=\"https:\/\/www.educacionfpydeportes.gob.es\/servicios-al-ciudadano\/catalogo\/estudiantes\/becas-ayudas\/para-estudiar\/primaria-secundaria\/necesidad-especifica-apoyo-educativo.html\" target=\"_blank\" rel=\"noopener\">Portal del MEC con informaci\u00f3n detallada<\/a><\/li>\n<li><a href=\"https:\/\/www.becaseducacion.gob.es\/becas-y-ayudas\/ayudas-apoyo-educativo\/tipos-de-becas.html\" target=\"_blank\" rel=\"noopener\">Portal espec\u00edfico de Becas y Ayudas para alumnos con necesidades<\/a><\/li>\n<\/ul>\n<p><strong>\u00bfQui\u00e9n puede solicitarlas?<\/strong><\/p>\n<ul>\n<li>Alumnos matriculados en centros educativos sostenidos con fondos p\u00fablicos de la Comunidad de Madrid que presenten una discapacidad o trastorno que afecte a su aprendizaje y precise de un apoyo educativo espec\u00edfico.<\/li>\n<li>La renta familiar no debe superar los umbrales establecidos.<\/li>\n<\/ul>\n<p><strong>\u00bfQu\u00e9 plazo hay para solicitarlas?<\/strong><\/p>\n<p>El plazo de presentaci\u00f3n de solicitudes estar\u00e1 abierto <strong>desde el 30 de abril de 2025 hasta el 11 de septiembre de 2025<\/strong>.<\/p>\n<p><strong>\u00bfC\u00f3mo se solicitan?<\/strong><\/p>\n<p>La presentaci\u00f3n de solicitudes se hace \u00edntegramente <em>online<\/em> <a href=\"https:\/\/sede.educacion.gob.es\/sede\/login\/inicio.jjsp?idConvocatoria=2286\" target=\"_blank\" rel=\"noopener\"><strong>a trav\u00e9s de este enlace<\/strong><\/a>.<\/p>\n<p><strong>\u00bfQu\u00e9 documentaci\u00f3n hay que presentar?<\/strong><\/p>\n<ul>\n<li>La documentaci\u00f3n podr\u00e1 variar seg\u00fan cada caso concreto.<\/li>\n<li>En la convocatoria se refleja la documentaci\u00f3n que podr\u00e1 ser necesaria.<\/li>\n<\/ul>\n<p><strong>\u00bfCu\u00e1l es la cuant\u00eda de las becas?<\/strong><\/p>\n<p>La cuant\u00eda de las becas variar\u00e1 en funci\u00f3n de las necesidades espec\u00edficas de cada alumno.<\/p>\n<p><strong>M\u00e1s informaci\u00f3n:<\/strong><\/p>\n<ul>\n<li><a href=\"https:\/\/www.educacionfpydeportes.gob.es\/servicios-al-ciudadano\/catalogo\/estudiantes\/becas-ayudas\/para-estudiar\/deportivas\/necesidad-especifica-apoyo-educativo.html\" target=\"_blank\" rel=\"noopener\">Ministerio de Educaci\u00f3n y Ciencia. Becas para alumnado con necesidades educativas.<\/a><\/li>\n<\/ul>\n<\/div>\n<\/div><\/div><\/div><\/div><div id=\"pg-2803-6\"  class=\"panel-grid panel-has-style\" ><div class=\"panel-row-style panel-row-style-for-2803-6\" ><div id=\"pgc-2803-6-0\"  class=\"panel-grid-cell\" ><div id=\"panel-2803-6-0-0\" class=\"so-panel widget widget_sow-editor panel-first-child panel-last-child\" data-index=\"6\" ><div class=\"panel-widget-style panel-widget-style-for-2803-6-0-0\" ><div\n\t\t\t\n\t\t\tclass=\"so-widget-sow-editor so-widget-sow-editor-base\"\n\t\t\t\n\t\t>\n<div class=\"siteorigin-widget-tinymce textwidget\">\n\t<h3><strong>Becas, ayudas, premios y actividades culturales y art\u00edsticas de la Comunidad de MADRID<\/strong><\/h3>\n<\/div>\n<\/div><\/div><\/div><\/div><\/div><\/div><div id=\"pg-2803-7\"  class=\"panel-grid panel-has-style\" ><div class=\"panel-row-style panel-row-style-for-2803-7\" ><div id=\"pgc-2803-7-0\"  class=\"panel-grid-cell\" ><div id=\"panel-2803-7-0-0\" class=\"so-panel widget widget_sow-button panel-first-child panel-last-child\" data-index=\"7\" ><div class=\"panel-widget-style panel-widget-style-for-2803-7-0-0\" ><div\n\t\t\t\n\t\t\tclass=\"so-widget-sow-button so-widget-sow-button-flat-1ac64409a9e5-2803\"\n\t\t\t\n\t\t><div class=\"ow-button-base ow-button-align-left\">\n\t<a\n\thref=\"https:\/\/www.comunidad.madrid\/servicios\/educacion\/becas-ayudas-premios-actividades-culturales-artisticas\"\n\t\tclass=\"ow-icon-placement-left ow-button-hover\" target=\"_blank\" rel=\"noopener noreferrer\" \t>\n\t\t<span>\n\t\t\t<span class=\"sow-icon-icomoon\" data-sow-icon=\"&#xea04;\"\n\t\tstyle=\"color: #6d6d6d\" \n\t\taria-hidden=\"true\"><\/span>\n\t\t\tP\u00e1gina oficial de la Comunidad de Madrid sobre Becas\t\t<\/span>\n\t<\/a>\n<\/div>\n<\/div><\/div><\/div><\/div><\/div><\/div><\/div>","protected":false},"excerpt":{"rendered":"<p>Informaci\u00f3n de Secretar\u00eda sobre Becas.<\/p>\n","protected":false},"author":3,"featured_media":0,"parent":1751,"menu_order":4,"comment_status":"closed","ping_status":"closed","template":"","meta":{"footnotes":""},"folder":[107],"class_list":["post-2803","page","type-page","status-publish","hentry"],"rttpg_featured_image_url":null,"rttpg_author":{"display_name":"ies.tiernogalvan.parla","author_link":"https:\/\/site.educa.madrid.org\/ies.tiernogalvan.parla\/index.php\/author\/cuenta_ies-tiernogalvan-parla\/"},"rttpg_comment":0,"rttpg_category":" <a href=\"https:\/\/site.educa.madrid.org\/ies.tiernogalvan.parla\/?taxonomy=folder&#038;term=51infogeneral-1700825537-3\" rel=\"tag\">5.1_Procesos<\/a>","rttpg_excerpt":"Informaci\u00f3n de Secretar\u00eda sobre Becas.","post_mailing_queue_ids":[],"_links":{"self":[{"href":"https:\/\/site.educa.madrid.org\/ies.tiernogalvan.parla\/index.php\/wp-json\/wp\/v2\/pages\/2803","targetHints":{"allow":["GET"]}}],"collection":[{"href":"https:\/\/site.educa.madrid.org\/ies.tiernogalvan.parla\/index.php\/wp-json\/wp\/v2\/pages"}],"about":[{"href":"https:\/\/site.educa.madrid.org\/ies.tiernogalvan.parla\/index.php\/wp-json\/wp\/v2\/types\/page"}],"author":[{"embeddable":true,"href":"https:\/\/site.educa.madrid.org\/ies.tiernogalvan.parla\/index.php\/wp-json\/wp\/v2\/users\/3"}],"replies":[{"embeddable":true,"href":"https:\/\/site.educa.madrid.org\/ies.tiernogalvan.parla\/index.php\/wp-json\/wp\/v2\/comments?post=2803"}],"version-history":[{"count":38,"href":"https:\/\/site.educa.madrid.org\/ies.tiernogalvan.parla\/index.php\/wp-json\/wp\/v2\/pages\/2803\/revisions"}],"predecessor-version":[{"id":6828,"href":"https:\/\/site.educa.madrid.org\/ies.tiernogalvan.parla\/index.php\/wp-json\/wp\/v2\/pages\/2803\/revisions\/6828"}],"up":[{"embeddable":true,"href":"https:\/\/site.educa.madrid.org\/ies.tiernogalvan.parla\/index.php\/wp-json\/wp\/v2\/pages\/1751"}],"wp:attachment":[{"href":"https:\/\/site.educa.madrid.org\/ies.tiernogalvan.parla\/index.php\/wp-json\/wp\/v2\/media?parent=2803"}],"wp:term":[{"taxonomy":"folder","embeddable":true,"href":"https:\/\/site.educa.madrid.org\/ies.tiernogalvan.parla\/index.php\/wp-json\/wp\/v2\/folder?post=2803"}],"curies":[{"name":"wp","href":"https:\/\/api.w.org\/{rel}","templated":true}]}}