{"id":1265,"date":"2024-02-27T11:46:37","date_gmt":"2024-02-27T10:46:37","guid":{"rendered":"https:\/\/site.educa.madrid.org\/ies.velazquez.torrelodones\/?page_id=1265"},"modified":"2024-06-16T19:07:41","modified_gmt":"2024-06-16T17:07:41","slug":"criterios-de-evaluacion-y-promocion","status":"publish","type":"page","link":"https:\/\/site.educa.madrid.org\/ies.velazquez.torrelodones\/index.php\/criterios-de-evaluacion-y-promocion\/","title":{"rendered":"Criterios de evaluaci\u00f3n y promoci\u00f3n"},"content":{"rendered":"\n<div style=\"height:100px\" aria-hidden=\"true\" class=\"wp-block-spacer\"><\/div>\n\n\n\n<h4 class=\"wp-block-heading\">Criterios de evaluaci\u00f3n:<\/h4>\n\n\n\n<p><a href=\"https:\/\/site.educa.madrid.org\/ies.velazquez.torrelodones\/\/wp-content\/uploads\/ies.velazquez.torrelodones\/2024\/06\/ALEMAN-EXTRACTO-Eval-y-Act-Compl-Extr-23_24.pdf\" target=\"_blank\" rel=\"noreferrer noopener\">Alem\u00e1n<\/a><\/p>\n\n\n\n<p><a href=\"https:\/\/site.educa.madrid.org\/ies.velazquez.torrelodones\/\/wp-content\/uploads\/ies.velazquez.torrelodones\/2024\/06\/BIO-Y-GEO-EXTRACTO-Eval-y-Act-Compl-Extr-23_24.pdf\" target=\"_blank\" rel=\"noreferrer noopener\">Biolog\u00eda y Geolog\u00eda<\/a><\/p>\n\n\n\n<p><a href=\"https:\/\/site.educa.madrid.org\/ies.velazquez.torrelodones\/\/wp-content\/uploads\/ies.velazquez.torrelodones\/2024\/06\/Dibujo-EXTRACTO-Eval-y-Act-Compl-Extr-23_24.pdf\" target=\"_blank\" rel=\"noreferrer noopener\">Dibujo<\/a><\/p>\n\n\n\n<p><a href=\"https:\/\/site.educa.madrid.org\/ies.velazquez.torrelodones\/\/wp-content\/uploads\/ies.velazquez.torrelodones\/2024\/06\/Economia-EXTRACTO-Eval-y-Act-Compl-Extr-23_24.pdf\" target=\"_blank\" rel=\"noreferrer noopener\">Econom\u00eda<\/a><\/p>\n\n\n\n<p><a href=\"https:\/\/site.educa.madrid.org\/ies.velazquez.torrelodones\/\/wp-content\/uploads\/ies.velazquez.torrelodones\/2024\/06\/Educ-Fisica-EXTRACTO-Eval-y-Act-Compl-Extr-23_24.pdf\" target=\"_blank\" rel=\"noreferrer noopener\">Educaci\u00f3n F\u00edsica<\/a><\/p>\n\n\n\n<p><a href=\"https:\/\/site.educa.madrid.org\/ies.velazquez.torrelodones\/\/wp-content\/uploads\/ies.velazquez.torrelodones\/2024\/06\/FILOSOFIA-EXTRACTO-Eval-y-Act-Compl-Extr-23_24.pdf\" target=\"_blank\" rel=\"noreferrer noopener\">Filosof\u00eda<\/a><\/p>\n\n\n\n<p><a href=\"https:\/\/site.educa.madrid.org\/ies.velazquez.torrelodones\/\/wp-content\/uploads\/ies.velazquez.torrelodones\/2024\/06\/FIS-QUIM-EXTRACTO-Eval-y-Act-Compl-Extr-23_24.pdf\" target=\"_blank\" rel=\"noreferrer noopener\">F\u00edsica y Qu\u00edmica<\/a><\/p>\n\n\n\n<p><a href=\"https:\/\/site.educa.madrid.org\/ies.velazquez.torrelodones\/\/wp-content\/uploads\/ies.velazquez.torrelodones\/2024\/06\/Frances-EXTRACTO-Eval-y-Act-Compl-Extr-23_24.pdf\" target=\"_blank\" rel=\"noreferrer noopener\">Franc\u00e9s<\/a><\/p>\n\n\n\n<p><a href=\"https:\/\/site.educa.madrid.org\/ies.velazquez.torrelodones\/\/wp-content\/uploads\/ies.velazquez.torrelodones\/2024\/06\/GEO-E-HIST-EXTRACTO-Eval-y-Act-Compl-Extr-23_24.pdf\" target=\"_blank\" rel=\"noreferrer noopener\">Geograf\u00eda e Historia<\/a><\/p>\n\n\n\n<p><a href=\"https:\/\/site.educa.madrid.org\/ies.velazquez.torrelodones\/\/wp-content\/uploads\/ies.velazquez.torrelodones\/2024\/06\/INGLES-EXTRACTO-Eval-y-Act-Compl-Extr-23_24.pdf\" target=\"_blank\" rel=\"noreferrer noopener\">Ingl\u00e9s<\/a><\/p>\n\n\n\n<p><a href=\"https:\/\/site.educa.madrid.org\/ies.velazquez.torrelodones\/\/wp-content\/uploads\/ies.velazquez.torrelodones\/2024\/06\/INGLES-FPB-EXTRACTO-Eval-y-Act-Compl-Extr-23_24.pdf\" target=\"_blank\" rel=\"noreferrer noopener\">Ingl\u00e9s FPB<\/a><\/p>\n\n\n\n<p><a rel=\"noreferrer noopener\" href=\"https:\/\/site.educa.madrid.org\/ies.velazquez.torrelodones\/\/wp-content\/uploads\/ies.velazquez.torrelodones\/2024\/06\/Lengua-cast-y-Lit-EXTRACTO-Eval-y-Act-Compl-Extr-23_24.pdf\" target=\"_blank\">Lengua Castellan<\/a><a rel=\"noreferrer noopener\" href=\"https:\/\/site.educa.madrid.org\/ies.velazquez.torrelodones\/\/wp-content\/uploads\/ies.velazquez.torrelodones\/2024\/06\/Lengua-cast-y-Lit-EXTRACTO-Eval-y-Act-Compl-Extr-23_24.pdf\" target=\"_blank\">a<\/a><a rel=\"noreferrer noopener\" href=\"https:\/\/site.educa.madrid.org\/ies.velazquez.torrelodones\/\/wp-content\/uploads\/ies.velazquez.torrelodones\/2024\/06\/Lengua-cast-y-Lit-EXTRACTO-Eval-y-Act-Compl-Extr-23_24.pdf\" target=\"_blank\"> <\/a><a rel=\"noreferrer noopener\" href=\"https:\/\/site.educa.madrid.org\/ies.velazquez.torrelodones\/\/wp-content\/uploads\/ies.velazquez.torrelodones\/2024\/06\/Lengua-cast-y-Lit-EXTRACTO-Eval-y-Act-Compl-Extr-23_24.pdf\" target=\"_blank\">y<\/a><a rel=\"noreferrer noopener\" href=\"https:\/\/site.educa.madrid.org\/ies.velazquez.torrelodones\/\/wp-content\/uploads\/ies.velazquez.torrelodones\/2024\/06\/Lengua-cast-y-Lit-EXTRACTO-Eval-y-Act-Compl-Extr-23_24.pdf\" target=\"_blank\"> <\/a><a rel=\"noreferrer noopener\" href=\"https:\/\/site.educa.madrid.org\/ies.velazquez.torrelodones\/\/wp-content\/uploads\/ies.velazquez.torrelodones\/2024\/06\/Lengua-cast-y-Lit-EXTRACTO-Eval-y-Act-Compl-Extr-23_24.pdf\" target=\"_blank\">L<\/a><a rel=\"noreferrer noopener\" href=\"https:\/\/site.educa.madrid.org\/ies.velazquez.torrelodones\/\/wp-content\/uploads\/ies.velazquez.torrelodones\/2024\/06\/Lengua-cast-y-Lit-EXTRACTO-Eval-y-Act-Compl-Extr-23_24.pdf\" target=\"_blank\">i<\/a><a rel=\"noreferrer noopener\" href=\"https:\/\/site.educa.madrid.org\/ies.velazquez.torrelodones\/\/wp-content\/uploads\/ies.velazquez.torrelodones\/2024\/06\/Lengua-cast-y-Lit-EXTRACTO-Eval-y-Act-Compl-Extr-23_24.pdf\" target=\"_blank\">t<\/a><a rel=\"noreferrer noopener\" href=\"https:\/\/site.educa.madrid.org\/ies.velazquez.torrelodones\/\/wp-content\/uploads\/ies.velazquez.torrelodones\/2024\/06\/Lengua-cast-y-Lit-EXTRACTO-Eval-y-Act-Compl-Extr-23_24.pdf\" target=\"_blank\">e<\/a><a rel=\"noreferrer noopener\" href=\"https:\/\/site.educa.madrid.org\/ies.velazquez.torrelodones\/\/wp-content\/uploads\/ies.velazquez.torrelodones\/2024\/06\/Lengua-cast-y-Lit-EXTRACTO-Eval-y-Act-Compl-Extr-23_24.pdf\" target=\"_blank\">r<\/a><a rel=\"noreferrer noopener\" href=\"https:\/\/site.educa.madrid.org\/ies.velazquez.torrelodones\/\/wp-content\/uploads\/ies.velazquez.torrelodones\/2024\/06\/Lengua-cast-y-Lit-EXTRACTO-Eval-y-Act-Compl-Extr-23_24.pdf\" target=\"_blank\">a<\/a><a rel=\"noreferrer noopener\" href=\"https:\/\/site.educa.madrid.org\/ies.velazquez.torrelodones\/\/wp-content\/uploads\/ies.velazquez.torrelodones\/2024\/06\/Lengua-cast-y-Lit-EXTRACTO-Eval-y-Act-Compl-Extr-23_24.pdf\" target=\"_blank\">t<\/a><a rel=\"noreferrer noopener\" href=\"https:\/\/site.educa.madrid.org\/ies.velazquez.torrelodones\/\/wp-content\/uploads\/ies.velazquez.torrelodones\/2024\/06\/Lengua-cast-y-Lit-EXTRACTO-Eval-y-Act-Compl-Extr-23_24.pdf\" target=\"_blank\">u<\/a><a rel=\"noreferrer noopener\" href=\"https:\/\/site.educa.madrid.org\/ies.velazquez.torrelodones\/\/wp-content\/uploads\/ies.velazquez.torrelodones\/2024\/06\/Lengua-cast-y-Lit-EXTRACTO-Eval-y-Act-Compl-Extr-23_24.pdf\" target=\"_blank\">r<\/a><a rel=\"noreferrer noopener\" href=\"https:\/\/site.educa.madrid.org\/ies.velazquez.torrelodones\/\/wp-content\/uploads\/ies.velazquez.torrelodones\/2024\/06\/Lengua-cast-y-Lit-EXTRACTO-Eval-y-Act-Compl-Extr-23_24.pdf\" target=\"_blank\">a<\/a><\/p>\n\n\n\n<p><a href=\"https:\/\/site.educa.madrid.org\/ies.velazquez.torrelodones\/\/wp-content\/uploads\/ies.velazquez.torrelodones\/2024\/06\/Latin-Griego-EXTRACTO-Eval-y-Act-Compl-Extr-23_24.pdf\" target=\"_blank\" rel=\"noreferrer noopener\">Lat\u00edn y Griego<\/a><\/p>\n\n\n\n<p><a href=\"https:\/\/site.educa.madrid.org\/ies.velazquez.torrelodones\/\/wp-content\/uploads\/ies.velazquez.torrelodones\/2024\/06\/Matematicas-EXTRACTO-Eval-y-Act-Compl-Extr-23_24.pdf\" target=\"_blank\" rel=\"noreferrer noopener\">Matem\u00e1ticas<\/a><\/p>\n\n\n\n<p><a href=\"https:\/\/site.educa.madrid.org\/ies.velazquez.torrelodones\/\/wp-content\/uploads\/ies.velazquez.torrelodones\/2024\/06\/Lat-Gri-MitoTeatro-EXTRACTO-Eval-y-Act-Compl-Extr-23_24.pdf\" target=\"_blank\" rel=\"noreferrer noopener\">Mitoteatro<\/a><\/p>\n\n\n\n<p><a href=\"https:\/\/site.educa.madrid.org\/ies.velazquez.torrelodones\/\/wp-content\/uploads\/ies.velazquez.torrelodones\/2024\/06\/Musica-EXTRACTO-Eval-y-Act-Compl-Extr-23_24.pdf\" target=\"_blank\" rel=\"noreferrer noopener\">M\u00fasica<\/a><\/p>\n\n\n\n<p><a href=\"https:\/\/site.educa.madrid.org\/ies.velazquez.torrelodones\/\/wp-content\/uploads\/ies.velazquez.torrelodones\/2024\/06\/Tecnologia-EXTRACTO-Eval-y-Act-Compl-Extr-23_24.pdf\" target=\"_blank\" rel=\"noreferrer noopener\">Tecnolog\u00eda<\/a><\/p>\n\n\n\n<div style=\"height:21px\" aria-hidden=\"true\" class=\"wp-block-spacer\"><\/div>\n\n\n\n<p><strong><u>Normativa de referencia para cuestiones relacionadas con la evaluaci\u00f3n, promoci\u00f3n y&nbsp; titulaci\u00f3n, exenciones y convalidaciones de materias en ESO y Bachillerato:<\/u><\/strong><\/p>\n\n\n\n<figure class=\"wp-block-table\"><table><tbody><tr><td>Convalidaciones y exenciones. Evaluaci\u00f3n y Promoci\u00f3n en ESO:<\/td><td>Cap\u00edtulos IV y V de la<em> ORDEN 1712\/2023, de 19 de mayo, de la Vicepresidencia, Consejer\u00eda de Educaci\u00f3n y Universidades, por la que se regulan determinados aspectos de organizaci\u00f3n, funcionamiento y evaluaci\u00f3n en la Educaci\u00f3n Secundaria Obligatoria<\/em><\/td><\/tr><tr><td>Convalidaciones y exenciones. Evaluaci\u00f3n y Promoci\u00f3n en Bachillerato:<\/td><td>Cap\u00edtulo IV y V de la<em> ORDEN 2067\/2023, de 11 de junio, de la Vicepresidencia, Consejer\u00eda de Educaci\u00f3n y Universidades, por la que se regulan determinados aspectos de organizaci\u00f3n, funcionamiento y evaluaci\u00f3n en el Bachillerato<\/em><\/td><\/tr><tr><td colspan=\"2\"><strong>Evaluaci\u00f3n, Promoci\u00f3n y Titulaci\u00f3n en ESO y Bachillerato:<\/strong><\/td><\/tr><tr><td colspan=\"2\"><em>DECRETO 65\/2022, de 20 de julio, del Consejo de Gobierno, por el que se establecen para la Comunidad de Madrid la ordenaci\u00f3n y el curr\u00edculo de la Educaci\u00f3n Secundaria Obligatoria, Art\u00edculos 21 y siguientes.<\/em> <em>Decreto 64\/2022, de 20 de julio, del Consejo de Gobierno, por el que se establecen para la Comunidad de Madrid la ordenaci\u00f3n y el curr\u00edculo del Bachillerato; Art\u00edculos 23 y 24.<\/em><\/td><\/tr><\/tbody><\/table><\/figure>\n\n\n\n<p>&nbsp;<strong><u>Refuerzos y apoyos.<\/u><\/strong><\/p>\n\n\n\n<p>Durante el presente curso las <strong>medidas de atenci\u00f3n a la diversidad y refuerzos<\/strong> que vamos a aplicar son, fundamentalmente: bajada de ratio en 2\u00ba ESO en Lengua, con la creaci\u00f3n de un grupo mas; materias optativas de recuperaci\u00f3n de Matem\u00e1ticas en 1\u00ba y 2\u00ba ESO; grupos de Diversificaci\u00f3n curricular en 3\u00ba ESO; participaci\u00f3n de asistentes de conversaci\u00f3n en ingl\u00e9s, franc\u00e9s y alem\u00e1n en la ESO; atenci\u00f3n de pedagog\u00eda terap\u00e9utica y fisioterapeuta; adem\u00e1s de las derivadas de los programas <em>PROA+<\/em> y <em>REFUERZA<\/em>. Medidas educativas, todas ellas, que permiten atender a m\u00e1s de sesenta alumnos en una propuesta personalizada a sus circunstancias educativas y a la totalidad de alumnos de la ESO en diferentes \u00e1reas de aprendizaje. Tambi\u00e9n contamos con servicio de enfermer\u00eda escolar.<\/p>\n\n\n\n<p>De la misma forma, y conforme a la normativa vigente, se aplicar\u00e1n las adaptaciones curriculares significativas y de acceso al curr\u00edculo a aquellos alumnos que los equipos docentes lo estimen conveniente y conforme a sus dict\u00e1menes e informes. Se recuerda que es indispensable contar con informes m\u00e9dicos actualizados proporcionados por las familias en los casos en que existan.<\/p>\n\n\n\n<p>Adem\u00e1s, tendr\u00e1n lugar los desdobles acostumbrados de laboratorios en las materias de Biolog\u00eda y Geolog\u00eda y F\u00edsica y Qu\u00edmica en todos los niveles de ESO y en 1\u00ba de Bachillerato.&nbsp;<\/p>\n\n\n\n<p><a href=\"http:\/\/www.diegovelazquez.disercom.es\/criterios-de-evaluacion-y-promocion\/#page\"><\/a><\/p>\n\n\n\n<div style=\"height:100px\" aria-hidden=\"true\" class=\"wp-block-spacer\"><\/div>\n","protected":false},"excerpt":{"rendered":"<p>Criterios de evaluaci\u00f3n: Alem\u00e1n Biolog\u00eda y Geolog\u00eda Dibujo Econom\u00eda Educaci\u00f3n F\u00edsica Filosof\u00eda F\u00edsica y Qu\u00edmica Franc\u00e9s Geograf\u00eda e Historia Ingl\u00e9s Ingl\u00e9s FPB Lengua Castellana y Literatura Lat\u00edn y Griego Matem\u00e1ticas &#8230;<\/p>\n","protected":false},"author":2,"featured_media":0,"parent":0,"menu_order":0,"comment_status":"closed","ping_status":"closed","template":"","meta":{"footnotes":""},"folder":[],"class_list":["post-1265","page","type-page","status-publish","hentry"],"rttpg_featured_image_url":null,"rttpg_author":{"display_name":"tic.ies.velazquez.torrelodones","author_link":"https:\/\/site.educa.madrid.org\/ies.velazquez.torrelodones\/index.php\/author\/cuenta_tic-ies-velazquez-torrelodones\/"},"rttpg_comment":0,"rttpg_category":false,"rttpg_excerpt":"Criterios de evaluaci\u00f3n: Alem\u00e1n Biolog\u00eda y Geolog\u00eda Dibujo Econom\u00eda Educaci\u00f3n F\u00edsica Filosof\u00eda F\u00edsica y Qu\u00edmica Franc\u00e9s Geograf\u00eda e Historia Ingl\u00e9s Ingl\u00e9s FPB Lengua Castellana y Literatura Lat\u00edn y Griego Matem\u00e1ticas ...","post_mailing_queue_ids":[],"_links":{"self":[{"href":"https:\/\/site.educa.madrid.org\/ies.velazquez.torrelodones\/index.php\/wp-json\/wp\/v2\/pages\/1265","targetHints":{"allow":["GET"]}}],"collection":[{"href":"https:\/\/site.educa.madrid.org\/ies.velazquez.torrelodones\/index.php\/wp-json\/wp\/v2\/pages"}],"about":[{"href":"https:\/\/site.educa.madrid.org\/ies.velazquez.torrelodones\/index.php\/wp-json\/wp\/v2\/types\/page"}],"author":[{"embeddable":true,"href":"https:\/\/site.educa.madrid.org\/ies.velazquez.torrelodones\/index.php\/wp-json\/wp\/v2\/users\/2"}],"replies":[{"embeddable":true,"href":"https:\/\/site.educa.madrid.org\/ies.velazquez.torrelodones\/index.php\/wp-json\/wp\/v2\/comments?post=1265"}],"version-history":[{"count":6,"href":"https:\/\/site.educa.madrid.org\/ies.velazquez.torrelodones\/index.php\/wp-json\/wp\/v2\/pages\/1265\/revisions"}],"predecessor-version":[{"id":1886,"href":"https:\/\/site.educa.madrid.org\/ies.velazquez.torrelodones\/index.php\/wp-json\/wp\/v2\/pages\/1265\/revisions\/1886"}],"wp:attachment":[{"href":"https:\/\/site.educa.madrid.org\/ies.velazquez.torrelodones\/index.php\/wp-json\/wp\/v2\/media?parent=1265"}],"wp:term":[{"taxonomy":"folder","embeddable":true,"href":"https:\/\/site.educa.madrid.org\/ies.velazquez.torrelodones\/index.php\/wp-json\/wp\/v2\/folder?post=1265"}],"curies":[{"name":"wp","href":"https:\/\/api.w.org\/{rel}","templated":true}]}}