{"id":1269,"date":"2024-02-27T11:48:37","date_gmt":"2024-02-27T10:48:37","guid":{"rendered":"https:\/\/site.educa.madrid.org\/ies.velazquez.torrelodones\/?page_id=1269"},"modified":"2024-02-28T10:16:54","modified_gmt":"2024-02-28T09:16:54","slug":"recursos-didacticos-y-actividades-de-formacion","status":"publish","type":"page","link":"https:\/\/site.educa.madrid.org\/ies.velazquez.torrelodones\/index.php\/recursos-didacticos-y-actividades-de-formacion\/","title":{"rendered":"Recursos did\u00e1cticos y actividades de formaci\u00f3n"},"content":{"rendered":"\n<div style=\"height:100px\" aria-hidden=\"true\" class=\"wp-block-spacer\"><\/div>\n\n\n\n<p>La Biblioteca ser\u00e1 utilizada como un recurso did\u00e1ctico de los diferentes Departamentos, especialmente en el Departamento de Lengua, para el desarrollo de las habilidades de comprensi\u00f3n lectora y escritura y como foro de encuentro en la Comunidad Educativa para la expresi\u00f3n en las diferentes artes. Adem\u00e1s, funciona como biblioteca de pr\u00e9stamo de libros, programa en el que participan un gran n\u00famero de alumnos.&nbsp;&nbsp; .<\/p>\n\n\n\n<ul class=\"wp-block-list\">\n<li>Seguimos haciendo un uso&nbsp; intensivo de las&nbsp; <em>aulas de inform\u00e1tica y programaci\u00f3n, los recursos inform\u00e1ticos y audiovisuales en las aulas.<\/em><\/li>\n\n\n\n<li>Con el nuevo curso volvemos a &nbsp;las actividades de <em>TEATRO<\/em>, organizadas por el Departamento de Lengua y que tan buena acogida y resultados nos han brindado a lo largo de todos estos a\u00f1os,&nbsp; con varias generaciones de alumnos participantes en ellas.<\/li>\n\n\n\n<li>Hay una alta participaci\u00f3n de profesores a t\u00edtulo personal en numerosos cursos y tareas&nbsp; de formaci\u00f3n y actualizaci\u00f3n did\u00e1ctica y pedag\u00f3gica, publicaciones, estudios e investigaciones.<\/li>\n\n\n\n<li>Organizados por el Departamento de Actividades Extraescolares y Jefatura de Estudios est\u00e1n en fase de desarrollo los siguientes Proyectos:&nbsp;<\/li>\n<\/ul>\n\n\n\n<p>\u2013&nbsp;&nbsp;&nbsp;&nbsp;&nbsp;&nbsp;&nbsp;&nbsp;&nbsp; <em>Proyectos de Intercambios escolares:<\/em><\/p>\n\n\n\n<p>o&nbsp;&nbsp; Estancia en 2\u00ba de ESO en el Reino Unido (Idioma Ingl\u00e9s)<\/p>\n\n\n\n<p>o&nbsp;&nbsp; Intercambios en 3\u00ba de ESO con Francia (Idioma Franc\u00e9s)<\/p>\n\n\n\n<p>o&nbsp;&nbsp; Intercambio en 4\u00ba de ESO con Holanda (Idioma Ingl\u00e9s)<\/p>\n\n\n\n<p>o&nbsp;&nbsp; Intercambio en 4\u00ba de ESO con Alemania (Idiomas Alem\u00e1n\/Ingl\u00e9s)<\/p>\n\n\n\n<p>\u2013 Viaje de fin de curso para 4\u00ba de la ESO. Pendiente de concretar por el nuevo calendario escolar 19-20<\/p>\n\n\n\n<p>\u2013 Viaje al CERN con alumnos\/as de 1\u00ba de Bachillerato<\/p>\n\n\n\n<p>\u2013 Participamos en Eramus+ con alumnos\/as de 2\u00ba, 3\u00ba y 4\u00ba ESO: con Francia y Alemania<\/p>\n\n\n\n<p>\u2013 Participaci\u00f3n en el Programa REFUERZA de apoyo y refuerzo acad\u00e9mico, que incluye distintas actividades de apoyo y formaci\u00f3n en horario vespertino y la colaboraci\u00f3n con el Ayuntamiento de Torrelodones para ofrecer a nuestros alumnos actividades de &nbsp;apoyo, t\u00e9cnicas de estudio, ocio\u2026<\/p>\n\n\n\n<p>\u2013 Continuaremos con el plan de mejora de convivencia en el centro con la formaci\u00f3n y actuaci\u00f3n de alumnos\/as Mediadores\/as y cibermentores\/as<\/p>\n\n\n\n<p>\u2013 Desde Ingl\u00e9s y Geograf\u00eda e Historia, participamos en Global Classrooms, consiguiendo una finalista en el curso 2018-2019<\/p>\n\n\n\n<p>\u2013 Distintos proyectos medioambientales en coordinaci\u00f3n con el Ayuntamiento de Torrelodones.<\/p>\n\n\n\n<p>La mayor\u00eda de estas actividades se realizan con la valiosa ayuda y participaci\u00f3n de nuestra Asociaci\u00f3n de Madres, Padres y Tutores. &nbsp;&nbsp;<\/p>\n\n\n\n<div style=\"height:100px\" aria-hidden=\"true\" class=\"wp-block-spacer\"><\/div>\n","protected":false},"excerpt":{"rendered":"<p>La Biblioteca ser\u00e1 utilizada como un recurso did\u00e1ctico de los diferentes Departamentos, especialmente en el Departamento de Lengua, para el desarrollo de las habilidades de comprensi\u00f3n lectora y escritura y &#8230;<\/p>\n","protected":false},"author":2,"featured_media":0,"parent":0,"menu_order":0,"comment_status":"closed","ping_status":"closed","template":"","meta":{"footnotes":""},"folder":[],"class_list":["post-1269","page","type-page","status-publish","hentry"],"rttpg_featured_image_url":null,"rttpg_author":{"display_name":"tic.ies.velazquez.torrelodones","author_link":"https:\/\/site.educa.madrid.org\/ies.velazquez.torrelodones\/index.php\/author\/cuenta_tic-ies-velazquez-torrelodones\/"},"rttpg_comment":0,"rttpg_category":false,"rttpg_excerpt":"La Biblioteca ser\u00e1 utilizada como un recurso did\u00e1ctico de los diferentes Departamentos, especialmente en el Departamento de Lengua, para el desarrollo de las habilidades de comprensi\u00f3n lectora y escritura y ...","post_mailing_queue_ids":[],"_links":{"self":[{"href":"https:\/\/site.educa.madrid.org\/ies.velazquez.torrelodones\/index.php\/wp-json\/wp\/v2\/pages\/1269","targetHints":{"allow":["GET"]}}],"collection":[{"href":"https:\/\/site.educa.madrid.org\/ies.velazquez.torrelodones\/index.php\/wp-json\/wp\/v2\/pages"}],"about":[{"href":"https:\/\/site.educa.madrid.org\/ies.velazquez.torrelodones\/index.php\/wp-json\/wp\/v2\/types\/page"}],"author":[{"embeddable":true,"href":"https:\/\/site.educa.madrid.org\/ies.velazquez.torrelodones\/index.php\/wp-json\/wp\/v2\/users\/2"}],"replies":[{"embeddable":true,"href":"https:\/\/site.educa.madrid.org\/ies.velazquez.torrelodones\/index.php\/wp-json\/wp\/v2\/comments?post=1269"}],"version-history":[{"count":3,"href":"https:\/\/site.educa.madrid.org\/ies.velazquez.torrelodones\/index.php\/wp-json\/wp\/v2\/pages\/1269\/revisions"}],"predecessor-version":[{"id":1430,"href":"https:\/\/site.educa.madrid.org\/ies.velazquez.torrelodones\/index.php\/wp-json\/wp\/v2\/pages\/1269\/revisions\/1430"}],"wp:attachment":[{"href":"https:\/\/site.educa.madrid.org\/ies.velazquez.torrelodones\/index.php\/wp-json\/wp\/v2\/media?parent=1269"}],"wp:term":[{"taxonomy":"folder","embeddable":true,"href":"https:\/\/site.educa.madrid.org\/ies.velazquez.torrelodones\/index.php\/wp-json\/wp\/v2\/folder?post=1269"}],"curies":[{"name":"wp","href":"https:\/\/api.w.org\/{rel}","templated":true}]}}