{"id":1391,"date":"2024-02-27T18:05:09","date_gmt":"2024-02-27T17:05:09","guid":{"rendered":"https:\/\/site.educa.madrid.org\/ies.velazquez.torrelodones\/?page_id=1391"},"modified":"2025-11-30T10:26:30","modified_gmt":"2025-11-30T09:26:30","slug":"otros-cargos-y-responsables-de-programas","status":"publish","type":"page","link":"https:\/\/site.educa.madrid.org\/ies.velazquez.torrelodones\/index.php\/otros-cargos-y-responsables-de-programas\/","title":{"rendered":"Otros cargos y responsables de programas"},"content":{"rendered":"\n<div style=\"height:100px\" aria-hidden=\"true\" class=\"wp-block-spacer\"><\/div>\n\n\n\n<ul class=\"wp-block-list\">\n<li><strong>Coordinador\/a de biling\u00fcismo:<\/strong> Amaia Azcona Cueva &nbsp;aazconacueva@educa.madrid.org<\/li>\n\n\n\n<li><strong>Jefa Departamento Orientaci\u00f3n:<\/strong> Cristina Roses D\u00edaz de Rada        deporientacion.ies.velazquez.torrelodones@educa.madrid.org<\/li>\n\n\n\n<li><strong>Coordinadores de internacionalizaci\u00f3n y Erasmus:<\/strong>\n<ul class=\"wp-block-list\">\n<li> \u00c1ngel Ramos L\u00f3pez del Prado <\/li>\n\n\n\n<li>Sara Moreno Spinoza<\/li>\n<\/ul>\n<\/li>\n\n\n\n<li><strong>Profesor TIC (coordinador de Tecnolog\u00edas de la Informaci\u00f3n y la Comunicaci\u00f3n): <\/strong>David Quintanar Agenjo<\/li>\n\n\n\n<li><strong>Coordinador Programa Escuela 4.0 y Robotizaci\u00f3n: <\/strong>David Quintanar Agenjo<\/li>\n\n\n\n<li><strong>Coordinadora de actividades extraescolares y complementarias:<\/strong> Adela \u00c1lvarez Mart\u00edn        adela.alvarezmartin@educa.madrid.org<\/li>\n\n\n\n<li><strong>Coordinadora de Bienestar:<\/strong> Cristina Roses D\u00edaz de Rada<\/li>\n\n\n\n<li><strong>Coordinadora Accede:<\/strong> Ester Pareja Villahermosa        accede@iesdiegovelazquez.org<\/li>\n\n\n\n<li><strong>Coordinadora 4+Empresa:<\/strong> Ana Cabanillas Pacini<\/li>\n\n\n\n<li><strong>Coordinadora Programa REFUERZA: <\/strong>Cristina Roses D\u00edaz de Rada.<\/li>\n\n\n\n<li><strong>Coordinadora PROA+:<\/strong>\u00a0 Cristina Roses D\u00edaz de Rada<\/li>\n\n\n\n<li><strong>Coordinadora de sostenibilidad:<\/strong> Eloisa Gonz\u00e1lez Medina<\/li>\n\n\n\n<li><strong>Responsable de biblioteca: <\/strong>Miguel Montejo Garc\u00eda<\/li>\n<\/ul>\n\n\n\n<div style=\"height:100px\" aria-hidden=\"true\" class=\"wp-block-spacer\"><\/div>\n","protected":false},"excerpt":{"rendered":"","protected":false},"author":2,"featured_media":0,"parent":0,"menu_order":0,"comment_status":"closed","ping_status":"closed","template":"","meta":{"footnotes":""},"folder":[],"class_list":["post-1391","page","type-page","status-publish","hentry"],"rttpg_featured_image_url":null,"rttpg_author":{"display_name":"tic.ies.velazquez.torrelodones","author_link":"https:\/\/site.educa.madrid.org\/ies.velazquez.torrelodones\/index.php\/author\/cuenta_tic-ies-velazquez-torrelodones\/"},"rttpg_comment":0,"rttpg_category":false,"rttpg_excerpt":null,"post_mailing_queue_ids":[],"_links":{"self":[{"href":"https:\/\/site.educa.madrid.org\/ies.velazquez.torrelodones\/index.php\/wp-json\/wp\/v2\/pages\/1391","targetHints":{"allow":["GET"]}}],"collection":[{"href":"https:\/\/site.educa.madrid.org\/ies.velazquez.torrelodones\/index.php\/wp-json\/wp\/v2\/pages"}],"about":[{"href":"https:\/\/site.educa.madrid.org\/ies.velazquez.torrelodones\/index.php\/wp-json\/wp\/v2\/types\/page"}],"author":[{"embeddable":true,"href":"https:\/\/site.educa.madrid.org\/ies.velazquez.torrelodones\/index.php\/wp-json\/wp\/v2\/users\/2"}],"replies":[{"embeddable":true,"href":"https:\/\/site.educa.madrid.org\/ies.velazquez.torrelodones\/index.php\/wp-json\/wp\/v2\/comments?post=1391"}],"version-history":[{"count":7,"href":"https:\/\/site.educa.madrid.org\/ies.velazquez.torrelodones\/index.php\/wp-json\/wp\/v2\/pages\/1391\/revisions"}],"predecessor-version":[{"id":3172,"href":"https:\/\/site.educa.madrid.org\/ies.velazquez.torrelodones\/index.php\/wp-json\/wp\/v2\/pages\/1391\/revisions\/3172"}],"wp:attachment":[{"href":"https:\/\/site.educa.madrid.org\/ies.velazquez.torrelodones\/index.php\/wp-json\/wp\/v2\/media?parent=1391"}],"wp:term":[{"taxonomy":"folder","embeddable":true,"href":"https:\/\/site.educa.madrid.org\/ies.velazquez.torrelodones\/index.php\/wp-json\/wp\/v2\/folder?post=1391"}],"curies":[{"name":"wp","href":"https:\/\/api.w.org\/{rel}","templated":true}]}}