{"id":2512,"date":"2025-05-30T11:22:32","date_gmt":"2025-05-30T09:22:32","guid":{"rendered":"https:\/\/site.educa.madrid.org\/ies.velazquez.torrelodones\/?page_id=2512"},"modified":"2025-06-19T23:32:52","modified_gmt":"2025-06-19T21:32:52","slug":"matriculacion-2025-2026","status":"publish","type":"page","link":"https:\/\/site.educa.madrid.org\/ies.velazquez.torrelodones\/index.php\/matriculacion-2025-2026\/","title":{"rendered":"Matriculaci\u00f3n 2025 &#8211; 2026"},"content":{"rendered":"\n<div style=\"height:100px\" aria-hidden=\"true\" class=\"wp-block-spacer\"><\/div>\n\n\n\n<div class=\"wp-block-columns is-layout-flex wp-container-core-columns-is-layout-9d6595d7 wp-block-columns-is-layout-flex\">\n<div class=\"wp-block-column is-layout-flow wp-block-column-is-layout-flow\">\n<h3 class=\"wp-block-heading has-text-align-left\">Calendario de matriculaci\u00f3n 25-26 &#8211; IES Diego Vel\u00e1zquez<\/h3>\n\n\n\n<figure class=\"wp-block-table\"><table class=\"has-fixed-layout\"><tbody><tr><td class=\"has-text-align-center\" data-align=\"center\"><strong>11 &#8211; 12 de junio<\/strong><\/td><td class=\"has-text-align-center\" data-align=\"center\"><strong>23 &#8211; 24 junio<\/strong><\/td><td class=\"has-text-align-center\" data-align=\"center\"><strong>23 al 26  junio<\/strong><\/td><td class=\"has-text-align-center\" data-align=\"center\"><strong>26 al 27 junio<\/strong><\/td><td class=\"has-text-align-center\" data-align=\"center\"><strong>30  junio<\/strong><\/td><td class=\"has-text-align-center\" data-align=\"center\"><strong>1  julio<\/strong><\/td><td class=\"has-text-align-center\" data-align=\"center\"><strong>2 &#8211; 3 julio <\/strong><\/td><td class=\"has-text-align-center\" data-align=\"center\"><strong>4 julio<\/strong><\/td><\/tr><tr><td class=\"has-text-align-center\" data-align=\"center\">2\u00ba Bach.<br>(alum. centro)<\/td><td class=\"has-text-align-center\" data-align=\"center\">2\u00ba Bach.(nuevos y extraordinaria)<\/td><td class=\"has-text-align-center\" data-align=\"center\">1\u00ba Bach.<\/td><td class=\"has-text-align-center\" data-align=\"center\">4\u00ba ESO<\/td><td class=\"has-text-align-center\" data-align=\"center\">3\u00ba ESO<\/td><td class=\"has-text-align-center\" data-align=\"center\">2\u00ba ESO<\/td><td class=\"has-text-align-center\" data-align=\"center\">1\u00ba ESO<\/td><td class=\"has-text-align-center\" data-align=\"center\">Incidencias todos los niveles<\/td><\/tr><\/tbody><\/table><\/figure>\n\n\n\n<div style=\"height:20px\" aria-hidden=\"true\" class=\"wp-block-spacer\"><\/div>\n\n\n\n<ul class=\"wp-block-list\">\n<li>A partir del 5 de julio: <strong>Listas de espera:<\/strong> a medida que se generen vacantes se ir\u00e1 llamando por tel\u00e9fono a los solicitantes conforme a su puesto en la lista de espera.<\/li>\n\n\n\n<li>Julio (fechas por concretar <strong>Bachillerato de Excelencia<\/strong>): solicitud admisi\u00f3n y matr\u00edcula de admitidos.<\/li>\n<\/ul>\n\n\n\n<p><strong>Horario de atenci\u00f3n en Secretar\u00eda: 8:30 a 14:00 horas<\/strong><\/p>\n\n\n\n<p><strong>INSTRUCCIONES MATR\u00cdCULA ESO Y BACHILLERATO 25-26.<\/strong><\/p>\n\n\n\n<ul class=\"wp-block-list\">\n<li><strong><a href=\"https:\/\/site.educa.madrid.org\/ies.velazquez.torrelodones\/\/wp-content\/uploads\/ies.velazquez.torrelodones\/2025\/06\/Instrucciones-Matricula-ESO-y-Bachillerato-25-26-NEW.pdf\" target=\"_blank\" rel=\"noreferrer noopener\">Instrucciones Matr\u00edcula ESO y Bachillerato 25-26.<\/a><\/strong><\/li>\n<\/ul>\n\n\n\n<p><strong>MATRICULACI\u00d3N BACHILLERATO EXCELENCIA<\/strong><\/p>\n\n\n\n<div style=\"height:52px\" aria-hidden=\"true\" class=\"wp-block-spacer\"><\/div>\n\n\n\n<p><strong>OTROS DOCUMENTOS DE MATR\u00cdCULA<\/strong><\/p>\n\n\n\n<p><\/p>\n\n\n\n<ul class=\"wp-block-list\">\n<li><strong><a href=\"https:\/\/site.educa.madrid.org\/ies.velazquez.torrelodones\/\/wp-content\/uploads\/ies.velazquez.torrelodones\/2025\/06\/Informacion-Rutas-Escolares-curso-25-26.pdf\" target=\"_blank\" rel=\"noreferrer noopener\">Informaci\u00f3n Rutas Escolares&nbsp; curso 25-26<\/a><\/strong><\/li>\n\n\n\n<li><strong><a href=\"https:\/\/site.educa.madrid.org\/ies.velazquez.torrelodones\/\/wp-content\/uploads\/ies.velazquez.torrelodones\/2025\/06\/DOCUMENTO-BACH-REPETIDORES-RENUNCIA-CALIFICACIONES.pdf\" target=\"_blank\" rel=\"noreferrer noopener\">Documento Bachillerato repetidores renuncia calificaciones.<\/a><\/strong><\/li>\n\n\n\n<li><strong><a href=\"https:\/\/site.educa.madrid.org\/ies.velazquez.torrelodones\/\/wp-content\/uploads\/ies.velazquez.torrelodones\/2025\/06\/DECLARACION-RESPONSABLE.pdf\" target=\"_blank\" rel=\"noreferrer noopener\">Declaraci\u00f3n responsable.<\/a><\/strong><\/li>\n\n\n\n<li><strong><a href=\"https:\/\/site.educa.madrid.org\/ies.velazquez.torrelodones\/\/wp-content\/uploads\/ies.velazquez.torrelodones\/2025\/06\/1-CONSENTIMIENTO-INFORMADO-MENOR-14-ANOS-PARA-FAMILIAS-2025_26.pdf\" target=\"_blank\" rel=\"noreferrer noopener\">Consentimiento informado menores de 14 a\u00f1os.&nbsp;<\/a><\/strong><\/li>\n\n\n\n<li><strong><a href=\"https:\/\/site.educa.madrid.org\/ies.velazquez.torrelodones\/\/wp-content\/uploads\/ies.velazquez.torrelodones\/2025\/06\/2-CONSENTIMIENTO-INFORMADO-MAYOR-14-ANOS-PARA-FAMILIAS-2025_26.pdf\" target=\"_blank\" rel=\"noreferrer noopener\">Consentimiento informado mayores de 14 a\u00f1os.&nbsp;<\/a><\/strong><\/li>\n\n\n\n<li><strong><a href=\"https:\/\/site.educa.madrid.org\/ies.velazquez.torrelodones\/\/wp-content\/uploads\/ies.velazquez.torrelodones\/2025\/06\/3-CONSENTIMIENTO-INFORMADO-MAYORES-DE-EDAD-2025_26.pdf\" target=\"_blank\" rel=\"noreferrer noopener\">Consentimiento informado mayores de edad.&nbsp;<\/a><\/strong><\/li>\n\n\n\n<li><strong>Solicitud admisi\u00f3n para ALUMNOS NO ADMITIDOS en el proceso de admisi\u00f3n para el curso 2025\/2026 PROCEDENTES DE LA LISTA DE ESPERA.<\/strong><\/li>\n<\/ul>\n\n\n\n<p><strong>OTROS DOCUMENTOS SECCI\u00d3N FRANCESA:&nbsp;<\/strong><\/p>\n\n\n\n<ul class=\"wp-block-list\">\n<li><strong><a href=\"https:\/\/site.educa.madrid.org\/ies.velazquez.torrelodones\/\/wp-content\/uploads\/ies.velazquez.torrelodones\/2025\/06\/Anexo-Solic-autorizacion-intercambio-epistolar-Lin-francesa.docx.pdf\" target=\"_blank\" rel=\"noreferrer noopener\">Autorizaci\u00f3n para participaci\u00f3n en intercambios epistolares en secci\u00f3n Francesa.<\/a><\/strong><\/li>\n\n\n\n<li><strong><a href=\"https:\/\/site.educa.madrid.org\/ies.velazquez.torrelodones\/\/wp-content\/uploads\/ies.velazquez.torrelodones\/2025\/06\/Anexo-ESO-Solic-admis-Secc-Lin-francesa.docx.pdf\">Inscripci\u00f3n en los \u00abEstudios Triling\u00fces con secci\u00f3n Ling\u00fc\u00edstica en franc\u00e9s\u00bb<\/a><\/strong><\/li>\n<\/ul>\n\n\n\n<p><strong>OTROS DOCUMENTOS:&nbsp;<\/strong><\/p>\n\n\n\n<ul class=\"wp-block-list\">\n<li><strong>Libros de texto curso 2025-2026<\/strong><\/li>\n\n\n\n<li><strong><a href=\"https:\/\/site.educa.madrid.org\/ies.velazquez.torrelodones\/\/wp-content\/uploads\/ies.velazquez.torrelodones\/2025\/06\/INFORMACION-PARA-EL-ALQUILER-DE-TAQUILLAS-CURSO-25-26.pdf\">Informaci\u00f3n para el alquiler de taquillas curso 25-26.&nbsp;<\/a><\/strong><\/li>\n\n\n\n<li><strong><a href=\"https:\/\/docs.google.com\/forms\/d\/e\/1FAIpQLSc8CAsRlLe8RDpLRgHl4zNUONzci8zOM67RoKmzD2ghyOYptw\/viewform\" target=\"_blank\" rel=\"noreferrer noopener\">Formulario socios AMPTA (Asociaci\u00f3n de Madres, Padres y Tutores legales de Alumnos).&nbsp;<\/a><\/strong><\/li>\n<\/ul>\n\n\n\n<p><strong>FORMULARIOS DE MATR\u00cdCULA:<\/strong><\/p>\n\n\n\n<ul class=\"wp-block-list\">\n<li><a href=\"https:\/\/site.educa.madrid.org\/ies.velazquez.torrelodones\/\/wp-content\/uploads\/ies.velazquez.torrelodones\/2025\/06\/1-ESO-Bilingue-Espanol-Ingles.pdf\" target=\"_blank\" rel=\"noreferrer noopener\">1\u00ba ESO Biling\u00fce Espa\u00f1ol-Ingl\u00e9s (Secci\u00f3n\/Programa)<\/a><\/li>\n\n\n\n<li><a href=\"https:\/\/site.educa.madrid.org\/ies.velazquez.torrelodones\/\/wp-content\/uploads\/ies.velazquez.torrelodones\/2025\/06\/1-ESO-FRANCES.pdf\" target=\"_blank\" rel=\"noreferrer noopener\">1\u00ba ESO Secci\u00f3n Francesa<\/a><\/li>\n\n\n\n<li><a href=\"https:\/\/site.educa.madrid.org\/ies.velazquez.torrelodones\/\/wp-content\/uploads\/ies.velazquez.torrelodones\/2025\/06\/2-ESO-Bilingue-Espanol-Ingles.pdf\" target=\"_blank\" rel=\"noreferrer noopener\">2\u00ba ESO Biling\u00fce Espa\u00f1ol-Ingl\u00e9s (Secci\u00f3n\/Programa)<\/a><\/li>\n\n\n\n<li><a href=\"https:\/\/site.educa.madrid.org\/ies.velazquez.torrelodones\/\/wp-content\/uploads\/ies.velazquez.torrelodones\/2025\/06\/2-ESO-FRANCES.pdf\" target=\"_blank\" rel=\"noreferrer noopener\">2\u00ba ESO Secci\u00f3n Francesa<\/a><\/li>\n\n\n\n<li><a href=\"https:\/\/site.educa.madrid.org\/ies.velazquez.torrelodones\/\/wp-content\/uploads\/ies.velazquez.torrelodones\/2025\/06\/3o-ESO-Bilingue-Espanol-Ingles-SeccionPrograma.pdf\" target=\"_blank\" rel=\"noreferrer noopener\">3\u00ba ESO Biling\u00fce Espa\u00f1ol-Ingl\u00e9s (Secci\u00f3n\/Programa)<\/a><\/li>\n\n\n\n<li><a href=\"https:\/\/site.educa.madrid.org\/ies.velazquez.torrelodones\/\/wp-content\/uploads\/ies.velazquez.torrelodones\/2025\/06\/3-ESO-SECCION-FRANCESA.pdf\" target=\"_blank\" rel=\"noreferrer noopener\">3\u00ba ESO Secci\u00f3n Francesa<\/a><\/li>\n\n\n\n<li><a href=\"https:\/\/site.educa.madrid.org\/ies.velazquez.torrelodones\/\/wp-content\/uploads\/ies.velazquez.torrelodones\/2025\/06\/3o-DIVER.pdf\" target=\"_blank\" rel=\"noreferrer noopener\">3\u00ba ESO Diversificaci\u00f3n. 1er curso del programa de Diversificaci\u00f3n curricular.&nbsp;<\/a><\/li>\n\n\n\n<li><a href=\"https:\/\/site.educa.madrid.org\/ies.velazquez.torrelodones\/\/wp-content\/uploads\/ies.velazquez.torrelodones\/2025\/06\/4o-ESO-Bilingue-Espanol-Ingles-SeccionPrograma.pdf\" target=\"_blank\" rel=\"noreferrer noopener\">4\u00ba ESO Biling\u00fce Espa\u00f1ol-Ingl\u00e9s (Secci\u00f3n\/Programa)<\/a><\/li>\n\n\n\n<li><a href=\"https:\/\/site.educa.madrid.org\/ies.velazquez.torrelodones\/\/wp-content\/uploads\/ies.velazquez.torrelodones\/2025\/06\/4o-ESO-Seccion-Francesa.pdf\" target=\"_blank\" rel=\"noreferrer noopener\">4\u00ba ESO Secci\u00f3n Francesa<\/a><\/li>\n\n\n\n<li><a href=\"https:\/\/site.educa.madrid.org\/ies.velazquez.torrelodones\/\/wp-content\/uploads\/ies.velazquez.torrelodones\/2025\/06\/4o-DIVER.pdf\" target=\"_blank\" rel=\"noreferrer noopener\">4\u00ba ESO Diversificaci\u00f3n. 2\u00ba curso del programa de Diversificaci\u00f3n curricular<\/a><\/li>\n\n\n\n<li><a href=\"https:\/\/site.educa.madrid.org\/ies.velazquez.torrelodones\/\/wp-content\/uploads\/ies.velazquez.torrelodones\/2025\/06\/1o-BACHILLERATO-HUMANIDADES-Y-CIENCIAS-SOCIALES.pdf\" target=\"_blank\" rel=\"noreferrer noopener\">1\u00ba BACHILLERATO HUMANIDADES Y CIENCIAS SOCIALES<\/a>. <em><a href=\"https:\/\/site.educa.madrid.org\/ies.velazquez.torrelodones\/\/wp-content\/uploads\/ies.velazquez.torrelodones\/2025\/06\/25_06_16-Circular-familias-Ingles-Av-en-Bachillerato.pdf\" target=\"_blank\" rel=\"noreferrer noopener\">Importante, leer circular Dpto. Ingl\u00e9s<\/a> para la elecci\u00f3n de Ingl\u00e9s o Ingl\u00e9s avanzado.<\/em><\/li>\n\n\n\n<li><a href=\"https:\/\/site.educa.madrid.org\/ies.velazquez.torrelodones\/\/wp-content\/uploads\/ies.velazquez.torrelodones\/2025\/06\/1o-BACHILLERATO-CIENCIAS.pdf\" target=\"_blank\" rel=\"noreferrer noopener\">1\u00ba BACHILLERATO CIENCIAS<\/a>.<a href=\"https:\/\/site.educa.madrid.org\/ies.velazquez.torrelodones\/\/wp-content\/uploads\/ies.velazquez.torrelodones\/2025\/06\/25_06_16-Circular-familias-Ingles-Av-en-Bachillerato.pdf\" target=\"_blank\" rel=\"noreferrer noopener\"> <\/a><em><a href=\"https:\/\/site.educa.madrid.org\/ies.velazquez.torrelodones\/\/wp-content\/uploads\/ies.velazquez.torrelodones\/2025\/06\/25_06_16-Circular-familias-Ingles-Av-en-Bachillerato.pdf\" target=\"_blank\" rel=\"noreferrer noopener\">Importante, leer circular Dpto. Ingl\u00e9s<\/a> para la elecci\u00f3n de Ingl\u00e9s o Ingl\u00e9s avanzado.<\/em><\/li>\n\n\n\n<li><a href=\"https:\/\/site.educa.madrid.org\/ies.velazquez.torrelodones\/\/wp-content\/uploads\/ies.velazquez.torrelodones\/2025\/06\/1-BACH-Excelencia-1.pdf\" target=\"_blank\" rel=\"noreferrer noopener\">1\u00ba BACHILLERATO EXCELENCIA<\/a>.<em> <a href=\"https:\/\/site.educa.madrid.org\/ies.velazquez.torrelodones\/\/wp-content\/uploads\/ies.velazquez.torrelodones\/2025\/06\/25_06_16-Circular-familias-Ingles-Av-en-Bachillerato.pdf\" target=\"_blank\" rel=\"noreferrer noopener\">Importante, leer circular Dpto. Ingl\u00e9s<\/a> para la elecci\u00f3n de Ingl\u00e9s o Ingl\u00e9s avanzado.<\/em><\/li>\n\n\n\n<li><a href=\"https:\/\/site.educa.madrid.org\/ies.velazquez.torrelodones\/\/wp-content\/uploads\/ies.velazquez.torrelodones\/2025\/06\/1-BACHIBAC-1.pdf\" target=\"_blank\" rel=\"noreferrer noopener\">1\u00ba BACHIBAC<\/a>. <em><a href=\"https:\/\/site.educa.madrid.org\/ies.velazquez.torrelodones\/\/wp-content\/uploads\/ies.velazquez.torrelodones\/2025\/06\/25_06_16-Circular-familias-Ingles-Av-en-Bachillerato.pdf\" target=\"_blank\" rel=\"noreferrer noopener\">Importante, leer circular Dpto. Ingl\u00e9s<\/a> para la elecci\u00f3n de Ingl\u00e9s o Ingl\u00e9s avanzado.<\/em><\/li>\n\n\n\n<li><a href=\"https:\/\/site.educa.madrid.org\/ies.velazquez.torrelodones\/\/wp-content\/uploads\/ies.velazquez.torrelodones\/2025\/06\/2-BACH.pdf\" target=\"_blank\" rel=\"noreferrer noopener\">2\u00ba BACHILLERATO<\/a><\/li>\n\n\n\n<li><a href=\"https:\/\/site.educa.madrid.org\/ies.velazquez.torrelodones\/\/wp-content\/uploads\/ies.velazquez.torrelodones\/2025\/06\/2-BAC-EXCELECiA-1.pdf\" target=\"_blank\" rel=\"noreferrer noopener\">2\u00ba BACHILLERATO EXCELENCIA<\/a><\/li>\n\n\n\n<li><a href=\"https:\/\/site.educa.madrid.org\/ies.velazquez.torrelodones\/\/wp-content\/uploads\/ies.velazquez.torrelodones\/2025\/06\/2-BACH-repetidores-1.pdf\" target=\"_blank\" rel=\"noreferrer noopener\">2\u00ba BACHILLERATO Alumnos repetidores que cursan alguna materia.&nbsp;<\/a><\/li>\n<\/ul>\n<\/div>\n\n\n\n<div class=\"wp-block-column is-layout-flow wp-block-column-is-layout-flow\">\n<h3 class=\"wp-block-heading has-text-align-center\">Ciclos Formativos<\/h3>\n\n\n\n<ul class=\"wp-block-list\">\n<li><strong><a href=\"https:\/\/site.educa.madrid.org\/ies.velazquez.torrelodones\/\/wp-content\/uploads\/ies.velazquez.torrelodones\/2025\/06\/calendario_admision_grado-basico_25-26.pdf\" target=\"_blank\" rel=\"noreferrer noopener\">Calendario de admisi\u00f3n\/matriculaci\u00f3n ciclos formativos de grado b\u00e1sico.<\/a><\/strong><\/li>\n\n\n\n<li><strong><a href=\"https:\/\/site.educa.madrid.org\/ies.velazquez.torrelodones\/\/wp-content\/uploads\/ies.velazquez.torrelodones\/2025\/06\/calendario_admision_grado-medio_25-26.pdf\" target=\"_blank\" rel=\"noreferrer noopener\">Calendario de admisi\u00f3n\/matriculaci\u00f3n ciclos formativos de grado medio.<\/a><\/strong><\/li>\n<\/ul>\n\n\n\n<p><\/p>\n\n\n\n<p><strong>INSTRUCCIONES MATR\u00cdCULA FGB 25-26<\/strong><\/p>\n\n\n\n<ul class=\"wp-block-list\">\n<li><strong><a href=\"https:\/\/site.educa.madrid.org\/ies.velazquez.torrelodones\/\/wp-content\/uploads\/ies.velazquez.torrelodones\/2025\/06\/Instrucciones-Matricula-CICLOS-FORMATIVOS.pdf\" target=\"_blank\" rel=\"noreferrer noopener\">Instrucciones Matricula Ciclos Formativos<\/a><\/strong><\/li>\n\n\n\n<li><strong><a href=\"https:\/\/www.comunidad.madrid\/sites\/default\/files\/doc\/educacion\/fp\/calendario_admision_gb_25-26.pdf\">Calendario de admisi\u00f3n y matr\u00edcula <\/a><\/strong><\/li>\n\n\n\n<li><strong>Gu\u00eda proceso de Admisi\u00f3n Ciclos formativos a trav\u00e9s de Secretar\u00eda Virtual<\/strong><\/li>\n<\/ul>\n\n\n\n<p><strong>OTROS DOCUMENTOS DE MATR\u00cdCULA<\/strong><\/p>\n\n\n\n<ul class=\"wp-block-list\">\n<li><strong><a href=\"https:\/\/site.educa.madrid.org\/ies.velazquez.torrelodones\/\/wp-content\/uploads\/ies.velazquez.torrelodones\/2025\/06\/DECLARACION-RESPONSABLE.pdf\" target=\"_blank\" rel=\"noreferrer noopener\">Declaraci\u00f3n responsable<\/a><\/strong><\/li>\n\n\n\n<li><strong><a href=\"https:\/\/site.educa.madrid.org\/ies.velazquez.torrelodones\/\/wp-content\/uploads\/ies.velazquez.torrelodones\/2025\/06\/2-CONSENTIMIENTO-INFORMADO-MAYOR-14-ANOS-PARA-FAMILIAS-2025_26.pdf\" target=\"_blank\" rel=\"noreferrer noopener\">Consentimiento informado mayores de  14 a\u00f1os<\/a><\/strong><\/li>\n\n\n\n<li><strong><a href=\"https:\/\/site.educa.madrid.org\/ies.velazquez.torrelodones\/\/wp-content\/uploads\/ies.velazquez.torrelodones\/2025\/06\/3-CONSENTIMIENTO-INFORMADO-MAYORES-DE-EDAD-2025_26.pdf\" target=\"_blank\" rel=\"noreferrer noopener\">Consentimiento informado mayores de edad<\/a><\/strong><\/li>\n<\/ul>\n\n\n\n<p><strong>OTROS DOCUMENTOS<\/strong><\/p>\n\n\n\n<ul class=\"wp-block-list\">\n<li><strong>Libros de texto  curso 2025-2026<\/strong><\/li>\n\n\n\n<li><a href=\"https:\/\/site.educa.madrid.org\/ies.velazquez.torrelodones\/\/wp-content\/uploads\/ies.velazquez.torrelodones\/2025\/06\/INFORMACION-PARA-EL-ALQUILER-DE-TAQUILLAS-CURSO-25-26.pdf\" target=\"_blank\" rel=\"noreferrer noopener\"><strong>Informaci\u00f3n para el alquiler de taquillas<\/strong> <strong>curso 2025-2026<\/strong><\/a><\/li>\n\n\n\n<li><a href=\"https:\/\/docs.google.com\/forms\/d\/e\/1FAIpQLSc8CAsRlLe8RDpLRgHl4zNUONzci8zOM67RoKmzD2ghyOYptw\/viewform\" target=\"_blank\" rel=\"noreferrer noopener\"><strong>Formularios socios AMPTA<\/strong> <strong>(Asociaci\u00f3n de Madres, Padres y Tutores legales de Alumnos)<\/strong><\/a><\/li>\n<\/ul>\n\n\n\n<p><strong>FORMULARIOS DE MATR\u00cdCULA<\/strong><\/p>\n\n\n\n<ul class=\"wp-block-list\">\n<li><strong><a href=\"https:\/\/site.educa.madrid.org\/ies.velazquez.torrelodones\/\/wp-content\/uploads\/ies.velazquez.torrelodones\/2025\/06\/CF-Grado-Basico-1.pdf\" target=\"_blank\" rel=\"noreferrer noopener\">CF Grado B\u00e1sico 1<\/a><\/strong><\/li>\n\n\n\n<li><strong><a href=\"https:\/\/site.educa.madrid.org\/ies.velazquez.torrelodones\/\/wp-content\/uploads\/ies.velazquez.torrelodones\/2025\/06\/CF-Grado-Basico-2.pdf\">CF Grado B\u00e1sico 2<\/a><\/strong><\/li>\n\n\n\n<li><a href=\"https:\/\/site.educa.madrid.org\/ies.velazquez.torrelodones\/\/wp-content\/uploads\/ies.velazquez.torrelodones\/2025\/06\/CF-Grado-Medio-1.pdf\" target=\"_blank\" rel=\"noreferrer noopener\"><strong>CF Grado Medio 1<\/strong><\/a><\/li>\n<\/ul>\n<\/div>\n<\/div>\n\n\n\n<p><\/p>\n","protected":false},"excerpt":{"rendered":"<p>Calendario de matriculaci\u00f3n 25-26 &#8211; IES Diego Vel\u00e1zquez 11 &#8211; 12 de junio 23 &#8211; 24 junio 23 al 26 junio 26 al 27 junio 30 junio 1 julio 2 &#8230;<\/p>\n","protected":false},"author":2,"featured_media":0,"parent":0,"menu_order":0,"comment_status":"closed","ping_status":"closed","template":"template-fullwidth.php","meta":{"footnotes":""},"folder":[],"class_list":["post-2512","page","type-page","status-publish","hentry"],"rttpg_featured_image_url":null,"rttpg_author":{"display_name":"tic.ies.velazquez.torrelodones","author_link":"https:\/\/site.educa.madrid.org\/ies.velazquez.torrelodones\/index.php\/author\/cuenta_tic-ies-velazquez-torrelodones\/"},"rttpg_comment":0,"rttpg_category":false,"rttpg_excerpt":"Calendario de matriculaci\u00f3n 25-26 &#8211; IES Diego Vel\u00e1zquez 11 &#8211; 12 de junio 23 &#8211; 24 junio 23 al 26 junio 26 al 27 junio 30 junio 1 julio 2 ...","post_mailing_queue_ids":[],"_links":{"self":[{"href":"https:\/\/site.educa.madrid.org\/ies.velazquez.torrelodones\/index.php\/wp-json\/wp\/v2\/pages\/2512","targetHints":{"allow":["GET"]}}],"collection":[{"href":"https:\/\/site.educa.madrid.org\/ies.velazquez.torrelodones\/index.php\/wp-json\/wp\/v2\/pages"}],"about":[{"href":"https:\/\/site.educa.madrid.org\/ies.velazquez.torrelodones\/index.php\/wp-json\/wp\/v2\/types\/page"}],"author":[{"embeddable":true,"href":"https:\/\/site.educa.madrid.org\/ies.velazquez.torrelodones\/index.php\/wp-json\/wp\/v2\/users\/2"}],"replies":[{"embeddable":true,"href":"https:\/\/site.educa.madrid.org\/ies.velazquez.torrelodones\/index.php\/wp-json\/wp\/v2\/comments?post=2512"}],"version-history":[{"count":22,"href":"https:\/\/site.educa.madrid.org\/ies.velazquez.torrelodones\/index.php\/wp-json\/wp\/v2\/pages\/2512\/revisions"}],"predecessor-version":[{"id":2863,"href":"https:\/\/site.educa.madrid.org\/ies.velazquez.torrelodones\/index.php\/wp-json\/wp\/v2\/pages\/2512\/revisions\/2863"}],"wp:attachment":[{"href":"https:\/\/site.educa.madrid.org\/ies.velazquez.torrelodones\/index.php\/wp-json\/wp\/v2\/media?parent=2512"}],"wp:term":[{"taxonomy":"folder","embeddable":true,"href":"https:\/\/site.educa.madrid.org\/ies.velazquez.torrelodones\/index.php\/wp-json\/wp\/v2\/folder?post=2512"}],"curies":[{"name":"wp","href":"https:\/\/api.w.org\/{rel}","templated":true}]}}