{"id":3134,"date":"2025-10-27T14:08:58","date_gmt":"2025-10-27T13:08:58","guid":{"rendered":"https:\/\/site.educa.madrid.org\/ies.velazquez.torrelodones\/?page_id=3134"},"modified":"2025-10-28T17:47:19","modified_gmt":"2025-10-28T16:47:19","slug":"recogida-de-titulos","status":"publish","type":"page","link":"https:\/\/site.educa.madrid.org\/ies.velazquez.torrelodones\/index.php\/recogida-de-titulos\/","title":{"rendered":"Recogida de T\u00edtulos"},"content":{"rendered":"\n<div style=\"height:87px\" aria-hidden=\"true\" class=\"wp-block-spacer\"><\/div>\n\n\n\n<p>El t\u00edtulo podr\u00e1 ser recogido por el titular, presentando su documento de identidad en la secretar\u00eda del Centro en el caso de haber sido informado de que ya est\u00e1 disponible en Secretar\u00eda.<\/p>\n\n\n\n<p>Si por alguna raz\u00f3n no puede recoger el t\u00edtulo en persona, deber\u00e1 autorizar a un representante con el&nbsp;<a href=\"https:\/\/site.educa.madrid.org\/ies.velazquez.torrelodones\/\/wp-content\/uploads\/ies.velazquez.torrelodones\/2025\/10\/Autorizacion-firmada-por-titular.pdf\" target=\"_blank\" rel=\"noreferrer noopener\"><strong>documento adjunto<\/strong><\/a><a href=\"https:\/\/urldefense.com\/v3\/__https:\/www.educa2.madrid.org\/web\/educamadrid\/principal\/files\/7a868f2e-f7a9-430e-91f5-e7807005d6a8\/P**Agina*20WEB\/SECRETAR**AA\/AUTORIZACI**AN.pdf?t=1564931063642__;w6Elw43Dkw!!D9dNQwwGXtA!UcHl3rwmFcdnlaGYmjSpnyZpq5WxoB9iPTUhh98fWFmdk4SKRAMeSL3nmBxwBX5yECmErS9ihj90pzOLvf_r9FwX1cOWBoQ6RdOZ4ziWzrk$\" target=\"_blank\" rel=\"noreferrer noopener\">,<\/a>&nbsp;y una fotocopia del documento de identidad del titular del t\u00edtulo y una fotocopia del documento de identidad de la persona autorizada.<\/p>\n\n\n\n<p>Se recuerda a los antiguos alumnos del Centro, que no hayan recogido su t\u00edtulo, que pueden pasar por la Secretar\u00eda en horario de 10:00 a 14:30 a recoger su t\u00edtulo.<\/p>\n\n\n\n<div style=\"height:100px\" aria-hidden=\"true\" class=\"wp-block-spacer\"><\/div>\n","protected":false},"excerpt":{"rendered":"<p>El t\u00edtulo podr\u00e1 ser recogido por el titular, presentando su documento de identidad en la secretar\u00eda del Centro en el caso de haber sido informado de que ya est\u00e1 disponible &#8230;<\/p>\n","protected":false},"author":2,"featured_media":0,"parent":0,"menu_order":0,"comment_status":"closed","ping_status":"closed","template":"","meta":{"footnotes":""},"folder":[],"class_list":["post-3134","page","type-page","status-publish","hentry"],"rttpg_featured_image_url":null,"rttpg_author":{"display_name":"tic.ies.velazquez.torrelodones","author_link":"https:\/\/site.educa.madrid.org\/ies.velazquez.torrelodones\/index.php\/author\/cuenta_tic-ies-velazquez-torrelodones\/"},"rttpg_comment":0,"rttpg_category":false,"rttpg_excerpt":"El t\u00edtulo podr\u00e1 ser recogido por el titular, presentando su documento de identidad en la secretar\u00eda del Centro en el caso de haber sido informado de que ya est\u00e1 disponible ...","post_mailing_queue_ids":[],"_links":{"self":[{"href":"https:\/\/site.educa.madrid.org\/ies.velazquez.torrelodones\/index.php\/wp-json\/wp\/v2\/pages\/3134","targetHints":{"allow":["GET"]}}],"collection":[{"href":"https:\/\/site.educa.madrid.org\/ies.velazquez.torrelodones\/index.php\/wp-json\/wp\/v2\/pages"}],"about":[{"href":"https:\/\/site.educa.madrid.org\/ies.velazquez.torrelodones\/index.php\/wp-json\/wp\/v2\/types\/page"}],"author":[{"embeddable":true,"href":"https:\/\/site.educa.madrid.org\/ies.velazquez.torrelodones\/index.php\/wp-json\/wp\/v2\/users\/2"}],"replies":[{"embeddable":true,"href":"https:\/\/site.educa.madrid.org\/ies.velazquez.torrelodones\/index.php\/wp-json\/wp\/v2\/comments?post=3134"}],"version-history":[{"count":4,"href":"https:\/\/site.educa.madrid.org\/ies.velazquez.torrelodones\/index.php\/wp-json\/wp\/v2\/pages\/3134\/revisions"}],"predecessor-version":[{"id":3143,"href":"https:\/\/site.educa.madrid.org\/ies.velazquez.torrelodones\/index.php\/wp-json\/wp\/v2\/pages\/3134\/revisions\/3143"}],"wp:attachment":[{"href":"https:\/\/site.educa.madrid.org\/ies.velazquez.torrelodones\/index.php\/wp-json\/wp\/v2\/media?parent=3134"}],"wp:term":[{"taxonomy":"folder","embeddable":true,"href":"https:\/\/site.educa.madrid.org\/ies.velazquez.torrelodones\/index.php\/wp-json\/wp\/v2\/folder?post=3134"}],"curies":[{"name":"wp","href":"https:\/\/api.w.org\/{rel}","templated":true}]}}