{"id":1351,"date":"2021-05-21T09:03:05","date_gmt":"2021-05-21T09:03:05","guid":{"rendered":"https:\/\/site.educa.madrid.org\/ies.victoria.villarejo\/?page_id=1351"},"modified":"2026-04-30T09:07:41","modified_gmt":"2026-04-30T07:07:41","slug":"titulos-anteriores-a-1995","status":"publish","type":"page","link":"https:\/\/site.educa.madrid.org\/ies.victoria.villarejo\/index.php\/titulos-anteriores-a-1995\/","title":{"rendered":"T\u00edtulos anteriores a 1995"},"content":{"rendered":"\n<p>Hasta 1995 la Comunidad de Madrid <strong>no tuvo la transferencia en materia de educaci\u00f3n<\/strong>, por lo tanto los t\u00edtulos los tramitaba el Ministerio de Educaci\u00f3n. Por eso, <strong>los t\u00edtulos tramitados antes de esta fecha deben seguir un proceso diferente para su solicitud<\/strong>.<\/p>\n\n\n\n<p class=\"has-text-align-center has-pale-pink-background-color has-background\" style=\"font-size:23px\"><strong>TR\u00c1MITES A REALIZAR PARA SOLICITAR EL T\u00cdTULO<\/strong><\/p>\n\n\n\n<p>1.- <strong>Pagar la tasa establecida para los duplicados<\/strong> por el Ministerio de Educaci\u00f3n: <strong>tasa 059, a trav\u00e9s del modelo 790<\/strong><\/p>\n\n\n\n<p>La cuant\u00eda de estas tasas se calcula autom\u00e1ticamente cuando rellenas el modelo.<\/p>\n\n\n\n<p><\/p>\n\n\n\n<div class=\"wp-block-buttons is-content-justification-center is-layout-flex wp-container-core-buttons-is-layout-16018d1d wp-block-buttons-is-layout-flex\">\n<div class=\"wp-block-button\"><a class=\"wp-block-button__link has-vivid-cyan-blue-background-color has-text-color has-background wp-element-button\" href=\"https:\/\/sede.administracionespublicas.gob.es\/pagina\/index\/directorio\/tasa059\" style=\"color:#ffffff\" target=\"_blank\" rel=\"noreferrer noopener\"><strong>Tasa 059, a trav\u00e9s del modelo 790<\/strong><\/a><\/div>\n<\/div>\n\n\n\n<p>2.- Una vez hecho el ingreso, el alumno deber\u00e1 presentar en el centro donde realiz\u00f3 sus estudios o a trav\u00e9s de correo electr\u00f3nico&nbsp;<em><mark style=\"background-color:rgba(0, 0, 0, 0)\" class=\"has-inline-color has-vivid-red-color\"><a href=\"mailto:secretaria.ies.victoria.villarejo@educa.madrid.org\">secretaria.ies.victoria.villarejo@educa.madrid.org<\/a><\/mark><\/em>, los&nbsp;siguientes documentos:<\/p>\n\n\n\n<ul class=\"wp-block-list\">\n<li><strong>Resguardo para la Administraci\u00f3n del pago de las tasas<\/strong><\/li>\n\n\n\n<li><strong>Original <strong>\u00a0(s\u00f3lo si se presenta de manera presencial)<\/strong> y fotocopia del DNI en vigor, o, en su caso NIE o pasaporte.<\/strong><\/li>\n\n\n\n<li><strong>En su caso, certificado del t\u00edtulo de familia numerosa<\/strong>,&nbsp;<strong>o cualquiera que acredite la condici\u00f3n para obtener bonificaci\u00f3n de la tasa o exenci\u00f3n.<\/strong><\/li>\n\n\n\n<li><strong>Modelo de solicitud de t\u00edtulo, debidamente rellenado y firmado.<\/strong><\/li>\n<\/ul>\n\n\n\n<p><\/p>\n\n\n\n<div class=\"wp-block-columns is-layout-flex wp-container-core-columns-is-layout-9d6595d7 wp-block-columns-is-layout-flex\">\n<div class=\"wp-block-column is-layout-flow wp-block-column-is-layout-flow\" style=\"flex-basis:100%\">\n<div class=\"wp-block-columns is-layout-flex wp-container-core-columns-is-layout-9d6595d7 wp-block-columns-is-layout-flex\">\n<div class=\"wp-block-column is-layout-flow wp-block-column-is-layout-flow\" style=\"flex-basis:100%\">\n<div class=\"wp-block-buttons is-horizontal is-content-justification-center is-layout-flex wp-container-core-buttons-is-layout-499968f5 wp-block-buttons-is-layout-flex\">\n<div class=\"wp-block-button has-custom-width wp-block-button__width-75\"><a class=\"wp-block-button__link has-vivid-cyan-blue-background-color has-background wp-element-button\" href=\"https:\/\/site.educa.madrid.org\/ies.victoria.villarejo\/\/wp-content\/uploads\/ies.victoria.villarejo\/2026\/04\/SOLICITUD-DE-TITULO-DE-TECNICO-AUXILIAR-FP1-1.pdf\" style=\"border-top-left-radius:100px;border-top-right-radius:100px;border-bottom-left-radius:100px;border-bottom-right-radius:100px\"><strong>SOLICITUD DE T\u00cdTULO DE T\u00c9CNICO AUXILIAR FP1<\/strong><\/a><\/div>\n\n\n\n<div class=\"wp-block-button has-custom-width wp-block-button__width-75\"><a class=\"wp-block-button__link has-vivid-cyan-blue-background-color has-background wp-element-button\" href=\"https:\/\/site.educa.madrid.org\/ies.victoria.villarejo\/\/wp-content\/uploads\/ies.victoria.villarejo\/2026\/04\/SOLICITUD-DE-TITULO-DE-TECNICO-ESPECIALISTA-FP2-1.pdf\" style=\"border-top-left-radius:100px;border-top-right-radius:100px;border-bottom-left-radius:100px;border-bottom-right-radius:100px\"><strong>SOLICITUD DE T\u00cdTULO DE T\u00c9CNICO ESPECIALISTA FP2<\/strong><\/a><\/div>\n<\/div>\n<\/div>\n<\/div>\n<\/div>\n<\/div>\n\n\n\n<p><\/p>\n\n\n\n<p><\/p>\n","protected":false},"excerpt":{"rendered":"<p>Hasta 1995 la Comunidad de Madrid no tuvo la transferencia en materia de educaci\u00f3n, por lo tanto los t\u00edtulos los tramitaba el Ministerio de Educaci\u00f3n. Por eso, los t\u00edtulos tramitados antes de esta fecha deben seguir un proceso diferente para su solicitud. TR\u00c1MITES A REALIZAR PARA SOLICITAR EL T\u00cdTULO 1.- Pagar la tasa establecida para<\/p><\/div>\n<div class=\"blog-btn\"><a href=\"https:\/\/site.educa.madrid.org\/ies.victoria.villarejo\/index.php\/titulos-anteriores-a-1995\/\" class=\"home-blog-btn\">Leer m\u00e1s<\/a><\/p>\n","protected":false},"author":2,"featured_media":0,"parent":0,"menu_order":0,"comment_status":"closed","ping_status":"closed","template":"fullwidth-template.php","meta":{"footnotes":""},"folder":[],"class_list":["post-1351","page","type-page","status-publish","hentry"],"rttpg_featured_image_url":null,"rttpg_author":{"display_name":"tic.ies.victoria.villarejo","author_link":"https:\/\/site.educa.madrid.org\/ies.victoria.villarejo\/index.php\/author\/cuenta_tic-ies-victoria-villarejo\/"},"rttpg_comment":0,"rttpg_category":false,"rttpg_excerpt":"Hasta 1995 la Comunidad de Madrid no tuvo la transferencia en materia de educaci\u00f3n, por lo tanto los t\u00edtulos los tramitaba el Ministerio de Educaci\u00f3n. Por eso, los t\u00edtulos tramitados antes de esta fecha deben seguir un proceso diferente para su solicitud. TR\u00c1MITES A REALIZAR PARA SOLICITAR EL T\u00cdTULO 1.- Pagar la tasa establecida paraLeer&hellip;","post_mailing_queue_ids":[],"_links":{"self":[{"href":"https:\/\/site.educa.madrid.org\/ies.victoria.villarejo\/index.php\/wp-json\/wp\/v2\/pages\/1351","targetHints":{"allow":["GET"]}}],"collection":[{"href":"https:\/\/site.educa.madrid.org\/ies.victoria.villarejo\/index.php\/wp-json\/wp\/v2\/pages"}],"about":[{"href":"https:\/\/site.educa.madrid.org\/ies.victoria.villarejo\/index.php\/wp-json\/wp\/v2\/types\/page"}],"author":[{"embeddable":true,"href":"https:\/\/site.educa.madrid.org\/ies.victoria.villarejo\/index.php\/wp-json\/wp\/v2\/users\/2"}],"replies":[{"embeddable":true,"href":"https:\/\/site.educa.madrid.org\/ies.victoria.villarejo\/index.php\/wp-json\/wp\/v2\/comments?post=1351"}],"version-history":[{"count":11,"href":"https:\/\/site.educa.madrid.org\/ies.victoria.villarejo\/index.php\/wp-json\/wp\/v2\/pages\/1351\/revisions"}],"predecessor-version":[{"id":5914,"href":"https:\/\/site.educa.madrid.org\/ies.victoria.villarejo\/index.php\/wp-json\/wp\/v2\/pages\/1351\/revisions\/5914"}],"wp:attachment":[{"href":"https:\/\/site.educa.madrid.org\/ies.victoria.villarejo\/index.php\/wp-json\/wp\/v2\/media?parent=1351"}],"wp:term":[{"taxonomy":"folder","embeddable":true,"href":"https:\/\/site.educa.madrid.org\/ies.victoria.villarejo\/index.php\/wp-json\/wp\/v2\/folder?post=1351"}],"curies":[{"name":"wp","href":"https:\/\/api.w.org\/{rel}","templated":true}]}}