{"id":1606,"date":"2021-07-13T12:00:47","date_gmt":"2021-07-13T12:00:47","guid":{"rendered":"https:\/\/site.educa.madrid.org\/ies.victoria.villarejo\/?page_id=1606"},"modified":"2025-11-26T14:52:04","modified_gmt":"2025-11-26T13:52:04","slug":"transporte-y-mantenimiento-de-vehiculos","status":"publish","type":"page","link":"https:\/\/site.educa.madrid.org\/ies.victoria.villarejo\/index.php\/transporte-y-mantenimiento-de-vehiculos\/","title":{"rendered":"TRANSPORTE Y MANTENIMIENTO DE VEH\u00cdCULOS"},"content":{"rendered":"\n<div class=\"wp-block-buttons is-layout-flex wp-block-buttons-is-layout-flex\"><\/div>\n\n\n\n<div class=\"wp-block-buttons is-layout-flex wp-block-buttons-is-layout-flex\"><\/div>\n\n\n\n<div class=\"wp-block-buttons is-layout-flex wp-block-buttons-is-layout-flex\"><\/div>\n\n\n\n<p><\/p>\n\n\n\n<p><\/p>\n\n\n\n<p><\/p>\n\n\n\n<p class=\"has-vivid-cyan-blue-color has-text-color has-large-font-size\"><strong><mark style=\"background-color:rgba(0, 0, 0, 0)\" class=\"has-inline-color has-vivid-cyan-blue-color\">LIBROS DE TEXTO 202<\/mark>4\/25<\/strong><\/p>\n\n\n\n<p><a href=\"https:\/\/site.educa.madrid.org\/ies.victoria.villarejo\/\">Ver p\u00e1gina de inicio <\/a><\/p>\n\n\n\n<figure class=\"wp-block-pullquote is-style-default\"><blockquote><p><strong>Miembros del Departamento:<\/strong><br>Jefe de departamento: Alberto Mart\u00edn Pascual: <mark style=\"background-color:rgba(0, 0, 0, 0)\" class=\"has-inline-color has-vivid-cyan-blue-color\">alberto.martin@educa.madrid.org <\/mark><br>* Santos Cuellar Salamanca: <mark style=\"background-color:rgba(0, 0, 0, 0)\" class=\"has-inline-color has-vivid-cyan-blue-color\">scs226@educa.madrid.org<\/mark><br>* Jes\u00fas de la Fuente Rodr\u00edguez: <mark style=\"background-color:rgba(0, 0, 0, 0)\" class=\"has-inline-color has-vivid-cyan-blue-color\">jesus.delafuente@educa.madrid.org<\/mark><br>* Secundino Garc\u00eda Cuenca : <mark style=\"background-color:rgba(0, 0, 0, 0)\" class=\"has-inline-color has-vivid-cyan-blue-color\">secundino.garciacuenca@educa.madrid.org<\/mark><br>* Jes\u00fas C\u00e1stor Ruiz:  <mark style=\"background-color:rgba(0, 0, 0, 0)\" class=\"has-inline-color has-vivid-cyan-blue-color\">jruizfernandez@educa.madrid.org<\/mark><br>* J. Manuel Luna Jim\u00e9nez:  <mark style=\"background-color:rgba(0, 0, 0, 0)\" class=\"has-inline-color has-vivid-cyan-blue-color\">jose.luna@educa.madrid.org<\/mark><br>* Alfredo Montalvo Cueva:  <mark style=\"background-color:rgba(0, 0, 0, 0)\" class=\"has-inline-color has-vivid-cyan-blue-color\">amontalvo4@educa.madrid.org<\/mark><br>* Fernando Morate Pascual: <mark style=\"background-color:rgba(0, 0, 0, 0)\" class=\"has-inline-color has-vivid-cyan-blue-color\">fernando.morate@educa.madrid.org<\/mark><br>* Juan Manuel P\u00e9rez Carracedo: <mark style=\"background-color:rgba(0, 0, 0, 0)\" class=\"has-inline-color has-vivid-cyan-blue-color\">jmpc741@educa.madrid.org<\/mark><br>* Pedro Jos\u00e9 Prado D\u00edaz : <mark style=\"background-color:rgba(0, 0, 0, 0)\" class=\"has-inline-color has-vivid-cyan-blue-color\">pedro.pradodiaz@educa.madrid.org<\/mark><br>* Eduardo San Andr\u00e9s Garc\u00eda-Abad : <mark style=\"background-color:rgba(0, 0, 0, 0)\" class=\"has-inline-color has-vivid-cyan-blue-color\">eduardo.sanandresgarcia@educa.madrid.org<\/mark><br>* Benigno Tom\u00e1s S\u00e1nchez Ruiz: <mark style=\"background-color:rgba(0, 0, 0, 0)\" class=\"has-inline-color has-vivid-cyan-blue-color\">benigno.sr@educa.madrid.org<\/mark><br><br><\/p><\/blockquote><\/figure>\n","protected":false},"excerpt":{"rendered":"<p>LIBROS DE TEXTO 2024\/25 Ver p\u00e1gina de inicio Miembros del Departamento:Jefe de departamento: Alberto Mart\u00edn Pascual: alberto.martin@educa.madrid.org * Santos Cuellar Salamanca: scs226@educa.madrid.org* Jes\u00fas de la Fuente Rodr\u00edguez: jesus.delafuente@educa.madrid.org* Secundino Garc\u00eda Cuenca : secundino.garciacuenca@educa.madrid.org* Jes\u00fas C\u00e1stor Ruiz: jruizfernandez@educa.madrid.org* J. Manuel Luna Jim\u00e9nez: jose.luna@educa.madrid.org* Alfredo Montalvo Cueva: amontalvo4@educa.madrid.org* Fernando Morate Pascual: fernando.morate@educa.madrid.org* Juan Manuel P\u00e9rez Carracedo: jmpc741@educa.madrid.org*<\/p><\/div>\n<div class=\"blog-btn\"><a href=\"https:\/\/site.educa.madrid.org\/ies.victoria.villarejo\/index.php\/transporte-y-mantenimiento-de-vehiculos\/\" class=\"home-blog-btn\">Leer m\u00e1s<\/a><\/p>\n","protected":false},"author":3,"featured_media":468,"parent":0,"menu_order":0,"comment_status":"closed","ping_status":"closed","template":"","meta":{"footnotes":""},"folder":[],"class_list":["post-1606","page","type-page","status-publish","has-post-thumbnail","hentry"],"rttpg_featured_image_url":{"full":["https:\/\/site.educa.madrid.org\/ies.victoria.villarejo\/\/wp-content\/uploads\/ies.victoria.villarejo\/2021\/04\/hands-of-female-mechanic-using-laptop-scaled.jpg",2560,1707,false],"landscape":["https:\/\/site.educa.madrid.org\/ies.victoria.villarejo\/\/wp-content\/uploads\/ies.victoria.villarejo\/2021\/04\/hands-of-female-mechanic-using-laptop-scaled.jpg",2560,1707,false],"portraits":["https:\/\/site.educa.madrid.org\/ies.victoria.villarejo\/\/wp-content\/uploads\/ies.victoria.villarejo\/2021\/04\/hands-of-female-mechanic-using-laptop-scaled.jpg",2560,1707,false],"thumbnail":["https:\/\/site.educa.madrid.org\/ies.victoria.villarejo\/\/wp-content\/uploads\/ies.victoria.villarejo\/2021\/04\/hands-of-female-mechanic-using-laptop-150x150.jpg",150,150,true],"medium":["https:\/\/site.educa.madrid.org\/ies.victoria.villarejo\/\/wp-content\/uploads\/ies.victoria.villarejo\/2021\/04\/hands-of-female-mechanic-using-laptop-300x200.jpg",300,200,true],"large":["https:\/\/site.educa.madrid.org\/ies.victoria.villarejo\/\/wp-content\/uploads\/ies.victoria.villarejo\/2021\/04\/hands-of-female-mechanic-using-laptop-1024x683.jpg",696,464,true],"thumblist":["https:\/\/site.educa.madrid.org\/ies.victoria.villarejo\/\/wp-content\/uploads\/ies.victoria.villarejo\/2021\/04\/hands-of-female-mechanic-using-laptop-300x300.jpg",300,300,true],"thumbrelated":["https:\/\/site.educa.madrid.org\/ies.victoria.villarejo\/\/wp-content\/uploads\/ies.victoria.villarejo\/2021\/04\/hands-of-female-mechanic-using-laptop-scaled.jpg",500,333,false],"meccarouselthumb":["https:\/\/site.educa.madrid.org\/ies.victoria.villarejo\/\/wp-content\/uploads\/ies.victoria.villarejo\/2021\/04\/hands-of-female-mechanic-using-laptop-474x324.jpg",474,324,true],"gridsquare":["https:\/\/site.educa.madrid.org\/ies.victoria.villarejo\/\/wp-content\/uploads\/ies.victoria.villarejo\/2021\/04\/hands-of-female-mechanic-using-laptop-391x260.jpg",391,260,true],"tileview":["https:\/\/site.educa.madrid.org\/ies.victoria.villarejo\/\/wp-content\/uploads\/ies.victoria.villarejo\/2021\/04\/hands-of-female-mechanic-using-laptop-300x400.jpg",300,400,true],"1536x1536":["https:\/\/site.educa.madrid.org\/ies.victoria.villarejo\/\/wp-content\/uploads\/ies.victoria.villarejo\/2021\/04\/hands-of-female-mechanic-using-laptop-1536x1024.jpg",1536,1024,true],"2048x2048":["https:\/\/site.educa.madrid.org\/ies.victoria.villarejo\/\/wp-content\/uploads\/ies.victoria.villarejo\/2021\/04\/hands-of-female-mechanic-using-laptop-2048x1365.jpg",2048,1365,true],"sow-carousel-default":["https:\/\/site.educa.madrid.org\/ies.victoria.villarejo\/\/wp-content\/uploads\/ies.victoria.villarejo\/2021\/04\/hands-of-female-mechanic-using-laptop-scaled.jpg",272,182,false],"sow-post-carousel-overlay-theme":["https:\/\/site.educa.madrid.org\/ies.victoria.villarejo\/\/wp-content\/uploads\/ies.victoria.villarejo\/2021\/04\/hands-of-female-mechanic-using-laptop-scaled.jpg",360,240,false],"sow-post-carousel-cards-theme":["https:\/\/site.educa.madrid.org\/ies.victoria.villarejo\/\/wp-content\/uploads\/ies.victoria.villarejo\/2021\/04\/hands-of-female-mechanic-using-laptop-scaled.jpg",360,240,false],"rt_custom":["https:\/\/site.educa.madrid.org\/ies.victoria.villarejo\/\/wp-content\/uploads\/ies.victoria.villarejo\/2021\/04\/hands-of-female-mechanic-using-laptop-scaled.jpg",2560,1707,false]},"rttpg_author":{"display_name":"ies.victoria.villarejo","author_link":"https:\/\/site.educa.madrid.org\/ies.victoria.villarejo\/index.php\/author\/cuenta_ies-victoria-villarejo\/"},"rttpg_comment":0,"rttpg_category":false,"rttpg_excerpt":"LIBROS DE TEXTO 2024\/25 Ver p\u00e1gina de inicio Miembros del Departamento:Jefe de departamento: Alberto Mart\u00edn Pascual: alberto.martin@educa.madrid.org * Santos Cuellar Salamanca: scs226@educa.madrid.org* Jes\u00fas de la Fuente Rodr\u00edguez: jesus.delafuente@educa.madrid.org* Secundino Garc\u00eda Cuenca : secundino.garciacuenca@educa.madrid.org* Jes\u00fas C\u00e1stor Ruiz: jruizfernandez@educa.madrid.org* J. Manuel Luna Jim\u00e9nez: jose.luna@educa.madrid.org* Alfredo Montalvo Cueva: amontalvo4@educa.madrid.org* Fernando Morate Pascual: fernando.morate@educa.madrid.org* Juan Manuel P\u00e9rez Carracedo: jmpc741@educa.madrid.org*Leer&hellip;","post_mailing_queue_ids":[],"_links":{"self":[{"href":"https:\/\/site.educa.madrid.org\/ies.victoria.villarejo\/index.php\/wp-json\/wp\/v2\/pages\/1606","targetHints":{"allow":["GET"]}}],"collection":[{"href":"https:\/\/site.educa.madrid.org\/ies.victoria.villarejo\/index.php\/wp-json\/wp\/v2\/pages"}],"about":[{"href":"https:\/\/site.educa.madrid.org\/ies.victoria.villarejo\/index.php\/wp-json\/wp\/v2\/types\/page"}],"author":[{"embeddable":true,"href":"https:\/\/site.educa.madrid.org\/ies.victoria.villarejo\/index.php\/wp-json\/wp\/v2\/users\/3"}],"replies":[{"embeddable":true,"href":"https:\/\/site.educa.madrid.org\/ies.victoria.villarejo\/index.php\/wp-json\/wp\/v2\/comments?post=1606"}],"version-history":[{"count":49,"href":"https:\/\/site.educa.madrid.org\/ies.victoria.villarejo\/index.php\/wp-json\/wp\/v2\/pages\/1606\/revisions"}],"predecessor-version":[{"id":5681,"href":"https:\/\/site.educa.madrid.org\/ies.victoria.villarejo\/index.php\/wp-json\/wp\/v2\/pages\/1606\/revisions\/5681"}],"wp:featuredmedia":[{"embeddable":true,"href":"https:\/\/site.educa.madrid.org\/ies.victoria.villarejo\/index.php\/wp-json\/wp\/v2\/media\/468"}],"wp:attachment":[{"href":"https:\/\/site.educa.madrid.org\/ies.victoria.villarejo\/index.php\/wp-json\/wp\/v2\/media?parent=1606"}],"wp:term":[{"taxonomy":"folder","embeddable":true,"href":"https:\/\/site.educa.madrid.org\/ies.victoria.villarejo\/index.php\/wp-json\/wp\/v2\/folder?post=1606"}],"curies":[{"name":"wp","href":"https:\/\/api.w.org\/{rel}","templated":true}]}}