{"id":2461,"date":"2022-05-30T13:45:48","date_gmt":"2022-05-30T11:45:48","guid":{"rendered":"https:\/\/site.educa.madrid.org\/ies.victoria.villarejo\/?page_id=2461"},"modified":"2025-06-09T08:10:08","modified_gmt":"2025-06-09T06:10:08","slug":"matricula-ciclo-formativo-de-grado-medio","status":"publish","type":"page","link":"https:\/\/site.educa.madrid.org\/ies.victoria.villarejo\/index.php\/matricula-ciclo-formativo-de-grado-medio\/","title":{"rendered":"Matr\u00edcula Ciclo Formativo de Grado Medio"},"content":{"rendered":"\n<p><mark style=\"background-color:rgba(0, 0, 0, 0)\" class=\"has-inline-color has-vivid-red-color\"><strong>PLAZO DE PRESENTACI\u00d3N DE&nbsp;LA SOLICITUD DE MATR\u00cdCULA:<\/strong><\/mark><strong> <\/strong><\/p>\n\n\n\n<div class=\"wp-block-buttons is-layout-flex wp-block-buttons-is-layout-flex\">\n<div class=\"wp-block-button has-custom-width wp-block-button__width-100\"><a class=\"wp-block-button__link wp-element-button\" href=\"https:\/\/site.educa.madrid.org\/ies.victoria.villarejo\/\/wp-content\/uploads\/ies.victoria.villarejo\/2025\/06\/CALENDARIO-DE-ADMISION-CICLOS-FORMATIVOS-DE-GRADO-MEDIO-1.pdf\">Calendario de actuaciones curso 2025\/2026<\/a><\/div>\n<\/div>\n\n\n\n<p class=\"has-pale-cyan-blue-background-color has-background\">A fin de&nbsp;<strong>agilizar la entrega de documentaci\u00f3n<\/strong> en secretar\u00eda,&nbsp;rogamos traigan la hoja de matr\u00edcula cumplimentada y firmada, as\u00ed como los justificantes de pago y resto de documentaci\u00f3n necesaria.<br>LES RECORDAMOS QUE SOLO SE RECOGER\u00c1N LAS MATR\u00cdCULAS QUE EST\u00c9N DEBIDAMENTE CUMPLIMENTADAS Y FIRMADAS Y CON TODOS LOS DOCUMENTOS REQUERIDOS.<\/p>\n\n\n\n<p class=\"has-cyan-bluish-gray-background-color has-background\"><strong><mark style=\"background-color:rgba(0, 0, 0, 0)\" class=\"has-inline-color has-white-color\">Documentaci\u00f3n requerida para la matriculaci\u00f3n del alumnado:<\/mark><\/strong><\/p>\n\n\n<ul>\n<li><span style=\"color: #0000ff;\"><a style=\"color: #0000ff;\" href=\"https:\/\/site.educa.madrid.org\/ies.victoria.villarejo\/\/wp-content\/uploads\/ies.victoria.villarejo\/2025\/06\/MATRICULA-GRADO-MEDIO-EDITABLE-proteccion-de-datos.pdf\" target=\"_blank\" rel=\"noopener\"><strong>Solicitud de matr\u00edcula<\/strong><\/a>. <\/span>Deber\u00e1n rellenarse todos los campos y estar debidamente firmada por el alumno, en caso de ser menor de edad deber\u00e1n firmar ambos progenitores o tutor legal.\n<ul>\n<li>Si firma el tutor legal se presentar\u00e1 la documentaci\u00f3n oportuna que acredite la tutela.<\/li>\n<li>Si firma un solo progenitor deber\u00e1 rellenarse la siguiente declaraci\u00f3n responsable.<\/li>\n<\/ul>\n<\/li>\n<li><span style=\"color: #0000ff;\"><a style=\"color: #0000ff;\" href=\"https:\/\/site.educa.madrid.org\/ies.victoria.villarejo\/\/wp-content\/uploads\/ies.victoria.villarejo\/2023\/04\/declaracion_reponsable-2023-2024.pdf\" target=\"_blank\" rel=\"noopener\"><strong>Declaraci\u00f3n responsable<\/strong><\/a><\/span>. SOLO PARA AQUELLOS ALUMNOS\u00a0MENORES DE EDAD\u00a0que presenten la\u00a0solicitud con la firma de un solo progenitor.<\/li>\n<li><span style=\"color: #0000ff;\"><a style=\"color: #0000ff;\" href=\"https:\/\/site.educa.madrid.org\/ies.victoria.villarejo\/\/wp-content\/uploads\/ies.victoria.villarejo\/2023\/03\/Editable_SOLICITUD-ACCESO-ROBLE.pdf\" target=\"_blank\" rel=\"noopener\"><strong>Solicitud de Acesso Roble.<\/strong><\/a><\/span><\/li>\n<li><strong>Una fotograf\u00eda\u00a0tama\u00f1o carnet<\/strong> (nuevos alumnos)<\/li>\n<li><strong>Fotocopia del resguardo del N\u00famero de la Seguridad Social (no confundir con el numero de la tarjeta sanitaria)\u00a0<a href=\"https:\/\/site.educa.madrid.org\/ies.victoria.villarejo\/\/wp-content\/uploads\/ies.victoria.villarejo\/2025\/06\/Tutorial-para-solicitar-el-Numero-de-la-Seguridad-Social-por-internet-Menores.pdf\">Pincha aqu\u00ed para ver el tutorial, para solicitar el N\u00famero de la Seguridad Social por internet \u2013 Menores<\/a><\/strong><\/li>\n<li><strong>Ficha solicitud usuario de EducaMadrid<\/strong>, si no dispone de \u00e9l.\n<ul>\n<li><span style=\"color: #0000ff;\"><strong><a style=\"color: #0000ff;\" href=\"https:\/\/site.educa.madrid.org\/ies.victoria.villarejo\/\/wp-content\/uploads\/ies.victoria.villarejo\/2021\/05\/Educamadrid-Mayor_de_edad.pdf\" target=\"_blank\" rel=\"noopener\">Mayores de edad<\/a><\/strong><\/span><\/li>\n<li><span style=\"color: #0000ff;\"><a style=\"color: #0000ff;\" href=\"https:\/\/site.educa.madrid.org\/ies.victoria.villarejo\/\/wp-content\/uploads\/ies.victoria.villarejo\/2022\/07\/Educamadrid-Menor_de_edad_-1-1.pdf\" target=\"_blank\" rel=\"noopener\"><strong><u>Menores de edad<\/u><\/strong><\/a><\/span><\/li>\n<\/ul>\n<\/li>\n<li><strong>Justificante de pago del Seguro Escolar<\/strong>:\u00a0(<strong><span style=\"color: #ff0000;\">obligatorio<\/span><\/strong>)\n<ul>\n<li>Importe: 1,12\u20ac (menores de 28 a\u00f1os)<\/li>\n<li>N\u00ba de cuenta:\u00a0ES36-2100-5811-62-1300103764 (Caixabank)<\/li>\n<\/ul>\n<\/li>\n<\/ul>\n<p><strong><span style=\"color: #ff0000;\">Importante.<\/span> <span style=\"color: #000080;\">Si no presentar\u00e1n la matr\u00edcula en ese plazo, decaer\u00e1 su derecho a matr\u00edcula en favor de los alumnos en lista de espera (por orden de puntuaci\u00f3n).<\/span><\/strong><\/p>\n\n\n<p class=\"has-pale-cyan-blue-background-color has-background\"><mark style=\"background-color:rgba(0, 0, 0, 0)\" class=\"has-inline-color has-vivid-red-color\"><strong>NOTA IMPORTANTE:<\/strong> <\/mark><strong>Aquellos alumnos que no eligieran este centro como primera opci\u00f3n deber\u00e1n presentar la titulaci\u00f3n acad\u00e9mica que acredite que re\u00fane los requisitos de acceso (T\u00edtulo, Certificado de estudios&#8230;) y documentaci\u00f3n identificativa del alumno (DNI, NIE, Pasaporte&#8230;)<\/strong>.<br>Se presentar\u00e1 fotocopia y original para su cotejo.<\/p>\n\n\n\n<p>Los siguientes documentos&nbsp;<strong>tienen car\u00e1cter informativo<\/strong>.<\/p>\n\n\n\n<div class=\"wp-block-buttons is-layout-flex wp-block-buttons-is-layout-flex\">\n<div class=\"wp-block-button has-custom-width wp-block-button__width-50 has-custom-font-size has-small-font-size\"><a class=\"wp-block-button__link has-vivid-cyan-blue-background-color has-background wp-element-button\" href=\"https:\/\/site.educa.madrid.org\/ies.victoria.villarejo\/\/wp-content\/uploads\/ies.victoria.villarejo\/2021\/05\/info_gral_actuaci\u00f3n_padres_separados_divorciados.pdf\" target=\"_blank\" rel=\"noreferrer noopener\">Informaci\u00f3n general de actuaci\u00f3n para padres y madres, separados o divorciados<\/a><\/div>\n\n\n\n<div class=\"wp-block-button has-custom-width wp-block-button__width-25 has-custom-font-size has-small-font-size\"><a class=\"wp-block-button__link has-vivid-cyan-blue-background-color has-background wp-element-button\" href=\"https:\/\/site.educa.madrid.org\/ies.victoria.villarejo\/\/wp-content\/uploads\/ies.victoria.villarejo\/2021\/05\/Anexo-VIII-Protecci\u00f3n-datos.pdf\" target=\"_blank\" rel=\"noreferrer noopener\">Pol\u00edtica de privacidad<\/a><\/div>\n<\/div>\n\n\n\n<p class=\"has-vivid-red-color has-text-color\"><mark style=\"background-color:rgba(0, 0, 0, 0)\" class=\"has-inline-color has-vivid-red-color\"><strong>DOCUMENTOS RELACIONADOS CON LA MATR\u00cdCULA<\/strong><\/mark><\/p>\n\n\n\n<div class=\"wp-block-buttons is-layout-flex wp-block-buttons-is-layout-flex\">\n<div class=\"wp-block-button has-custom-font-size has-small-font-size\"><a class=\"wp-block-button__link has-vivid-cyan-blue-background-color has-background wp-element-button\" href=\"https:\/\/site.educa.madrid.org\/ies.victoria.villarejo\/index.php\/anulacion-de-matricula-2\/\" target=\"_blank\" rel=\"noreferrer noopener\"><strong>ANULACI\u00d3N DE MATR\u00cdCULA<\/strong><\/a><\/div>\n\n\n\n<div class=\"wp-block-button has-custom-font-size has-small-font-size\"><a class=\"wp-block-button__link has-white-color has-vivid-cyan-blue-background-color has-text-color has-background wp-element-button\" href=\"https:\/\/site.educa.madrid.org\/ies.victoria.villarejo\/index.php\/cancelacion-de-matricula-por-inasistencia\/\" target=\"_blank\" rel=\"noreferrer noopener\"><strong>CANCELACI\u00d3N DE MATR\u00cdCULA<\/strong><\/a><\/div>\n\n\n\n<div class=\"wp-block-button has-custom-font-size has-small-font-size\"><a class=\"wp-block-button__link has-white-color has-vivid-cyan-blue-background-color has-text-color has-background wp-element-button\" href=\"https:\/\/site.educa.madrid.org\/ies.victoria.villarejo\/index.php\/renuncia-a-convocatorias\/\" target=\"_blank\" rel=\"noreferrer noopener\"><strong>RENUNCIA A CONVOCATORIA<\/strong><\/a><\/div>\n<\/div>\n","protected":false},"excerpt":{"rendered":"<p>PLAZO DE PRESENTACI\u00d3N DE&nbsp;LA SOLICITUD DE MATR\u00cdCULA: A fin de&nbsp;agilizar la entrega de documentaci\u00f3n en secretar\u00eda,&nbsp;rogamos traigan la hoja de matr\u00edcula cumplimentada y firmada, as\u00ed como los justificantes de pago y resto de documentaci\u00f3n necesaria.LES RECORDAMOS QUE SOLO SE RECOGER\u00c1N LAS MATR\u00cdCULAS QUE EST\u00c9N DEBIDAMENTE CUMPLIMENTADAS Y FIRMADAS Y CON TODOS LOS DOCUMENTOS REQUERIDOS. Documentaci\u00f3n<\/p><\/div>\n<div class=\"blog-btn\"><a href=\"https:\/\/site.educa.madrid.org\/ies.victoria.villarejo\/index.php\/matricula-ciclo-formativo-de-grado-medio\/\" class=\"home-blog-btn\">Leer m\u00e1s<\/a><\/p>\n","protected":false},"author":2,"featured_media":0,"parent":0,"menu_order":0,"comment_status":"closed","ping_status":"closed","template":"fullwidth-template.php","meta":{"footnotes":""},"folder":[],"class_list":["post-2461","page","type-page","status-publish","hentry"],"rttpg_featured_image_url":null,"rttpg_author":{"display_name":"tic.ies.victoria.villarejo","author_link":"https:\/\/site.educa.madrid.org\/ies.victoria.villarejo\/index.php\/author\/cuenta_tic-ies-victoria-villarejo\/"},"rttpg_comment":0,"rttpg_category":false,"rttpg_excerpt":"PLAZO DE PRESENTACI\u00d3N DE&nbsp;LA SOLICITUD DE MATR\u00cdCULA: A fin de&nbsp;agilizar la entrega de documentaci\u00f3n en secretar\u00eda,&nbsp;rogamos traigan la hoja de matr\u00edcula cumplimentada y firmada, as\u00ed como los justificantes de pago y resto de documentaci\u00f3n necesaria.LES RECORDAMOS QUE SOLO SE RECOGER\u00c1N LAS MATR\u00cdCULAS QUE EST\u00c9N DEBIDAMENTE CUMPLIMENTADAS Y FIRMADAS Y CON TODOS LOS DOCUMENTOS REQUERIDOS. Documentaci\u00f3nLeer&hellip;","post_mailing_queue_ids":[],"_links":{"self":[{"href":"https:\/\/site.educa.madrid.org\/ies.victoria.villarejo\/index.php\/wp-json\/wp\/v2\/pages\/2461","targetHints":{"allow":["GET"]}}],"collection":[{"href":"https:\/\/site.educa.madrid.org\/ies.victoria.villarejo\/index.php\/wp-json\/wp\/v2\/pages"}],"about":[{"href":"https:\/\/site.educa.madrid.org\/ies.victoria.villarejo\/index.php\/wp-json\/wp\/v2\/types\/page"}],"author":[{"embeddable":true,"href":"https:\/\/site.educa.madrid.org\/ies.victoria.villarejo\/index.php\/wp-json\/wp\/v2\/users\/2"}],"replies":[{"embeddable":true,"href":"https:\/\/site.educa.madrid.org\/ies.victoria.villarejo\/index.php\/wp-json\/wp\/v2\/comments?post=2461"}],"version-history":[{"count":42,"href":"https:\/\/site.educa.madrid.org\/ies.victoria.villarejo\/index.php\/wp-json\/wp\/v2\/pages\/2461\/revisions"}],"predecessor-version":[{"id":5170,"href":"https:\/\/site.educa.madrid.org\/ies.victoria.villarejo\/index.php\/wp-json\/wp\/v2\/pages\/2461\/revisions\/5170"}],"wp:attachment":[{"href":"https:\/\/site.educa.madrid.org\/ies.victoria.villarejo\/index.php\/wp-json\/wp\/v2\/media?parent=2461"}],"wp:term":[{"taxonomy":"folder","embeddable":true,"href":"https:\/\/site.educa.madrid.org\/ies.victoria.villarejo\/index.php\/wp-json\/wp\/v2\/folder?post=2461"}],"curies":[{"name":"wp","href":"https:\/\/api.w.org\/{rel}","templated":true}]}}