{"id":3218,"date":"2021-10-28T14:04:21","date_gmt":"2021-10-28T12:04:21","guid":{"rendered":"https:\/\/site.educa.madrid.org\/ies.villablanca.madrid\/?page_id=3218"},"modified":"2021-10-28T14:04:21","modified_gmt":"2021-10-28T12:04:21","slug":"fse","status":"publish","type":"page","link":"https:\/\/site.educa.madrid.org\/ies.villablanca.madrid\/index.php\/fse\/","title":{"rendered":"FSE"},"content":{"rendered":"<p><strong>INFORMACI\u00d3N PARA TODO EL ALUMNADO Y LAS FAMILIAS SOBRE LA COFINANCIACI\u00d3N DE LAS ENSE\u00d1ANZAS DE FORMACI\u00d3N PROFESIONAL PARA EL CURSO 2021-22.<\/strong><\/p>\n<p>Conforme a Instrucciones de la Direcci\u00f3n General de Educaci\u00f3n Secundaria, Formaci\u00f3n Profesional y R\u00e9gimen Especial, se informa de que las ense\u00f1anzas de Formaci\u00f3n Profesional impartidas en nuestro centro educativo, en las modalidades presencial y dual, est\u00e1n cofinanciadas por el Fondo Social Europeo (FSE) durante el curso 2021-22.<\/p>\n<p>El Fondo Social Europeo, junto con la Consejer\u00eda de Educaci\u00f3n, Universidades, Ciencia y Portavoc\u00eda, \u00a0cofinancia diversas actuaciones dentro del marco actual de formaci\u00f3n profesional en r\u00e9gimen presencial y dual, las cuales est\u00e1n encuadradas dentro del Eje 3 del Programa Operativo Plurirregional de Empleo , Formaci\u00f3n y Educaci\u00f3n del FSE , concretamente en el Objetivo tem\u00e1tico 10 \u201cInvertir en educaci\u00f3n, formaci\u00f3n y formaci\u00f3n profesional para la adquisici\u00f3n de capacidades y un aprendizaje permanente\u201d.<\/p>\n<p>El objetivo de estas operaciones es aumentar la participaci\u00f3n de la poblaci\u00f3n en la Formaci\u00f3n de grado medio y superior y mejorar la calidad de estas ense\u00f1anzas, incrementando el n\u00famero de j\u00f3venes que obtienen un t\u00edtulo de Formaci\u00f3n Profesional de grado medio o superior, lo que conlleva la mejora de su cualificaci\u00f3n y el incremento de sus posibilidades de inserci\u00f3n laboral.<\/p>\n","protected":false},"excerpt":{"rendered":"<p>INFORMACI\u00d3N PARA TODO EL ALUMNADO Y LAS FAMILIAS SOBRE LA COFINANCIACI\u00d3N DE LAS ENSE\u00d1ANZAS DE FORMACI\u00d3N PROFESIONAL PARA EL CURSO 2021-22. Conforme a Instrucciones de la Direcci\u00f3n General de Educaci\u00f3n &#8230;<\/p>\n","protected":false},"author":3,"featured_media":158,"parent":0,"menu_order":0,"comment_status":"closed","ping_status":"closed","template":"","meta":{"footnotes":""},"folder":[],"class_list":["post-3218","page","type-page","status-publish","has-post-thumbnail","hentry"],"rttpg_featured_image_url":{"full":["https:\/\/site.educa.madrid.org\/ies.villablanca.madrid\/\/wp-content\/uploads\/ies.villablanca.madrid\/2020\/06\/logo_fondo_social_europeo.jpg",381,272,false],"landscape":["https:\/\/site.educa.madrid.org\/ies.villablanca.madrid\/\/wp-content\/uploads\/ies.villablanca.madrid\/2020\/06\/logo_fondo_social_europeo.jpg",381,272,false],"portraits":["https:\/\/site.educa.madrid.org\/ies.villablanca.madrid\/\/wp-content\/uploads\/ies.villablanca.madrid\/2020\/06\/logo_fondo_social_europeo.jpg",381,272,false],"thumbnail":["https:\/\/site.educa.madrid.org\/ies.villablanca.madrid\/\/wp-content\/uploads\/ies.villablanca.madrid\/2020\/06\/logo_fondo_social_europeo-150x150.jpg",150,150,true],"medium":["https:\/\/site.educa.madrid.org\/ies.villablanca.madrid\/\/wp-content\/uploads\/ies.villablanca.madrid\/2020\/06\/logo_fondo_social_europeo-300x214.jpg",300,214,true],"large":["https:\/\/site.educa.madrid.org\/ies.villablanca.madrid\/\/wp-content\/uploads\/ies.villablanca.madrid\/2020\/06\/logo_fondo_social_europeo.jpg",381,272,false],"thumblist":["https:\/\/site.educa.madrid.org\/ies.villablanca.madrid\/\/wp-content\/uploads\/ies.villablanca.madrid\/2020\/06\/logo_fondo_social_europeo.jpg",300,214,false],"thumbrelated":["https:\/\/site.educa.madrid.org\/ies.villablanca.madrid\/\/wp-content\/uploads\/ies.villablanca.madrid\/2020\/06\/logo_fondo_social_europeo.jpg",381,272,false],"meccarouselthumb":["https:\/\/site.educa.madrid.org\/ies.villablanca.madrid\/\/wp-content\/uploads\/ies.villablanca.madrid\/2020\/06\/logo_fondo_social_europeo.jpg",381,272,false],"gridsquare":["https:\/\/site.educa.madrid.org\/ies.villablanca.madrid\/\/wp-content\/uploads\/ies.villablanca.madrid\/2020\/06\/logo_fondo_social_europeo.jpg",364,260,false],"tileview":["https:\/\/site.educa.madrid.org\/ies.villablanca.madrid\/\/wp-content\/uploads\/ies.villablanca.madrid\/2020\/06\/logo_fondo_social_europeo.jpg",300,214,false],"1536x1536":["https:\/\/site.educa.madrid.org\/ies.villablanca.madrid\/\/wp-content\/uploads\/ies.villablanca.madrid\/2020\/06\/logo_fondo_social_europeo.jpg",381,272,false],"2048x2048":["https:\/\/site.educa.madrid.org\/ies.villablanca.madrid\/\/wp-content\/uploads\/ies.villablanca.madrid\/2020\/06\/logo_fondo_social_europeo.jpg",381,272,false],"onepress-blog-small":["https:\/\/site.educa.madrid.org\/ies.villablanca.madrid\/\/wp-content\/uploads\/ies.villablanca.madrid\/2020\/06\/logo_fondo_social_europeo.jpg",210,150,false],"onepress-small":["https:\/\/site.educa.madrid.org\/ies.villablanca.madrid\/\/wp-content\/uploads\/ies.villablanca.madrid\/2020\/06\/logo_fondo_social_europeo.jpg",381,272,false],"onepress-medium":["https:\/\/site.educa.madrid.org\/ies.villablanca.madrid\/\/wp-content\/uploads\/ies.villablanca.madrid\/2020\/06\/logo_fondo_social_europeo.jpg",381,272,false],"sow-carousel-default":["https:\/\/site.educa.madrid.org\/ies.villablanca.madrid\/\/wp-content\/uploads\/ies.villablanca.madrid\/2020\/06\/logo_fondo_social_europeo.jpg",255,182,false],"sow-post-carousel-overlay-theme":["https:\/\/site.educa.madrid.org\/ies.villablanca.madrid\/\/wp-content\/uploads\/ies.villablanca.madrid\/2020\/06\/logo_fondo_social_europeo.jpg",360,257,false],"sow-post-carousel-cards-theme":["https:\/\/site.educa.madrid.org\/ies.villablanca.madrid\/\/wp-content\/uploads\/ies.villablanca.madrid\/2020\/06\/logo_fondo_social_europeo.jpg",336,240,false],"rt_custom":["https:\/\/site.educa.madrid.org\/ies.villablanca.madrid\/\/wp-content\/uploads\/ies.villablanca.madrid\/2020\/06\/logo_fondo_social_europeo.jpg",381,272,false]},"rttpg_author":{"display_name":"ies.villablanca.madrid","author_link":"https:\/\/site.educa.madrid.org\/ies.villablanca.madrid\/index.php\/author\/cuenta_ies-villablanca-madrid\/"},"rttpg_comment":0,"rttpg_category":false,"rttpg_excerpt":"INFORMACI\u00d3N PARA TODO EL ALUMNADO Y LAS FAMILIAS SOBRE LA COFINANCIACI\u00d3N DE LAS ENSE\u00d1ANZAS DE FORMACI\u00d3N PROFESIONAL PARA EL CURSO 2021-22. Conforme a Instrucciones de la Direcci\u00f3n General de Educaci\u00f3n ...","post_mailing_queue_ids":[],"_links":{"self":[{"href":"https:\/\/site.educa.madrid.org\/ies.villablanca.madrid\/index.php\/wp-json\/wp\/v2\/pages\/3218","targetHints":{"allow":["GET"]}}],"collection":[{"href":"https:\/\/site.educa.madrid.org\/ies.villablanca.madrid\/index.php\/wp-json\/wp\/v2\/pages"}],"about":[{"href":"https:\/\/site.educa.madrid.org\/ies.villablanca.madrid\/index.php\/wp-json\/wp\/v2\/types\/page"}],"author":[{"embeddable":true,"href":"https:\/\/site.educa.madrid.org\/ies.villablanca.madrid\/index.php\/wp-json\/wp\/v2\/users\/3"}],"replies":[{"embeddable":true,"href":"https:\/\/site.educa.madrid.org\/ies.villablanca.madrid\/index.php\/wp-json\/wp\/v2\/comments?post=3218"}],"version-history":[{"count":2,"href":"https:\/\/site.educa.madrid.org\/ies.villablanca.madrid\/index.php\/wp-json\/wp\/v2\/pages\/3218\/revisions"}],"predecessor-version":[{"id":3220,"href":"https:\/\/site.educa.madrid.org\/ies.villablanca.madrid\/index.php\/wp-json\/wp\/v2\/pages\/3218\/revisions\/3220"}],"wp:featuredmedia":[{"embeddable":true,"href":"https:\/\/site.educa.madrid.org\/ies.villablanca.madrid\/index.php\/wp-json\/wp\/v2\/media\/158"}],"wp:attachment":[{"href":"https:\/\/site.educa.madrid.org\/ies.villablanca.madrid\/index.php\/wp-json\/wp\/v2\/media?parent=3218"}],"wp:term":[{"taxonomy":"folder","embeddable":true,"href":"https:\/\/site.educa.madrid.org\/ies.villablanca.madrid\/index.php\/wp-json\/wp\/v2\/folder?post=3218"}],"curies":[{"name":"wp","href":"https:\/\/api.w.org\/{rel}","templated":true}]}}