{"id":3912,"date":"2022-03-29T11:49:48","date_gmt":"2022-03-29T09:49:48","guid":{"rendered":"https:\/\/site.educa.madrid.org\/ies.villablanca.madrid\/?page_id=3912"},"modified":"2024-10-09T16:53:05","modified_gmt":"2024-10-09T14:53:05","slug":"huerto-villablanca","status":"publish","type":"page","link":"https:\/\/site.educa.madrid.org\/ies.villablanca.madrid\/index.php\/huerto-villablanca\/","title":{"rendered":"Proyecto Huerto Ecol\u00f3gico IES Villablanca"},"content":{"rendered":"<h1 style=\"text-align: left\">&nbsp;&nbsp;&nbsp;&nbsp;&nbsp;&nbsp;&nbsp;&nbsp;&nbsp;&nbsp;&nbsp;&nbsp;&nbsp;&nbsp;&nbsp;&nbsp;&nbsp;&nbsp;&nbsp;&nbsp;&nbsp;<\/h1>\n\n\n<figure class=\"wp-block-image size-large is-style-default\"><img loading=\"lazy\" decoding=\"async\" width=\"1024\" height=\"768\" src=\"https:\/\/site.educa.madrid.org\/ies.villablanca.madrid\/\/wp-content\/uploads\/ies.villablanca.madrid\/2022\/04\/20220401_122938-1024x768.jpg\" alt=\"\" class=\"wp-image-3979\" srcset=\"https:\/\/site.educa.madrid.org\/ies.villablanca.madrid\/\/wp-content\/uploads\/ies.villablanca.madrid\/2022\/04\/20220401_122938-1024x768.jpg 1024w, https:\/\/site.educa.madrid.org\/ies.villablanca.madrid\/\/wp-content\/uploads\/ies.villablanca.madrid\/2022\/04\/20220401_122938-300x225.jpg 300w, https:\/\/site.educa.madrid.org\/ies.villablanca.madrid\/\/wp-content\/uploads\/ies.villablanca.madrid\/2022\/04\/20220401_122938-768x576.jpg 768w, https:\/\/site.educa.madrid.org\/ies.villablanca.madrid\/\/wp-content\/uploads\/ies.villablanca.madrid\/2022\/04\/20220401_122938-1536x1152.jpg 1536w, https:\/\/site.educa.madrid.org\/ies.villablanca.madrid\/\/wp-content\/uploads\/ies.villablanca.madrid\/2022\/04\/20220401_122938-2048x1536.jpg 2048w\" sizes=\"auto, (max-width: 1024px) 100vw, 1024px\" \/><\/figure>\n\n\n\n<blockquote class=\"wp-block-quote has-text-align-left is-style-large is-layout-flow wp-block-quote-is-layout-flow\">\n<p>           <\/p>\n<\/blockquote>\n\n\n\n<p>Por segundo a\u00f1o consecutivo <\/p>\n\n\n\n<div class=\"wp-block-columns is-layout-flex wp-container-core-columns-is-layout-9d6595d7 wp-block-columns-is-layout-flex\">\n<div class=\"wp-block-column is-layout-flow wp-block-column-is-layout-flow\">\n<figure class=\"wp-block-image size-large is-resized\"><img loading=\"lazy\" decoding=\"async\" width=\"1024\" height=\"576\" src=\"https:\/\/site.educa.madrid.org\/ies.villablanca.madrid\/\/wp-content\/uploads\/ies.villablanca.madrid\/2022\/04\/20220401_123109-1024x576.jpg\" alt=\"\" class=\"wp-image-3974\" style=\"width:304px;height:170px\" srcset=\"https:\/\/site.educa.madrid.org\/ies.villablanca.madrid\/\/wp-content\/uploads\/ies.villablanca.madrid\/2022\/04\/20220401_123109-1024x576.jpg 1024w, https:\/\/site.educa.madrid.org\/ies.villablanca.madrid\/\/wp-content\/uploads\/ies.villablanca.madrid\/2022\/04\/20220401_123109-300x169.jpg 300w, https:\/\/site.educa.madrid.org\/ies.villablanca.madrid\/\/wp-content\/uploads\/ies.villablanca.madrid\/2022\/04\/20220401_123109-768x432.jpg 768w, https:\/\/site.educa.madrid.org\/ies.villablanca.madrid\/\/wp-content\/uploads\/ies.villablanca.madrid\/2022\/04\/20220401_123109-1536x864.jpg 1536w, https:\/\/site.educa.madrid.org\/ies.villablanca.madrid\/\/wp-content\/uploads\/ies.villablanca.madrid\/2022\/04\/20220401_123109-2048x1152.jpg 2048w\" sizes=\"auto, (max-width: 1024px) 100vw, 1024px\" \/><\/figure>\n<\/div>\n\n\n\n<div class=\"wp-block-column is-layout-flow wp-block-column-is-layout-flow\">\n<figure class=\"wp-block-image size-large is-resized\"><img loading=\"lazy\" decoding=\"async\" width=\"1024\" height=\"576\" src=\"https:\/\/site.educa.madrid.org\/ies.villablanca.madrid\/\/wp-content\/uploads\/ies.villablanca.madrid\/2022\/04\/20220330_124344-1024x576.jpg\" alt=\"\" class=\"wp-image-3975\" style=\"width:302px;height:169px\" srcset=\"https:\/\/site.educa.madrid.org\/ies.villablanca.madrid\/\/wp-content\/uploads\/ies.villablanca.madrid\/2022\/04\/20220330_124344-1024x576.jpg 1024w, https:\/\/site.educa.madrid.org\/ies.villablanca.madrid\/\/wp-content\/uploads\/ies.villablanca.madrid\/2022\/04\/20220330_124344-300x169.jpg 300w, https:\/\/site.educa.madrid.org\/ies.villablanca.madrid\/\/wp-content\/uploads\/ies.villablanca.madrid\/2022\/04\/20220330_124344-768x432.jpg 768w, https:\/\/site.educa.madrid.org\/ies.villablanca.madrid\/\/wp-content\/uploads\/ies.villablanca.madrid\/2022\/04\/20220330_124344-1536x864.jpg 1536w, https:\/\/site.educa.madrid.org\/ies.villablanca.madrid\/\/wp-content\/uploads\/ies.villablanca.madrid\/2022\/04\/20220330_124344-2048x1152.jpg 2048w\" sizes=\"auto, (max-width: 1024px) 100vw, 1024px\" \/><\/figure>\n<\/div>\n\n\n\n<div class=\"wp-block-column is-layout-flow wp-block-column-is-layout-flow\">\n<figure class=\"wp-block-image size-large is-resized\"><img loading=\"lazy\" decoding=\"async\" width=\"1024\" height=\"576\" src=\"https:\/\/site.educa.madrid.org\/ies.villablanca.madrid\/\/wp-content\/uploads\/ies.villablanca.madrid\/2022\/04\/20220330_124419-1-1024x576.jpg\" alt=\"\" class=\"wp-image-3976\" style=\"width:300px;height:168px\" srcset=\"https:\/\/site.educa.madrid.org\/ies.villablanca.madrid\/\/wp-content\/uploads\/ies.villablanca.madrid\/2022\/04\/20220330_124419-1-1024x576.jpg 1024w, https:\/\/site.educa.madrid.org\/ies.villablanca.madrid\/\/wp-content\/uploads\/ies.villablanca.madrid\/2022\/04\/20220330_124419-1-300x169.jpg 300w, https:\/\/site.educa.madrid.org\/ies.villablanca.madrid\/\/wp-content\/uploads\/ies.villablanca.madrid\/2022\/04\/20220330_124419-1-768x432.jpg 768w, https:\/\/site.educa.madrid.org\/ies.villablanca.madrid\/\/wp-content\/uploads\/ies.villablanca.madrid\/2022\/04\/20220330_124419-1-1536x864.jpg 1536w, https:\/\/site.educa.madrid.org\/ies.villablanca.madrid\/\/wp-content\/uploads\/ies.villablanca.madrid\/2022\/04\/20220330_124419-1-2048x1152.jpg 2048w\" sizes=\"auto, (max-width: 1024px) 100vw, 1024px\" \/><\/figure>\n<\/div>\n<\/div>\n\n\n\n<h2 class=\"wp-block-heading\"><strong>Tipos de actividades realizadas dentro del Proyecto Huerto Escolar Ecol\u00f3gico<\/strong><\/h2>\n\n\n\n<p><\/p>\n\n\n\n<p><strong>Actividades hort\u00edcolas<\/strong>: Grupos de Secundaria, 1A de Educaci\u00f3n Infantil.<\/p>\n\n\n\n<p><strong>Avistamiento de aves<\/strong>. Bachillerato y 4\u00baESO. Los alumnos realizaron en el primer trimestre un trabajo de avistamiento que documentaron y nos envi\u00f3 Eugenio. Esperamos publicarlo en la p\u00e1gina web del proyecto.<\/p>\n\n\n\n<p><strong>Estaci\u00f3n meteorol\u00f3gica<\/strong>: Asir. Se ha instalado una estaci\u00f3n meteorol\u00f3gica en el instituto. Los alumnos recogen datos de temperatura, velocidad y humedad del aire y de la humedad acumulada en el dep\u00f3sito para obtener datos pluviom\u00e9tricos. Est\u00e1 previsto compartir estos datos en una web de ciencia ciudadana.<\/p>\n\n\n\n<p><strong>Educaci\u00f3n Infantil Habilidades sociales<\/strong>&nbsp; Ciclo De Educaci\u00f3n INFANTIL:&nbsp; \u201cEl camino empieza en mi\u201d. Cada alumna escribir\u00e1 en una piedra una autoafirmaci\u00f3n positiva. Se trata de un ejercicio de autoconocimiento positivo como punto de arranque en las relaciones con los<\/p>\n\n\n\n<p>Dem\u00e1s. Una vez escritas y decoradas las colocaremos en hilera, creando un camino acceso al<\/p>\n\n\n\n<p>Rinc\u00f3n M\u00e1gico. La comunicaci\u00f3n no violenta representa una se\u00f1a de identidad de la metodolog\u00eda de las escuelas bosque.<\/p>\n\n\n\n<p><strong>Vigilantes del aire:<\/strong>.&nbsp; Los alumnos de&nbsp; 1\u00ba D, E Educaci\u00f3n Secundaria participan en este proyecto de ciencia ciudadana que consiste en obtener datos del aire que respiramos en Madrid. Se han repartido plantas de fresas a 30 alumnos. Estos alumnos deber\u00e1n cuidar durante 3 meses la planta y a finales de mayo proporcionar dos o 3 hojas seg\u00fan el procedimiento que se les indicar\u00e1. Estas muestras se env\u00edan a un laboratorio con el resto de hojas enviadas de los distintos centros educativos de Madrid capital. El objetivo es obtener un muestreo de los datos del aire que respiramos en Madrid. Estos datos se calcula que estar\u00e1n disponibles a finales de a\u00f1o.<\/p>\n\n\n\n<p>Vigilantes del Aire. Las fresas como estaciones de calidad ambiental &#8211; YouTube<\/p>\n\n\n\n<figure class=\"wp-block-embed is-type-wp-embed is-provider-diario-del-ayuntamiento-de-madrid wp-block-embed-diario-del-ayuntamiento-de-madrid\"><div class=\"wp-block-embed__wrapper\">\n<blockquote class=\"wp-embedded-content\" data-secret=\"DpSBlcgdb3\"><a href=\"https:\/\/diario.madrid.es\/blog\/2023\/02\/15\/vigilantes-del-aire-las-fresas-como-estaciones-de-calidad-ambiental\/\">Vigilantes del Aire, las fresas como estaciones de calidad ambiental<\/a><\/blockquote><iframe loading=\"lazy\" class=\"wp-embedded-content\" sandbox=\"allow-scripts\" security=\"restricted\" style=\"position: absolute; visibility: hidden;\" title=\"\u00abVigilantes del Aire, las fresas como estaciones de calidad ambiental\u00bb \u2014 Diario del Ayuntamiento de Madrid\" src=\"https:\/\/diario.madrid.es\/blog\/2023\/02\/15\/vigilantes-del-aire-las-fresas-como-estaciones-de-calidad-ambiental\/embed\/#?secret=8Uze1MeZiH#?secret=DpSBlcgdb3\" data-secret=\"DpSBlcgdb3\" width=\"600\" height=\"338\" frameborder=\"0\" marginwidth=\"0\" marginheight=\"0\" scrolling=\"no\"><\/iframe>\n<\/div><\/figure>\n\n\n\n<p><strong>Proyecto de compostaje<\/strong>.<\/p>\n\n\n\n<p>Continuamos con la colaboraci\u00f3n iniciada el curso pasado con la fundaci\u00f3n Juan XXIII en el programa The inclusive Circular Lab.<\/p>\n\n\n\n<p>Las alumnas de 1A de Educaci\u00f3n Infantil han recibido formaci\u00f3n a trav\u00e9s de un taller de compostaje orientado a ni\u00f1os de 3 a 6 a\u00f1os en el \u201cPrograma Piloto de Compostaje Inclusivo\u2013Edici\u00f3n I\u201d. Tambi\u00e9n se encargan en parejas de recoger cada d\u00eda de la cafeter\u00eda los residuos org\u00e1nicos (mondas de patatas, c\u00e1scara de frutas, restos de hortalizas, posos de caf\u00e9, etc.), se acumulan y a finales de semana se pesan y se agregan a la compostera. Tambi\u00e9n toman datos de ph, humedad y temperatura del material de la compostera y as\u00ed observar su evoluci\u00f3n. Y realizar las correcciones oportunas. Estos datos se suben a una web de participaci\u00f3n ciudadana.<\/p>\n\n\n\n<p>Hemos participado con Javier en la primera sesi\u00f3n de huertos escolares de la Comunidad de Madrid explicando el proyecto de compostaje. En esta reuni\u00f3n se han invitados a 8 centros a exponer y explicar a los asistentes los diferentes proyectos y buscar colaboraci\u00f3n con otros centros educativos.<\/p>\n\n\n\n<p>Tambi\u00e9n hemos participado el 23 de abril en un webinar de la Red Estatal de entidades locales por el compostaje dom\u00e9stico y comunitario explicando el funcionamiento de nuestro proyecto.<\/p>\n\n\n\n<p>Estamos invitados a participar en el congreso anual que organiza la fundaci\u00f3n Juan XXIII dentro del proyecto Circular Lab que se celebrar\u00e1 el 18 de mayo. Los alumnos de 1A de Educaci\u00f3n Infantil est\u00e1n elaborando un v\u00eddeo para participar en el congreso. Como punto final a este congreso se est\u00e1 valorando que la sesi\u00f3n pr\u00e1ctica de este congreso se realice en nuestro instituto el 13 de Junio. Esta actividad consiste en la realizaci\u00f3n de talleres pr\u00e1cticos y se prev\u00e9 la participaci\u00f3n de docentes de otros centros educativos de Madrid y Espa\u00f1a.<\/p>\n\n\n\n<p><strong>Vigilantes de semillas<\/strong>.Participar\u00e1n alumnos de 1\u00ba de Educaci\u00f3n secundaria. En colaboraci\u00f3n con la red de huertos de la comunidad de Madrid y educar hoy por un Madrid m\u00e1s sostenible la idea es participar en este proyecto y utilizar el huerto como laboratorio para realizar actividades de sensibilizaci\u00f3n para la conservaci\u00f3n de semillas de variedad local ayudando a hacer frente a la p\u00e9rdida de biodiversidad y cultural. A la vez que aumentamos la agrodiversidad del huerto escolar, favoreciendo un huerto m\u00e1s saludable y sostenible. Sembraremos: Tomate enano de Arganda, Pimiento de Aranjuez y Mel\u00f3n azul de Villaconejos. Est\u00e1 previsto dejar el riego en funcionamiento durante el per\u00edodo veraniego.<\/p>\n\n\n\n<p><strong>Realidad aumentada<\/strong>. El proyecto de realidad aumentada sigue en marcha. En enero le dimos a Mario los datos que nos pidi\u00f3 y contin\u00faan con el trabajo. Los alumnos de M\u00f3nica han recogido los datos a lo largo del curso para poder hacer las predicciones y los alumnos de inform\u00e1tica est\u00e1n aprendiendo a programar la aplicaci\u00f3n. La idea es que los alumnos de inform\u00e1tica se acerquen alg\u00fan d\u00eda por la ma\u00f1ana al centro y les ense\u00f1en a los alumnos de M\u00f3nica la aplicaci\u00f3n.<\/p>\n\n\n\n<p><strong>Did\u00e1ctica<\/strong>. Educaci\u00f3n Infantil.<\/p>\n\n\n\n<p><strong>Matem\u00e1ticas<\/strong>.<\/p>\n","protected":false},"excerpt":{"rendered":"<p>&nbsp;&nbsp;&nbsp;&nbsp;&nbsp;&nbsp;&nbsp;&nbsp;&nbsp;&nbsp;&nbsp;&nbsp;&nbsp;&nbsp;&nbsp;&nbsp;&nbsp;&nbsp;&nbsp;&nbsp;&nbsp; Por segundo a\u00f1o consecutivo Tipos de actividades realizadas dentro del Proyecto Huerto Escolar Ecol\u00f3gico Actividades hort\u00edcolas: Grupos de Secundaria, 1A de Educaci\u00f3n Infantil. Avistamiento de aves. Bachillerato y 4\u00baESO. &#8230;<\/p>\n","protected":false},"author":1126,"featured_media":0,"parent":0,"menu_order":0,"comment_status":"closed","ping_status":"closed","template":"fullwidth-template.php","meta":{"footnotes":""},"folder":[],"class_list":["post-3912","page","type-page","status-publish","hentry"],"rttpg_featured_image_url":null,"rttpg_author":{"display_name":"Huerto Villablanca","author_link":"https:\/\/site.educa.madrid.org\/ies.villablanca.madrid\/index.php\/author\/pascual_limn-aguado\/"},"rttpg_comment":0,"rttpg_category":false,"rttpg_excerpt":"&nbsp;&nbsp;&nbsp;&nbsp;&nbsp;&nbsp;&nbsp;&nbsp;&nbsp;&nbsp;&nbsp;&nbsp;&nbsp;&nbsp;&nbsp;&nbsp;&nbsp;&nbsp;&nbsp;&nbsp;&nbsp; Por segundo a\u00f1o consecutivo Tipos de actividades realizadas dentro del Proyecto Huerto Escolar Ecol\u00f3gico Actividades hort\u00edcolas: Grupos de Secundaria, 1A de Educaci\u00f3n Infantil. Avistamiento de aves. Bachillerato y 4\u00baESO. ...","post_mailing_queue_ids":[],"_links":{"self":[{"href":"https:\/\/site.educa.madrid.org\/ies.villablanca.madrid\/index.php\/wp-json\/wp\/v2\/pages\/3912","targetHints":{"allow":["GET"]}}],"collection":[{"href":"https:\/\/site.educa.madrid.org\/ies.villablanca.madrid\/index.php\/wp-json\/wp\/v2\/pages"}],"about":[{"href":"https:\/\/site.educa.madrid.org\/ies.villablanca.madrid\/index.php\/wp-json\/wp\/v2\/types\/page"}],"author":[{"embeddable":true,"href":"https:\/\/site.educa.madrid.org\/ies.villablanca.madrid\/index.php\/wp-json\/wp\/v2\/users\/1126"}],"replies":[{"embeddable":true,"href":"https:\/\/site.educa.madrid.org\/ies.villablanca.madrid\/index.php\/wp-json\/wp\/v2\/comments?post=3912"}],"version-history":[{"count":26,"href":"https:\/\/site.educa.madrid.org\/ies.villablanca.madrid\/index.php\/wp-json\/wp\/v2\/pages\/3912\/revisions"}],"predecessor-version":[{"id":8632,"href":"https:\/\/site.educa.madrid.org\/ies.villablanca.madrid\/index.php\/wp-json\/wp\/v2\/pages\/3912\/revisions\/8632"}],"wp:attachment":[{"href":"https:\/\/site.educa.madrid.org\/ies.villablanca.madrid\/index.php\/wp-json\/wp\/v2\/media?parent=3912"}],"wp:term":[{"taxonomy":"folder","embeddable":true,"href":"https:\/\/site.educa.madrid.org\/ies.villablanca.madrid\/index.php\/wp-json\/wp\/v2\/folder?post=3912"}],"curies":[{"name":"wp","href":"https:\/\/api.w.org\/{rel}","templated":true}]}}