{"id":406,"date":"2020-07-20T07:45:58","date_gmt":"2020-07-20T07:45:58","guid":{"rendered":"https:\/\/site.educa.madrid.org\/ies.villablanca.madrid\/?page_id=406"},"modified":"2025-11-28T13:14:18","modified_gmt":"2025-11-28T12:14:18","slug":"departamento-de-fisica-y-quimica","status":"publish","type":"page","link":"https:\/\/site.educa.madrid.org\/ies.villablanca.madrid\/index.php\/departamento-de-fisica-y-quimica\/","title":{"rendered":"Departamento de F\u00edsica y Qu\u00edmica"},"content":{"rendered":"\n<p><a href=\"https:\/\/site.educa.madrid.org\/ies.villablanca.madrid\/\/wp-content\/uploads\/ies.villablanca.madrid\/2025\/11\/Programacion-de-Fisica-y-quimica.-2025-2026.-2-ESO.doc\">Programacion de Fisica y quimica. 2025-2026. 2-ESO<\/a><\/p>\n\n\n\n<p><a href=\"https:\/\/site.educa.madrid.org\/ies.villablanca.madrid\/\/wp-content\/uploads\/ies.villablanca.madrid\/2025\/11\/Programacion-de-Fisica-y-quimica.-2025-2026.-3-ESO-doc.doc\">Programacion de Fisica y quimica. 2025-2026.-3-ESO.<\/a><\/p>\n\n\n\n<p><a href=\"https:\/\/site.educa.madrid.org\/ies.villablanca.madrid\/\/wp-content\/uploads\/ies.villablanca.madrid\/2025\/11\/Programacion-de-Fisica-y-quimica.-2025-2026.-4ESOdoc.doc\">Programaci\u00f3n de f\u00edsica y qu\u00edmica 2025-2026 &#8211; 4 eso<\/a><\/p>\n\n\n\n<p><a href=\"https:\/\/site.educa.madrid.org\/ies.villablanca.madrid\/\/wp-content\/uploads\/ies.villablanca.madrid\/2025\/11\/Programacion-de-Fisica-y-quimica.-2025-2026.1-Bachillerato.doc\">Programaci\u00f3n de f\u00edsica y qu\u00edmica 2025-2026 &#8211; 1 Bach<\/a><\/p>\n\n\n\n<p><a href=\"https:\/\/site.educa.madrid.org\/ies.villablanca.madrid\/\/wp-content\/uploads\/ies.villablanca.madrid\/2025\/11\/Programacion-de-Fisica-y-quimica.-Quimica.-2025-2026.doc\">Programaci\u00f3n de f\u00edsica y qu\u00edmica 2025-2026 &#8211; 2 Bach Qu\u00edmica<\/a><\/p>\n\n\n\n<p><a href=\"https:\/\/site.educa.madrid.org\/ies.villablanca.madrid\/\/wp-content\/uploads\/ies.villablanca.madrid\/2025\/11\/Programacion-de-Fisica-y-quimica.-Fisica-2025-2026.doc\">Programaci\u00f3n de f\u00edsica y qu\u00edmica 2025-2026 &#8211; 2 Bach F\u00edsica<\/a><\/p>\n\n\n\n<p><\/p>\n\n\n\n<p><\/p>\n\n\n\n<p><\/p>\n\n\n\n<p><\/p>\n\n\n\n<p><\/p>\n\n\n\n<div class=\"wp-block-group\"><div class=\"wp-block-group__inner-container is-layout-flow wp-block-group-is-layout-flow\"><\/div><\/div>\n\n\n\n<p><\/p>\n\n\n\n<p><\/p>\n\n\n\n<p><\/p>\n\n\n\n<figure class=\"wp-block-gallery has-nested-images columns-default is-cropped wp-block-gallery-1 is-layout-flex wp-block-gallery-is-layout-flex\"><\/figure>\n","protected":false},"excerpt":{"rendered":"<p>Programacion de Fisica y quimica. 2025-2026. 2-ESO Programacion de Fisica y quimica. 2025-2026.-3-ESO. Programaci\u00f3n de f\u00edsica y qu\u00edmica 2025-2026 &#8211; 4 eso Programaci\u00f3n de f\u00edsica y qu\u00edmica 2025-2026 &#8211; 1 &#8230;<\/p>\n","protected":false},"author":19,"featured_media":0,"parent":0,"menu_order":0,"comment_status":"closed","ping_status":"closed","template":"","meta":{"footnotes":""},"folder":[],"class_list":["post-406","page","type-page","status-publish","hentry"],"rttpg_featured_image_url":null,"rttpg_author":{"display_name":"Departamento F\u00edsica y Qu\u00edmica IES Villablanca","author_link":"https:\/\/site.educa.madrid.org\/ies.villablanca.madrid\/index.php\/author\/cuenta_depfisicaquimica-ies-villablanca-madrid\/"},"rttpg_comment":0,"rttpg_category":false,"rttpg_excerpt":"Programacion de Fisica y quimica. 2025-2026. 2-ESO Programacion de Fisica y quimica. 2025-2026.-3-ESO. Programaci\u00f3n de f\u00edsica y qu\u00edmica 2025-2026 &#8211; 4 eso Programaci\u00f3n de f\u00edsica y qu\u00edmica 2025-2026 &#8211; 1 ...","post_mailing_queue_ids":[],"_links":{"self":[{"href":"https:\/\/site.educa.madrid.org\/ies.villablanca.madrid\/index.php\/wp-json\/wp\/v2\/pages\/406","targetHints":{"allow":["GET"]}}],"collection":[{"href":"https:\/\/site.educa.madrid.org\/ies.villablanca.madrid\/index.php\/wp-json\/wp\/v2\/pages"}],"about":[{"href":"https:\/\/site.educa.madrid.org\/ies.villablanca.madrid\/index.php\/wp-json\/wp\/v2\/types\/page"}],"author":[{"embeddable":true,"href":"https:\/\/site.educa.madrid.org\/ies.villablanca.madrid\/index.php\/wp-json\/wp\/v2\/users\/19"}],"replies":[{"embeddable":true,"href":"https:\/\/site.educa.madrid.org\/ies.villablanca.madrid\/index.php\/wp-json\/wp\/v2\/comments?post=406"}],"version-history":[{"count":50,"href":"https:\/\/site.educa.madrid.org\/ies.villablanca.madrid\/index.php\/wp-json\/wp\/v2\/pages\/406\/revisions"}],"predecessor-version":[{"id":10295,"href":"https:\/\/site.educa.madrid.org\/ies.villablanca.madrid\/index.php\/wp-json\/wp\/v2\/pages\/406\/revisions\/10295"}],"wp:attachment":[{"href":"https:\/\/site.educa.madrid.org\/ies.villablanca.madrid\/index.php\/wp-json\/wp\/v2\/media?parent=406"}],"wp:term":[{"taxonomy":"folder","embeddable":true,"href":"https:\/\/site.educa.madrid.org\/ies.villablanca.madrid\/index.php\/wp-json\/wp\/v2\/folder?post=406"}],"curies":[{"name":"wp","href":"https:\/\/api.w.org\/{rel}","templated":true}]}}